INSERT INTO `notification_history` (`id`, `user_id`, `notification_data`, `is_seen`, `created_at`, `modified_at`, `notification_type`, `notification_code`, `app_notification_data`, `is_site_notification`) VALUES
(29843, 183, '{"data":{"notification_title":"A djha submitted in project 7340-19 \\/ Magnolia Valley Pump Station.","notification_body":"","notification_click_action":"djha-list","query_params":{"list":"","site":2,"project":37,"project_id_required":true,"notification_module_code":"DJHA","notification_id":29843}}}', 0, '2020-09-09 06:49:12', '2020-09-09 06:49:12', '', '1599648552djha-list183', NULL, 1),
(29844, 197, '{"data":{"notification_title":"A djha submitted in project 7340-19 \\/ Magnolia Valley Pump Station.","notification_body":"","notification_click_action":"djha-list","query_params":{"list":"","site":2,"project":37,"project_id_required":true,"notification_module_code":"DJHA","notification_id":29844}}}', 0, '2020-09-09 06:49:12', '2020-09-09 06:49:12', '', '1599648552djha-list197', NULL, 1),
(29845, 215, '{"data":{"notification_title":"A djha submitted in project 7340-19 \\/ Magnolia Valley Pump Station.","notification_body":"","notification_click_action":"djha-list","query_params":{"list":"","site":2,"project":37,"project_id_required":true,"notification_module_code":"DJHA","notification_id":29845}}}', 0, '2020-09-09 06:49:12', '2020-09-09 06:49:12', '', '1599648552djha-list215', NULL, 1),
(29846, 183, '{"data":{"notification_title":"Time Sheet submitted for date 2020-09-02 in project 7340-19 \\/ Magnolia Valley Pump Station","notification_body":"","notification_click_action":"timesheet","query_params":{"list":"","project_id_required":true,"site":2,"project":37,"time_sheet_date":"2020-09-02","notification_module_code":"TIMESHEET","notification_id":29846}}}', 0, '2020-09-09 06:49:12', '2020-09-09 06:49:12', '', '1599648552timesheet183', NULL, 1),
(29847, 197, '{"data":{"notification_title":"Time Sheet submitted for date 2020-09-02 in project 7340-19 \\/ Magnolia Valley Pump Station","notification_body":"","notification_click_action":"timesheet","query_params":{"list":"","project_id_required":true,"site":2,"project":37,"time_sheet_date":"2020-09-02","notification_module_code":"TIMESHEET","notification_id":29847}}}', 0, '2020-09-09 06:49:12', '2020-09-09 06:49:12', '', '1599648552timesheet197', NULL, 1),
(29848, 215, '{"data":{"notification_title":"Time Sheet submitted for date 2020-09-02 in project 7340-19 \\/ Magnolia Valley Pump Station","notification_body":"","notification_click_action":"timesheet","query_params":{"list":"","project_id_required":true,"site":2,"project":37,"time_sheet_date":"2020-09-02","notification_module_code":"TIMESHEET","notification_id":29848}}}', 0, '2020-09-09 06:49:12', '2020-09-09 06:49:12', '', '1599648552timesheet215', NULL, 1),
(29849, 183, '{"data":{"notification_title":"A djha submitted in project 7340-19 \\/ Magnolia Valley Pump Station.","notification_body":"","notification_click_action":"djha-list","query_params":{"list":"","site":2,"project":37,"project_id_required":true,"notification_module_code":"DJHA","notification_id":29849}}}', 0, '2020-09-09 06:49:58', '2020-09-09 06:49:58', '', '1599648598djha-list183', NULL, 1),
(29850, 197, '{"data":{"notification_title":"A djha submitted in project 7340-19 \\/ Magnolia Valley Pump Station.","notification_body":"","notification_click_action":"djha-list","query_params":{"list":"","site":2,"project":37,"project_id_required":true,"notification_module_code":"DJHA","notification_id":29850}}}', 0, '2020-09-09 06:49:58', '2020-09-09 06:49:58', '', '1599648598djha-list197', NULL, 1),
(29851, 215, '{"data":{"notification_title":"A djha submitted in project 7340-19 \\/ Magnolia Valley Pump Station.","notification_body":"","notification_click_action":"djha-list","query_params":{"list":"","site":2,"project":37,"project_id_required":true,"notification_module_code":"DJHA","notification_id":29851}}}', 0, '2020-09-09 06:49:58', '2020-09-09 06:49:58', '', '1599648598djha-list215', NULL, 1),
(29852, 183, '{"data":{"notification_title":"Time Sheet submitted for date 2020-09-03 in project 7340-19 \\/ Magnolia Valley Pump Station","notification_body":"","notification_click_action":"timesheet","query_params":{"list":"","project_id_required":true,"site":2,"project":37,"time_sheet_date":"2020-09-03","notification_module_code":"TIMESHEET","notification_id":29852}}}', 0, '2020-09-09 06:49:58', '2020-09-09 06:49:58', '', '1599648598timesheet183', NULL, 1),
(29853, 197, '{"data":{"notification_title":"Time Sheet submitted for date 2020-09-03 in project 7340-19 \\/ Magnolia Valley Pump Station","notification_body":"","notification_click_action":"timesheet","query_params":{"list":"","project_id_required":true,"site":2,"project":37,"time_sheet_date":"2020-09-03","notification_module_code":"TIMESHEET","notification_id":29853}}}', 0, '2020-09-09 06:49:58', '2020-09-09 06:49:58', '', '1599648598timesheet197', NULL, 1),
(29854, 215, '{"data":{"notification_title":"Time Sheet submitted for date 2020-09-03 in project 7340-19 \\/ Magnolia Valley Pump Station","notification_body":"","notification_click_action":"timesheet","query_params":{"list":"","project_id_required":true,"site":2,"project":37,"time_sheet_date":"2020-09-03","notification_module_code":"TIMESHEET","notification_id":29854}}}', 0, '2020-09-09 06:49:59', '2020-09-09 06:49:59', '', '1599648598timesheet215', NULL, 1),
(29855, 183, '{"data":{"notification_title":"A djha submitted in project 7340-19 \\/ Magnolia Valley Pump Station.","notification_body":"","notification_click_action":"djha-list","query_params":{"list":"","site":2,"project":37,"project_id_required":true,"notification_module_code":"DJHA","notification_id":29855}}}', 0, '2020-09-09 06:50:17', '2020-09-09 06:50:17', '', '1599648617djha-list183', NULL, 1),
(29856, 197, '{"data":{"notification_title":"A djha submitted in project 7340-19 \\/ Magnolia Valley Pump Station.","notification_body":"","notification_click_action":"djha-list","query_params":{"list":"","site":2,"project":37,"project_id_required":true,"notification_module_code":"DJHA","notification_id":29856}}}', 0, '2020-09-09 06:50:17', '2020-09-09 06:50:17', '', '1599648617djha-list197', NULL, 1),
(29857, 215, '{"data":{"notification_title":"A djha submitted in project 7340-19 \\/ Magnolia Valley Pump Station.","notification_body":"","notification_click_action":"djha-list","query_params":{"list":"","site":2,"project":37,"project_id_required":true,"notification_module_code":"DJHA","notification_id":29857}}}', 0, '2020-09-09 06:50:17', '2020-09-09 06:50:17', '', '1599648617djha-list215', NULL, 1),
(29858, 183, '{"data":{"notification_title":"Time Sheet submitted for date 2020-09-04 in project 7340-19 \\/ Magnolia Valley Pump Station","notification_body":"","notification_click_action":"timesheet","query_params":{"list":"","project_id_required":true,"site":2,"project":37,"time_sheet_date":"2020-09-04","notification_module_code":"TIMESHEET","notification_id":29858}}}', 0, '2020-09-09 06:50:17', '2020-09-09 06:50:17', '', '1599648617timesheet183', NULL, 1),
(29859, 197, '{"data":{"notification_title":"Time Sheet submitted for date 2020-09-04 in project 7340-19 \\/ Magnolia Valley Pump Station","notification_body":"","notification_click_action":"timesheet","query_params":{"list":"","project_id_required":true,"site":2,"project":37,"time_sheet_date":"2020-09-04","notification_module_code":"TIMESHEET","notification_id":29859}}}', 0, '2020-09-09 06:50:17', '2020-09-09 06:50:17', '', '1599648617timesheet197', NULL, 1),
(29860, 215, '{"data":{"notification_title":"Time Sheet submitted for date 2020-09-04 in project 7340-19 \\/ Magnolia Valley Pump Station","notification_body":"","notification_click_action":"timesheet","query_params":{"list":"","project_id_required":true,"site":2,"project":37,"time_sheet_date":"2020-09-04","notification_module_code":"TIMESHEET","notification_id":29860}}}', 0, '2020-09-09 06:50:17', '2020-09-09 06:50:18', '', '1599648617timesheet215', NULL, 1),
(29861, 268, '{"data":{"notification_title":"Tool box talk added in project 3000-17 \\/ Maimi Bridge Project","notification_body":"","notification_click_action":"toolbox-talk","query_params":{"list":"","site":15,"project":41,"notification_module_code":"TOOL_BOX_TALK_LIST","notification_id":29861}}}', 0, '2020-09-09 06:50:29', '2020-09-09 06:50:29', '', '1599648628toolbox-talk268', NULL, 1),
(29862, 183, '{"data":{"notification_title":"A djha submitted in project 7340-19 \\/ Magnolia Valley Pump Station.","notification_body":"","notification_click_action":"djha-list","query_params":{"list":"","site":2,"project":37,"project_id_required":true,"notification_module_code":"DJHA","notification_id":29862}}}', 0, '2020-09-09 06:50:33', '2020-09-09 06:50:33', '', '1599648632djha-list183', NULL, 1),
(29863, 197, '{"data":{"notification_title":"A djha submitted in project 7340-19 \\/ Magnolia Valley Pump Station.","notification_body":"","notification_click_action":"djha-list","query_params":{"list":"","site":2,"project":37,"project_id_required":true,"notification_module_code":"DJHA","notification_id":29863}}}', 0, '2020-09-09 06:50:33', '2020-09-09 06:50:33', '', '1599648632djha-list197', NULL, 1),
(29864, 215, '{"data":{"notification_title":"A djha submitted in project 7340-19 \\/ Magnolia Valley Pump Station.","notification_body":"","notification_click_action":"djha-list","query_params":{"list":"","site":2,"project":37,"project_id_required":true,"notification_module_code":"DJHA","notification_id":29864}}}', 0, '2020-09-09 06:50:33', '2020-09-09 06:50:33', '', '1599648632djha-list215', NULL, 1),
(29865, 183, '{"data":{"notification_title":"Time Sheet submitted for date 2020-09-08 in project 7340-19 \\/ Magnolia Valley Pump Station","notification_body":"","notification_click_action":"timesheet","query_params":{"list":"","project_id_required":true,"site":2,"project":37,"time_sheet_date":"2020-09-08","notification_module_code":"TIMESHEET","notification_id":29865}}}', 0, '2020-09-09 06:50:33', '2020-09-09 06:50:33', '', '1599648633timesheet183', NULL, 1),
(29866, 197, '{"data":{"notification_title":"Time Sheet submitted for date 2020-09-08 in project 7340-19 \\/ Magnolia Valley Pump Station","notification_body":"","notification_click_action":"timesheet","query_params":{"list":"","project_id_required":true,"site":2,"project":37,"time_sheet_date":"2020-09-08","notification_module_code":"TIMESHEET","notification_id":29866}}}', 0, '2020-09-09 06:50:33', '2020-09-09 06:50:33', '', '1599648633timesheet197', NULL, 1),
(29867, 215, '{"data":{"notification_title":"Time Sheet submitted for date 2020-09-08 in project 7340-19 \\/ Magnolia Valley Pump Station","notification_body":"","notification_click_action":"timesheet","query_params":{"list":"","project_id_required":true,"site":2,"project":37,"time_sheet_date":"2020-09-08","notification_module_code":"TIMESHEET","notification_id":29867}}}', 0, '2020-09-09 06:50:33', '2020-09-09 06:50:33', '', '1599648633timesheet215', NULL, 1),
(29868, 268, '{"data":{"notification_title":"A djha submitted in project 3420-19 \\/ G-420 Pump Station.","notification_body":"","notification_click_action":"djha-list","query_params":{"list":"","site":15,"project":39,"project_id_required":true,"notification_module_code":"DJHA","notification_id":29868}}}', 0, '2020-09-09 07:46:36', '2020-09-09 07:46:36', '', '1599651996djha-list268', NULL, 1),
(29869, 268, '{"data":{"notification_title":"Time Sheet submitted for date 2020-09-08 in project 3420-19 \\/ G-420 Pump Station","notification_body":"","notification_click_action":"timesheet","query_params":{"list":"","project_id_required":true,"site":15,"project":39,"time_sheet_date":"2020-09-08","notification_module_code":"TIMESHEET","notification_id":29869}}}', 0, '2020-09-09 07:46:36', '2020-09-09 07:46:36', '', '1599651996timesheet268', NULL, 1),
(29870, 183, '{"data":{"notification_title":"Confined space checklist submitted in project 7480-19 \\/ Rocky Creek Wastewater Expansion","notification_body":"","notification_click_action":"confined-space","query_params":{"list":"","site":2,"project":"36","notification_module_code":"CONFINED_SPACE_PRE_ENTRY_CHECKLIST","notification_id":29870}}}', 0, '2020-09-09 07:48:27', '2020-09-09 07:48:27', '', '1599652107confined-space183', NULL, 1),
(29871, 188, '{"data":{"notification_title":"Confined space checklist submitted in project 7480-19 \\/ Rocky Creek Wastewater Expansion","notification_body":"","notification_click_action":"confined-space","query_params":{"list":"","site":2,"project":"36","notification_module_code":"CONFINED_SPACE_PRE_ENTRY_CHECKLIST","notification_id":29871}}}', 0, '2020-09-09 07:48:27', '2020-09-09 07:48:27', '', '1599652107confined-space188', NULL, 1),
(29872, 197, '{"data":{"notification_title":"Confined space checklist submitted in project 7480-19 \\/ Rocky Creek Wastewater Expansion","notification_body":"","notification_click_action":"confined-space","query_params":{"list":"","site":2,"project":"36","notification_module_code":"CONFINED_SPACE_PRE_ENTRY_CHECKLIST","notification_id":29872}}}', 0, '2020-09-09 07:48:27', '2020-09-09 07:48:27', '', '1599652107confined-space197', NULL, 1),
(29873, 215, '{"data":{"notification_title":"Confined space checklist submitted in project 7480-19 \\/ Rocky Creek Wastewater Expansion","notification_body":"","notification_click_action":"confined-space","query_params":{"list":"","site":2,"project":"36","notification_module_code":"CONFINED_SPACE_PRE_ENTRY_CHECKLIST","notification_id":29873}}}', 0, '2020-09-09 07:48:27', '2020-09-09 07:48:27', '', '1599652107confined-space215', NULL, 1),
(29874, 265, '{"data":{"notification_title":"A djha submitted in project NJ1 - 001.","notification_body":"","notification_click_action":"djha-list","query_params":{"list":"","site":10,"project":26,"project_id_required":true,"notification_module_code":"DJHA","notification_id":29874}}}', 0, '2020-09-09 11:11:55', '2020-09-09 11:11:55', '', '1599664315djha-list265', NULL, 1),
(29875, 265, '{"data":{"notification_title":"Time Sheet submitted for date 2020-07-24 in project NJ1 - 001","notification_body":"","notification_click_action":"timesheet","query_params":{"list":"","project_id_required":true,"site":10,"project":26,"time_sheet_date":"2020-07-24","notification_module_code":"TIMESHEET","notification_id":29875}}}', 0, '2020-09-09 11:11:55', '2020-09-09 11:11:55', '', '1599664315timesheet265', NULL, 1),
(29876, 221, '{"data":{"notification_title":"Site New Jersey assigned to Bobby  Wynn Sr","notification_body":"","notification_click_action":"employee","query_params":{"list":"","project_id_required":false,"notification_module_code":"MANAGE_USER","notification_id":29876}}}', 0, '2020-09-09 11:14:53', '2020-09-09 11:14:53', '', '1599664493employee221', NULL, 1),
(29877, 195, '{"data":{"notification_title":"Time Sheet Submitted.","notification_body":"","notification_click_action":"timesheet","query_params":{"list":"","site":4,"project":"10","notification_module_code":"TIMESHEET","notification_id":29877}}}', 0, '2020-09-09 11:44:28', '2020-09-09 11:44:28', '', '1599666268timesheet195', NULL, 1),
(29878, 216, '{"data":{"notification_title":"Time Sheet Submitted.","notification_body":"","notification_click_action":"timesheet","query_params":{"list":"","site":4,"project":"10","notification_module_code":"TIMESHEET","notification_id":29878}}}', 0, '2020-09-09 11:44:28', '2020-09-09 11:44:28', '', '1599666268timesheet216', NULL, 1),
(29879, 221, '{"data":{"notification_title":"A djha submitted in project NJ3 - 003.","notification_body":"","notification_click_action":"djha-list","query_params":{"list":"","site":10,"project":54,"project_id_required":true,"notification_module_code":"DJHA","notification_id":29879}}}', 0, '2020-09-09 11:56:14', '2020-09-09 11:56:14', '', '1599666974djha-list221', NULL, 1),
(29880, 221, '{"data":{"notification_title":"Time Sheet submitted for date 2020-09-09 in project NJ3 - 003","notification_body":"","notification_click_action":"timesheet","query_params":{"list":"","project_id_required":true,"site":10,"project":54,"time_sheet_date":"2020-09-09","notification_module_code":"TIMESHEET","notification_id":29880}}}', 0, '2020-09-09 11:56:14', '2020-09-09 11:56:14', '', '1599666974timesheet221', NULL, 1),
(29881, 183, '{"data":{"notification_title":"Time Sheet submitted for project 7340-19 \\/ Magnolia Valley Pump Station on date 2020-08-31 has been approved by General Suprintendent Brian Driggers","notification_body":"","notification_click_action":"timesheet","query_params":{"list":"","project_id_required":true,"site":2,"project":37,"time_sheet_date":"2020-08-31","notification_module_code":"TIMESHEET","notification_id":29881}}}', 0, '2020-09-09 14:50:29', '2020-09-09 14:50:29', '', '1599677429timesheet183', NULL, 1),
(29882, 197, '{"data":{"notification_title":"Time Sheet submitted for project 7340-19 \\/ Magnolia Valley Pump Station on date 2020-08-31 has been approved by General Suprintendent Brian Driggers","notification_body":"","notification_click_action":"timesheet","query_params":{"list":"","project_id_required":true,"site":2,"project":37,"time_sheet_date":"2020-08-31","notification_module_code":"TIMESHEET","notification_id":29882}}}', 0, '2020-09-09 14:50:29', '2020-09-09 14:50:29', '', '1599677429timesheet197', NULL, 1),
(29883, 215, '{"data":{"notification_title":"Time Sheet submitted for project 7340-19 \\/ Magnolia Valley Pump Station on date 2020-08-31 has been approved by General Suprintendent Brian Driggers","notification_body":"","notification_click_action":"timesheet","query_params":{"list":"","project_id_required":true,"site":2,"project":37,"time_sheet_date":"2020-08-31","notification_module_code":"TIMESHEET","notification_id":29883}}}', 0, '2020-09-09 14:50:29', '2020-09-09 14:50:29', '', '1599677429timesheet215', NULL, 1),
(29884, 183, '{"data":{"notification_title":"Time Sheet submitted for project 7340-19 \\/ Magnolia Valley Pump Station on date 2020-09-01 has been approved by General Suprintendent Brian Driggers","notification_body":"","notification_click_action":"timesheet","query_params":{"list":"","project_id_required":true,"site":2,"project":37,"time_sheet_date":"2020-09-01","notification_module_code":"TIMESHEET","notification_id":29884}}}', 0, '2020-09-09 14:50:32', '2020-09-09 14:50:32', '', '1599677432timesheet183', NULL, 1),
(29885, 197, '{"data":{"notification_title":"Time Sheet submitted for project 7340-19 \\/ Magnolia Valley Pump Station on date 2020-09-01 has been approved by General Suprintendent Brian Driggers","notification_body":"","notification_click_action":"timesheet","query_params":{"list":"","project_id_required":true,"site":2,"project":37,"time_sheet_date":"2020-09-01","notification_module_code":"TIMESHEET","notification_id":29885}}}', 0, '2020-09-09 14:50:32', '2020-09-09 14:50:32', '', '1599677432timesheet197', NULL, 1),
(29886, 215, '{"data":{"notification_title":"Time Sheet submitted for project 7340-19 \\/ Magnolia Valley Pump Station on date 2020-09-01 has been approved by General Suprintendent Brian Driggers","notification_body":"","notification_click_action":"timesheet","query_params":{"list":"","project_id_required":true,"site":2,"project":37,"time_sheet_date":"2020-09-01","notification_module_code":"TIMESHEET","notification_id":29886}}}', 0, '2020-09-09 14:50:33', '2020-09-09 14:50:33', '', '1599677432timesheet215', NULL, 1),
(29887, 183, '{"data":{"notification_title":"Time Sheet submitted for project 7340-19 \\/ Magnolia Valley Pump Station on date 2020-09-02 has been approved by General Suprintendent Brian Driggers","notification_body":"","notification_click_action":"timesheet","query_params":{"list":"","project_id_required":true,"site":2,"project":37,"time_sheet_date":"2020-09-02","notification_module_code":"TIMESHEET","notification_id":29887}}}', 0, '2020-09-09 14:50:36', '2020-09-09 14:50:36', '', '1599677436timesheet183', NULL, 1),
(29888, 197, '{"data":{"notification_title":"Time Sheet submitted for project 7340-19 \\/ Magnolia Valley Pump Station on date 2020-09-02 has been approved by General Suprintendent Brian Driggers","notification_body":"","notification_click_action":"timesheet","query_params":{"list":"","project_id_required":true,"site":2,"project":37,"time_sheet_date":"2020-09-02","notification_module_code":"TIMESHEET","notification_id":29888}}}', 0, '2020-09-09 14:50:36', '2020-09-09 14:50:36', '', '1599677436timesheet197', NULL, 1),
(29889, 215, '{"data":{"notification_title":"Time Sheet submitted for project 7340-19 \\/ Magnolia Valley Pump Station on date 2020-09-02 has been approved by General Suprintendent Brian Driggers","notification_body":"","notification_click_action":"timesheet","query_params":{"list":"","project_id_required":true,"site":2,"project":37,"time_sheet_date":"2020-09-02","notification_module_code":"TIMESHEET","notification_id":29889}}}', 0, '2020-09-09 14:50:36', '2020-09-09 14:50:36', '', '1599677436timesheet215', NULL, 1),
(29890, 183, '{"data":{"notification_title":"Time Sheet submitted for project 7340-19 \\/ Magnolia Valley Pump Station on date 2020-09-03 has been approved by General Suprintendent Brian Driggers","notification_body":"","notification_click_action":"timesheet","query_params":{"list":"","project_id_required":true,"site":2,"project":37,"time_sheet_date":"2020-09-03","notification_module_code":"TIMESHEET","notification_id":29890}}}', 0, '2020-09-09 14:50:40', '2020-09-09 14:50:40', '', '1599677440timesheet183', NULL, 1),
(29891, 197, '{"data":{"notification_title":"Time Sheet submitted for project 7340-19 \\/ Magnolia Valley Pump Station on date 2020-09-03 has been approved by General Suprintendent Brian Driggers","notification_body":"","notification_click_action":"timesheet","query_params":{"list":"","project_id_required":true,"site":2,"project":37,"time_sheet_date":"2020-09-03","notification_module_code":"TIMESHEET","notification_id":29891}}}', 0, '2020-09-09 14:50:41', '2020-09-09 14:50:41', '', '1599677440timesheet197', NULL, 1),
(29892, 215, '{"data":{"notification_title":"Time Sheet submitted for project 7340-19 \\/ Magnolia Valley Pump Station on date 2020-09-03 has been approved by General Suprintendent Brian Driggers","notification_body":"","notification_click_action":"timesheet","query_params":{"list":"","project_id_required":true,"site":2,"project":37,"time_sheet_date":"2020-09-03","notification_module_code":"TIMESHEET","notification_id":29892}}}', 0, '2020-09-09 14:50:41', '2020-09-09 14:50:41', '', '1599677440timesheet215', NULL, 1),
(29893, 183, '{"data":{"notification_title":"Time Sheet submitted for project 7340-19 \\/ Magnolia Valley Pump Station on date 2020-09-04 has been approved by General Suprintendent Brian Driggers","notification_body":"","notification_click_action":"timesheet","query_params":{"list":"","project_id_required":true,"site":2,"project":37,"time_sheet_date":"2020-09-04","notification_module_code":"TIMESHEET","notification_id":29893}}}', 0, '2020-09-09 14:50:45', '2020-09-09 14:50:45', '', '1599677445timesheet183', NULL, 1),
(29894, 197, '{"data":{"notification_title":"Time Sheet submitted for project 7340-19 \\/ Magnolia Valley Pump Station on date 2020-09-04 has been approved by General Suprintendent Brian Driggers","notification_body":"","notification_click_action":"timesheet","query_params":{"list":"","project_id_required":true,"site":2,"project":37,"time_sheet_date":"2020-09-04","notification_module_code":"TIMESHEET","notification_id":29894}}}', 0, '2020-09-09 14:50:45', '2020-09-09 14:50:45', '', '1599677445timesheet197', NULL, 1),
(29895, 215, '{"data":{"notification_title":"Time Sheet submitted for project 7340-19 \\/ Magnolia Valley Pump Station on date 2020-09-04 has been approved by General Suprintendent Brian Driggers","notification_body":"","notification_click_action":"timesheet","query_params":{"list":"","project_id_required":true,"site":2,"project":37,"time_sheet_date":"2020-09-04","notification_module_code":"TIMESHEET","notification_id":29895}}}', 0, '2020-09-09 14:50:45', '2020-09-09 14:50:45', '', '1599677445timesheet215', NULL, 1),
(29896, 183, '{"data":{"notification_title":"Time Sheet submitted for project 7480-19 \\/ Rocky Creek Wastewater Expansion on date 2020-08-31 has been approved by General Suprintendent Brian Driggers","notification_body":"","notification_click_action":"timesheet","query_params":{"list":"","project_id_required":true,"site":2,"project":36,"time_sheet_date":"2020-08-31","notification_module_code":"TIMESHEET","notification_id":29896}}}', 0, '2020-09-09 14:50:53', '2020-09-09 14:50:53', '', '1599677453timesheet183', NULL, 1),
(29897, 188, '{"data":{"notification_title":"Time Sheet submitted for project 7480-19 \\/ Rocky Creek Wastewater Expansion on date 2020-08-31 has been approved by General Suprintendent Brian Driggers","notification_body":"","notification_click_action":"timesheet","query_params":{"list":"","project_id_required":true,"site":2,"project":36,"time_sheet_date":"2020-08-31","notification_module_code":"TIMESHEET","notification_id":29897}}}', 0, '2020-09-09 14:50:53', '2020-09-09 14:50:53', '', '1599677453timesheet188', NULL, 1),
(29898, 197, '{"data":{"notification_title":"Time Sheet submitted for project 7480-19 \\/ Rocky Creek Wastewater Expansion on date 2020-08-31 has been approved by General Suprintendent Brian Driggers","notification_body":"","notification_click_action":"timesheet","query_params":{"list":"","project_id_required":true,"site":2,"project":36,"time_sheet_date":"2020-08-31","notification_module_code":"TIMESHEET","notification_id":29898}}}', 0, '2020-09-09 14:50:53', '2020-09-09 14:50:53', '', '1599677453timesheet197', NULL, 1),
(29899, 215, '{"data":{"notification_title":"Time Sheet submitted for project 7480-19 \\/ Rocky Creek Wastewater Expansion on date 2020-08-31 has been approved by General Suprintendent Brian Driggers","notification_body":"","notification_click_action":"timesheet","query_params":{"list":"","project_id_required":true,"site":2,"project":36,"time_sheet_date":"2020-08-31","notification_module_code":"TIMESHEET","notification_id":29899}}}', 0, '2020-09-09 14:50:53', '2020-09-09 14:50:53', '', '1599677453timesheet215', NULL, 1),
(29900, 183, '{"data":{"notification_title":"Time Sheet submitted for project 7480-19 \\/ Rocky Creek Wastewater Expansion on date 2020-09-01 has been approved by General Suprintendent Brian Driggers","notification_body":"","notification_click_action":"timesheet","query_params":{"list":"","project_id_required":true,"site":2,"project":36,"time_sheet_date":"2020-09-01","notification_module_code":"TIMESHEET","notification_id":29900}}}', 0, '2020-09-09 14:50:57', '2020-09-09 14:50:57', '', '1599677457timesheet183', NULL, 1),
(29901, 188, '{"data":{"notification_title":"Time Sheet submitted for project 7480-19 \\/ Rocky Creek Wastewater Expansion on date 2020-09-01 has been approved by General Suprintendent Brian Driggers","notification_body":"","notification_click_action":"timesheet","query_params":{"list":"","project_id_required":true,"site":2,"project":36,"time_sheet_date":"2020-09-01","notification_module_code":"TIMESHEET","notification_id":29901}}}', 0, '2020-09-09 14:50:57', '2020-09-09 14:50:57', '', '1599677457timesheet188', NULL, 1),
(29902, 197, '{"data":{"notification_title":"Time Sheet submitted for project 7480-19 \\/ Rocky Creek Wastewater Expansion on date 2020-09-01 has been approved by General Suprintendent Brian Driggers","notification_body":"","notification_click_action":"timesheet","query_params":{"list":"","project_id_required":true,"site":2,"project":36,"time_sheet_date":"2020-09-01","notification_module_code":"TIMESHEET","notification_id":29902}}}', 0, '2020-09-09 14:50:57', '2020-09-09 14:50:57', '', '1599677457timesheet197', NULL, 1),
(29903, 215, '{"data":{"notification_title":"Time Sheet submitted for project 7480-19 \\/ Rocky Creek Wastewater Expansion on date 2020-09-01 has been approved by General Suprintendent Brian Driggers","notification_body":"","notification_click_action":"timesheet","query_params":{"list":"","project_id_required":true,"site":2,"project":36,"time_sheet_date":"2020-09-01","notification_module_code":"TIMESHEET","notification_id":29903}}}', 0, '2020-09-09 14:50:57', '2020-09-09 14:50:57', '', '1599677457timesheet215', NULL, 1),
(29904, 183, '{"data":{"notification_title":"Time Sheet submitted for project 7480-19 \\/ Rocky Creek Wastewater Expansion on date 2020-09-02 has been approved by General Suprintendent Brian Driggers","notification_body":"","notification_click_action":"timesheet","query_params":{"list":"","project_id_required":true,"site":2,"project":36,"time_sheet_date":"2020-09-02","notification_module_code":"TIMESHEET","notification_id":29904}}}', 0, '2020-09-09 14:51:01', '2020-09-09 14:51:01', '', '1599677461timesheet183', NULL, 1),
(29905, 188, '{"data":{"notification_title":"Time Sheet submitted for project 7480-19 \\/ Rocky Creek Wastewater Expansion on date 2020-09-02 has been approved by General Suprintendent Brian Driggers","notification_body":"","notification_click_action":"timesheet","query_params":{"list":"","project_id_required":true,"site":2,"project":36,"time_sheet_date":"2020-09-02","notification_module_code":"TIMESHEET","notification_id":29905}}}', 0, '2020-09-09 14:51:01', '2020-09-09 14:51:01', '', '1599677461timesheet188', NULL, 1),
(29906, 197, '{"data":{"notification_title":"Time Sheet submitted for project 7480-19 \\/ Rocky Creek Wastewater Expansion on date 2020-09-02 has been approved by General Suprintendent Brian Driggers","notification_body":"","notification_click_action":"timesheet","query_params":{"list":"","project_id_required":true,"site":2,"project":36,"time_sheet_date":"2020-09-02","notification_module_code":"TIMESHEET","notification_id":29906}}}', 0, '2020-09-09 14:51:01', '2020-09-09 14:51:01', '', '1599677461timesheet197', NULL, 1),
(29907, 215, '{"data":{"notification_title":"Time Sheet submitted for project 7480-19 \\/ Rocky Creek Wastewater Expansion on date 2020-09-02 has been approved by General Suprintendent Brian Driggers","notification_body":"","notification_click_action":"timesheet","query_params":{"list":"","project_id_required":true,"site":2,"project":36,"time_sheet_date":"2020-09-02","notification_module_code":"TIMESHEET","notification_id":29907}}}', 0, '2020-09-09 14:51:01', '2020-09-09 14:51:01', '', '1599677461timesheet215', NULL, 1),
(29908, 183, '{"data":{"notification_title":"Time Sheet submitted for project 7480-19 \\/ Rocky Creek Wastewater Expansion on date 2020-09-03 has been approved by General Suprintendent Brian Driggers","notification_body":"","notification_click_action":"timesheet","query_params":{"list":"","project_id_required":true,"site":2,"project":36,"time_sheet_date":"2020-09-03","notification_module_code":"TIMESHEET","notification_id":29908}}}', 0, '2020-09-09 14:51:09', '2020-09-09 14:51:09', '', '1599677469timesheet183', NULL, 1),
(29909, 188, '{"data":{"notification_title":"Time Sheet submitted for project 7480-19 \\/ Rocky Creek Wastewater Expansion on date 2020-09-03 has been approved by General Suprintendent Brian Driggers","notification_body":"","notification_click_action":"timesheet","query_params":{"list":"","project_id_required":true,"site":2,"project":36,"time_sheet_date":"2020-09-03","notification_module_code":"TIMESHEET","notification_id":29909}}}', 0, '2020-09-09 14:51:09', '2020-09-09 14:51:09', '', '1599677469timesheet188', NULL, 1),
(29910, 197, '{"data":{"notification_title":"Time Sheet submitted for project 7480-19 \\/ Rocky Creek Wastewater Expansion on date 2020-09-03 has been approved by General Suprintendent Brian Driggers","notification_body":"","notification_click_action":"timesheet","query_params":{"list":"","project_id_required":true,"site":2,"project":36,"time_sheet_date":"2020-09-03","notification_module_code":"TIMESHEET","notification_id":29910}}}', 0, '2020-09-09 14:51:10', '2020-09-09 14:51:10', '', '1599677469timesheet197', NULL, 1),
(29911, 215, '{"data":{"notification_title":"Time Sheet submitted for project 7480-19 \\/ Rocky Creek Wastewater Expansion on date 2020-09-03 has been approved by General Suprintendent Brian Driggers","notification_body":"","notification_click_action":"timesheet","query_params":{"list":"","project_id_required":true,"site":2,"project":36,"time_sheet_date":"2020-09-03","notification_module_code":"TIMESHEET","notification_id":29911}}}', 0, '2020-09-09 14:51:10', '2020-09-09 14:51:10', '', '1599677469timesheet215', NULL, 1),
(29912, 183, '{"data":{"notification_title":"Time Sheet submitted for project 7480-19 \\/ Rocky Creek Wastewater Expansion on date 2020-09-04 has been approved by General Suprintendent Brian Driggers","notification_body":"","notification_click_action":"timesheet","query_params":{"list":"","project_id_required":true,"site":2,"project":36,"time_sheet_date":"2020-09-04","notification_module_code":"TIMESHEET","notification_id":29912}}}', 0, '2020-09-09 14:51:13', '2020-09-09 14:51:13', '', '1599677473timesheet183', NULL, 1),
(29913, 188, '{"data":{"notification_title":"Time Sheet submitted for project 7480-19 \\/ Rocky Creek Wastewater Expansion on date 2020-09-04 has been approved by General Suprintendent Brian Driggers","notification_body":"","notification_click_action":"timesheet","query_params":{"list":"","project_id_required":true,"site":2,"project":36,"time_sheet_date":"2020-09-04","notification_module_code":"TIMESHEET","notification_id":29913}}}', 0, '2020-09-09 14:51:13', '2020-09-09 14:51:13', '', '1599677473timesheet188', NULL, 1),
(29914, 197, '{"data":{"notification_title":"Time Sheet submitted for project 7480-19 \\/ Rocky Creek Wastewater Expansion on date 2020-09-04 has been approved by General Suprintendent Brian Driggers","notification_body":"","notification_click_action":"timesheet","query_params":{"list":"","project_id_required":true,"site":2,"project":36,"time_sheet_date":"2020-09-04","notification_module_code":"TIMESHEET","notification_id":29914}}}', 0, '2020-09-09 14:51:13', '2020-09-09 14:51:13', '', '1599677473timesheet197', NULL, 1),
(29915, 215, '{"data":{"notification_title":"Time Sheet submitted for project 7480-19 \\/ Rocky Creek Wastewater Expansion on date 2020-09-04 has been approved by General Suprintendent Brian Driggers","notification_body":"","notification_click_action":"timesheet","query_params":{"list":"","project_id_required":true,"site":2,"project":36,"time_sheet_date":"2020-09-04","notification_module_code":"TIMESHEET","notification_id":29915}}}', 0, '2020-09-09 14:51:13', '2020-09-09 14:51:13', '', '1599677473timesheet215', NULL, 1),
(29916, 183, '{"data":{"notification_title":"Time Sheet submitted for employee MattRyan Bohannan on date 2020-08-31 has been approved by HR","notification_body":"","notification_click_action":"timesheet","query_params":{"list":"","project_id_required":true,"site":2,"project":36,"time_sheet_date":"2020-08-31","notification_module_code":"TIMESHEET","notification_id":29916}}}', 0, '2020-09-09 14:52:07', '2020-09-09 14:52:07', '', '1599677527timesheet183', NULL, 1),
(29917, 188, '{"data":{"notification_title":"Time Sheet submitted for employee MattRyan Bohannan on date 2020-08-31 has been approved by HR","notification_body":"","notification_click_action":"timesheet","query_params":{"list":"","project_id_required":true,"site":2,"project":36,"time_sheet_date":"2020-08-31","notification_module_code":"TIMESHEET","notification_id":29917}}}', 0, '2020-09-09 14:52:07', '2020-09-09 14:52:07', '', '1599677527timesheet188', NULL, 1),
(29918, 197, '{"data":{"notification_title":"Time Sheet submitted for employee MattRyan Bohannan on date 2020-08-31 has been approved by HR","notification_body":"","notification_click_action":"timesheet","query_params":{"list":"","project_id_required":true,"site":2,"project":36,"time_sheet_date":"2020-08-31","notification_module_code":"TIMESHEET","notification_id":29918}}}', 0, '2020-09-09 14:52:07', '2020-09-09 14:52:07', '', '1599677527timesheet197', NULL, 1),
(29919, 215, '{"data":{"notification_title":"Time Sheet submitted for employee MattRyan Bohannan on date 2020-08-31 has been approved by HR","notification_body":"","notification_click_action":"timesheet","query_params":{"list":"","project_id_required":true,"site":2,"project":36,"time_sheet_date":"2020-08-31","notification_module_code":"TIMESHEET","notification_id":29919}}}', 0, '2020-09-09 14:52:08', '2020-09-09 14:52:08', '', '1599677527timesheet215', NULL, 1),
(29920, 183, '{"data":{"notification_title":"A djha submitted in project 7480-19 \\/ Rocky Creek Wastewater Expansion.","notification_body":"","notification_click_action":"djha-list","query_params":{"list":"","site":2,"project":36,"project_id_required":true,"notification_module_code":"DJHA","notification_id":29920}}}', 0, '2020-09-09 20:16:48', '2020-09-09 20:16:48', '', '1599697008djha-list183', NULL, 1),
(29921, 188, '{"data":{"notification_title":"A djha submitted in project 7480-19 \\/ Rocky Creek Wastewater Expansion.","notification_body":"","notification_click_action":"djha-list","query_params":{"list":"","site":2,"project":36,"project_id_required":true,"notification_module_code":"DJHA","notification_id":29921}}}', 0, '2020-09-09 20:16:48', '2020-09-09 20:16:48', '', '1599697008djha-list188', NULL, 1),
(29922, 197, '{"data":{"notification_title":"A djha submitted in project 7480-19 \\/ Rocky Creek Wastewater Expansion.","notification_body":"","notification_click_action":"djha-list","query_params":{"list":"","site":2,"project":36,"project_id_required":true,"notification_module_code":"DJHA","notification_id":29922}}}', 0, '2020-09-09 20:16:48', '2020-09-09 20:16:48', '', '1599697008djha-list197', NULL, 1),
(29923, 215, '{"data":{"notification_title":"A djha submitted in project 7480-19 \\/ Rocky Creek Wastewater Expansion.","notification_body":"","notification_click_action":"djha-list","query_params":{"list":"","site":2,"project":36,"project_id_required":true,"notification_module_code":"DJHA","notification_id":29923}}}', 0, '2020-09-09 20:16:48', '2020-09-09 20:16:48', '', '1599697008djha-list215', NULL, 1),
(29924, 183, '{"data":{"notification_title":"Time Sheet submitted for date 2020-09-09 in project 7480-19 \\/ Rocky Creek Wastewater Expansion","notification_body":"","notification_click_action":"timesheet","query_params":{"list":"","project_id_required":true,"site":2,"project":36,"time_sheet_date":"2020-09-09","notification_module_code":"TIMESHEET","notification_id":29924}}}', 0, '2020-09-09 20:16:48', '2020-09-09 20:16:48', '', '1599697008timesheet183', NULL, 1),
(29925, 188, '{"data":{"notification_title":"Time Sheet submitted for date 2020-09-09 in project 7480-19 \\/ Rocky Creek Wastewater Expansion","notification_body":"","notification_click_action":"timesheet","query_params":{"list":"","project_id_required":true,"site":2,"project":36,"time_sheet_date":"2020-09-09","notification_module_code":"TIMESHEET","notification_id":29925}}}', 0, '2020-09-09 20:16:48', '2020-09-09 20:16:48', '', '1599697008timesheet188', NULL, 1),
(29926, 197, '{"data":{"notification_title":"Time Sheet submitted for date 2020-09-09 in project 7480-19 \\/ Rocky Creek Wastewater Expansion","notification_body":"","notification_click_action":"timesheet","query_params":{"list":"","project_id_required":true,"site":2,"project":36,"time_sheet_date":"2020-09-09","notification_module_code":"TIMESHEET","notification_id":29926}}}', 0, '2020-09-09 20:16:48', '2020-09-09 20:16:48', '', '1599697008timesheet197', NULL, 1),
(29927, 215, '{"data":{"notification_title":"Time Sheet submitted for date 2020-09-09 in project 7480-19 \\/ Rocky Creek Wastewater Expansion","notification_body":"","notification_click_action":"timesheet","query_params":{"list":"","project_id_required":true,"site":2,"project":36,"time_sheet_date":"2020-09-09","notification_module_code":"TIMESHEET","notification_id":29927}}}', 0, '2020-09-09 20:16:49', '2020-09-09 20:16:49', '', '1599697008timesheet215', NULL, 1),
(29928, 183, '{"data":{"notification_title":"Project 7770-20 \\/ Midnight Pass has been unassigned to Bobby  Wynn Jr.","notification_body":"","notification_click_action":"employee","query_params":{"list":"","project_id_required":false,"notification_module_code":"MANAGE_USER","notification_id":29928}}}', 0, '2020-09-09 22:43:01', '2020-09-09 22:43:01', '', '1599705781employee183', NULL, 1),
(29929, 202, '{"data":{"notification_title":"Project 7770-20 \\/ Midnight Pass has been unassigned to Bobby  Wynn Jr.","notification_body":"","notification_click_action":"employee","query_params":{"list":"","project_id_required":false,"notification_module_code":"MANAGE_USER","notification_id":29929}}}', 0, '2020-09-09 22:43:01', '2020-09-09 22:43:01', '', '1599705781employee202', NULL, 1),
(29930, 221, '{"data":{"notification_title":"Project 7770-20 \\/ Midnight Pass has been unassigned to Bobby  Wynn Jr.","notification_body":"","notification_click_action":"employee","query_params":{"list":"","project_id_required":false,"notification_module_code":"MANAGE_USER","notification_id":29930}}}', 0, '2020-09-09 22:43:01', '2020-09-09 22:43:01', '', '1599705781employee221', NULL, 1),
(29931, 268, '{"data":{"notification_title":"Project 3651-17 \\/ S-151 Structure Replacement has been unassigned to Bobby  Wynn Jr.","notification_body":"","notification_click_action":"employee","query_params":{"list":"","project_id_required":false,"notification_module_code":"MANAGE_USER","notification_id":29931}}}', 0, '2020-09-09 22:43:08', '2020-09-09 22:43:08', '', '1599705788employee268', NULL, 1),
(29932, 183, '{"data":{"notification_title":"A djha submitted in project 7770-20 \\/ Midnight Pass.","notification_body":"","notification_click_action":"djha-list","query_params":{"list":"","site":5,"project":56,"project_id_required":true,"notification_module_code":"DJHA","notification_id":29932}}}', 0, '2020-09-10 06:43:57', '2020-09-10 06:43:57', '', '1599734636djha-list183', NULL, 1),
(29933, 202, '{"data":{"notification_title":"A djha submitted in project 7770-20 \\/ Midnight Pass.","notification_body":"","notification_click_action":"djha-list","query_params":{"list":"","site":5,"project":56,"project_id_required":true,"notification_module_code":"DJHA","notification_id":29933}}}', 0, '2020-09-10 06:43:57', '2020-09-10 06:43:57', '', '1599734636djha-list202', NULL, 1),
(29934, 221, '{"data":{"notification_title":"A djha submitted in project 7770-20 \\/ Midnight Pass.","notification_body":"","notification_click_action":"djha-list","query_params":{"list":"","site":5,"project":56,"project_id_required":true,"notification_module_code":"DJHA","notification_id":29934}}}', 0, '2020-09-10 06:43:57', '2020-09-10 06:43:57', '', '1599734636djha-list221', NULL, 1),
(29935, 183, '{"data":{"notification_title":"Time Sheet submitted for date 2020-09-09 in project 7770-20 \\/ Midnight Pass","notification_body":"","notification_click_action":"timesheet","query_params":{"list":"","project_id_required":true,"site":5,"project":56,"time_sheet_date":"2020-09-09","notification_module_code":"TIMESHEET","notification_id":29935}}}', 0, '2020-09-10 06:43:57', '2020-09-10 06:43:57', '', '1599734637timesheet183', NULL, 1),
(29936, 202, '{"data":{"notification_title":"Time Sheet submitted for date 2020-09-09 in project 7770-20 \\/ Midnight Pass","notification_body":"","notification_click_action":"timesheet","query_params":{"list":"","project_id_required":true,"site":5,"project":56,"time_sheet_date":"2020-09-09","notification_module_code":"TIMESHEET","notification_id":29936}}}', 0, '2020-09-10 06:43:57', '2020-09-10 06:43:57', '', '1599734637timesheet202', NULL, 1),
(29937, 221, '{"data":{"notification_title":"Time Sheet submitted for date 2020-09-09 in project 7770-20 \\/ Midnight Pass","notification_body":"","notification_click_action":"timesheet","query_params":{"list":"","project_id_required":true,"site":5,"project":56,"time_sheet_date":"2020-09-09","notification_module_code":"TIMESHEET","notification_id":29937}}}', 0, '2020-09-10 06:43:57', '2020-09-10 06:43:57', '', '1599734637timesheet221', NULL, 1),
(29938, 222, '{"data":{"notification_title":"You have received employee Billy Joe Wynn transferred request in project 7720-19 Multi - Use Recreational Trail at Coon Key","notification_body":"","notification_click_action":"employee","query_params":{"list":"transferred","site":5,"project":"31","notification_module_code":"EMPLOYEE","notification_id":29938}}}', 1, '2020-09-10 06:44:30', '2020-09-10 07:09:52', '', '1599734670employee222', NULL, 1),
(29939, 183, '{"data":{"notification_title":"A djha submitted in project 7340-19 \\/ Magnolia Valley Pump Station.","notification_body":"","notification_click_action":"djha-list","query_params":{"list":"","site":2,"project":37,"project_id_required":true,"notification_module_code":"DJHA","notification_id":29939}}}', 0, '2020-09-10 06:50:37', '2020-09-10 06:50:37', '', '1599735037djha-list183', NULL, 1),
(29940, 197, '{"data":{"notification_title":"A djha submitted in project 7340-19 \\/ Magnolia Valley Pump Station.","notification_body":"","notification_click_action":"djha-list","query_params":{"list":"","site":2,"project":37,"project_id_required":true,"notification_module_code":"DJHA","notification_id":29940}}}', 0, '2020-09-10 06:50:38', '2020-09-10 06:50:38', '', '1599735037djha-list197', NULL, 1),
(29941, 215, '{"data":{"notification_title":"A djha submitted in project 7340-19 \\/ Magnolia Valley Pump Station.","notification_body":"","notification_click_action":"djha-list","query_params":{"list":"","site":2,"project":37,"project_id_required":true,"notification_module_code":"DJHA","notification_id":29941}}}', 0, '2020-09-10 06:50:38', '2020-09-10 06:50:38', '', '1599735037djha-list215', NULL, 1),
(29942, 183, '{"data":{"notification_title":"Time Sheet submitted for date 2020-09-09 in project 7340-19 \\/ Magnolia Valley Pump Station","notification_body":"","notification_click_action":"timesheet","query_params":{"list":"","project_id_required":true,"site":2,"project":37,"time_sheet_date":"2020-09-09","notification_module_code":"TIMESHEET","notification_id":29942}}}', 0, '2020-09-10 06:50:38', '2020-09-10 06:50:38', '', '1599735038timesheet183', NULL, 1),
(29943, 197, '{"data":{"notification_title":"Time Sheet submitted for date 2020-09-09 in project 7340-19 \\/ Magnolia Valley Pump Station","notification_body":"","notification_click_action":"timesheet","query_params":{"list":"","project_id_required":true,"site":2,"project":37,"time_sheet_date":"2020-09-09","notification_module_code":"TIMESHEET","notification_id":29943}}}', 0, '2020-09-10 06:50:38', '2020-09-10 06:50:38', '', '1599735038timesheet197', NULL, 1),
(29944, 215, '{"data":{"notification_title":"Time Sheet submitted for date 2020-09-09 in project 7340-19 \\/ Magnolia Valley Pump Station","notification_body":"","notification_click_action":"timesheet","query_params":{"list":"","project_id_required":true,"site":2,"project":37,"time_sheet_date":"2020-09-09","notification_module_code":"TIMESHEET","notification_id":29944}}}', 0, '2020-09-10 06:50:38', '2020-09-10 06:50:38', '', '1599735038timesheet215', NULL, 1),
(29945, 183, '{"data":{"notification_title":"A djha submitted in project 7850-19 \\/ Cosme Water Treatment Plant Valve Replacement Project.","notification_body":"","notification_click_action":"djha-list","query_params":{"list":"","site":2,"project":48,"project_id_required":true,"notification_module_code":"DJHA","notification_id":29945}}}', 0, '2020-09-10 07:00:51', '2020-09-10 07:00:51', '', '1599735651djha-list183', NULL, 1),
(29946, 188, '{"data":{"notification_title":"A djha submitted in project 7850-19 \\/ Cosme Water Treatment Plant Valve Replacement Project.","notification_body":"","notification_click_action":"djha-list","query_params":{"list":"","site":2,"project":48,"project_id_required":true,"notification_module_code":"DJHA","notification_id":29946}}}', 0, '2020-09-10 07:00:51', '2020-09-10 07:00:51', '', '1599735651djha-list188', NULL, 1),
(29947, 197, '{"data":{"notification_title":"A djha submitted in project 7850-19 \\/ Cosme Water Treatment Plant Valve Replacement Project.","notification_body":"","notification_click_action":"djha-list","query_params":{"list":"","site":2,"project":48,"project_id_required":true,"notification_module_code":"DJHA","notification_id":29947}}}', 0, '2020-09-10 07:00:51', '2020-09-10 07:00:51', '', '1599735651djha-list197', NULL, 1),
(29948, 215, '{"data":{"notification_title":"A djha submitted in project 7850-19 \\/ Cosme Water Treatment Plant Valve Replacement Project.","notification_body":"","notification_click_action":"djha-list","query_params":{"list":"","site":2,"project":48,"project_id_required":true,"notification_module_code":"DJHA","notification_id":29948}}}', 0, '2020-09-10 07:00:51', '2020-09-10 07:00:51', '', '1599735651djha-list215', NULL, 1),
(29949, 183, '{"data":{"notification_title":"Time Sheet submitted for date 2020-09-09 in project 7850-19 \\/ Cosme Water Treatment Plant Valve Replacement Project","notification_body":"","notification_click_action":"timesheet","query_params":{"list":"","project_id_required":true,"site":2,"project":48,"time_sheet_date":"2020-09-09","notification_module_code":"TIMESHEET","notification_id":29949}}}', 0, '2020-09-10 07:00:52', '2020-09-10 07:00:52', '', '1599735651timesheet183', NULL, 1),
(29950, 188, '{"data":{"notification_title":"Time Sheet submitted for date 2020-09-09 in project 7850-19 \\/ Cosme Water Treatment Plant Valve Replacement Project","notification_body":"","notification_click_action":"timesheet","query_params":{"list":"","project_id_required":true,"site":2,"project":48,"time_sheet_date":"2020-09-09","notification_module_code":"TIMESHEET","notification_id":29950}}}', 0, '2020-09-10 07:00:52', '2020-09-10 07:00:52', '', '1599735651timesheet188', NULL, 1);
INSERT INTO `notification_history` (`id`, `user_id`, `notification_data`, `is_seen`, `created_at`, `modified_at`, `notification_type`, `notification_code`, `app_notification_data`, `is_site_notification`) VALUES
(29951, 197, '{"data":{"notification_title":"Time Sheet submitted for date 2020-09-09 in project 7850-19 \\/ Cosme Water Treatment Plant Valve Replacement Project","notification_body":"","notification_click_action":"timesheet","query_params":{"list":"","project_id_required":true,"site":2,"project":48,"time_sheet_date":"2020-09-09","notification_module_code":"TIMESHEET","notification_id":29951}}}', 0, '2020-09-10 07:00:52', '2020-09-10 07:00:52', '', '1599735651timesheet197', NULL, 1),
(29952, 215, '{"data":{"notification_title":"Time Sheet submitted for date 2020-09-09 in project 7850-19 \\/ Cosme Water Treatment Plant Valve Replacement Project","notification_body":"","notification_click_action":"timesheet","query_params":{"list":"","project_id_required":true,"site":2,"project":48,"time_sheet_date":"2020-09-09","notification_module_code":"TIMESHEET","notification_id":29952}}}', 0, '2020-09-10 07:00:52', '2020-09-10 07:00:52', '', '1599735651timesheet215', NULL, 1),
(29953, 222, '{"data":{"notification_title":"Employee Billy Joe Wynn has been transferred from project 7770-20 \\/ Midnight Pass to project 7720-19 Multi - Use Recreational Trail at Coon Key","notification_body":"","notification_click_action":"employee","query_params":{"list":"transferred","site":5,"project":{},"notification_module_code":"EMPLOYEE","notification_id":29953}}}', 1, '2020-09-10 07:09:55', '2020-09-14 04:07:01', '', '1599736195employee222', NULL, 1),
(29954, 228, '{"data":{"notification_title":"Employee Billy Joe Wynn has been transferred from project 7770-20 \\/ Midnight Pass to project 7720-19 Multi - Use Recreational Trail at Coon Key","notification_body":"","notification_click_action":"employee","query_params":{"list":"transferred","site":5,"project":{},"notification_module_code":"EMPLOYEE","notification_id":29954}}}', 0, '2020-09-10 07:09:55', '2020-09-10 07:09:55', '', '1599736195employee228', NULL, 1),
(29955, 281, '{"data":{"notification_title":"Employee Billy Joe Wynn has been transferred from project 7770-20 \\/ Midnight Pass to project 7720-19 Multi - Use Recreational Trail at Coon Key","notification_body":"","notification_click_action":"employee","query_params":{"list":"transferred","site":5,"project":{},"notification_module_code":"EMPLOYEE","notification_id":29955}}}', 0, '2020-09-10 07:09:55', '2020-09-10 07:09:55', '', '1599736195employee281', NULL, 1),
(29956, 268, '{"data":{"notification_title":"A djha submitted in project 3420-19 \\/ G-420 Pump Station.","notification_body":"","notification_click_action":"djha-list","query_params":{"list":"","site":15,"project":39,"project_id_required":true,"notification_module_code":"DJHA","notification_id":29956}}}', 0, '2020-09-10 07:38:26', '2020-09-10 07:38:26', '', '1599737906djha-list268', NULL, 1),
(29957, 268, '{"data":{"notification_title":"Time Sheet submitted for date 2020-09-09 in project 3420-19 \\/ G-420 Pump Station","notification_body":"","notification_click_action":"timesheet","query_params":{"list":"","project_id_required":true,"site":15,"project":39,"time_sheet_date":"2020-09-09","notification_module_code":"TIMESHEET","notification_id":29957}}}', 0, '2020-09-10 07:38:26', '2020-09-10 07:38:26', '', '1599737906timesheet268', NULL, 1),
(29958, 183, '{"data":{"notification_title":"Confined space checklist submitted in project 7480-19 \\/ Rocky Creek Wastewater Expansion","notification_body":"","notification_click_action":"confined-space","query_params":{"list":"","site":2,"project":"36","notification_module_code":"CONFINED_SPACE_PRE_ENTRY_CHECKLIST","notification_id":29958}}}', 0, '2020-09-10 08:03:22', '2020-09-10 08:03:22', '', '1599739402confined-space183', NULL, 1),
(29959, 188, '{"data":{"notification_title":"Confined space checklist submitted in project 7480-19 \\/ Rocky Creek Wastewater Expansion","notification_body":"","notification_click_action":"confined-space","query_params":{"list":"","site":2,"project":"36","notification_module_code":"CONFINED_SPACE_PRE_ENTRY_CHECKLIST","notification_id":29959}}}', 0, '2020-09-10 08:03:22', '2020-09-10 08:03:22', '', '1599739402confined-space188', NULL, 1),
(29960, 197, '{"data":{"notification_title":"Confined space checklist submitted in project 7480-19 \\/ Rocky Creek Wastewater Expansion","notification_body":"","notification_click_action":"confined-space","query_params":{"list":"","site":2,"project":"36","notification_module_code":"CONFINED_SPACE_PRE_ENTRY_CHECKLIST","notification_id":29960}}}', 0, '2020-09-10 08:03:22', '2020-09-10 08:03:22', '', '1599739402confined-space197', NULL, 1),
(29961, 215, '{"data":{"notification_title":"Confined space checklist submitted in project 7480-19 \\/ Rocky Creek Wastewater Expansion","notification_body":"","notification_click_action":"confined-space","query_params":{"list":"","site":2,"project":"36","notification_module_code":"CONFINED_SPACE_PRE_ENTRY_CHECKLIST","notification_id":29961}}}', 0, '2020-09-10 08:03:23', '2020-09-10 08:03:23', '', '1599739402confined-space215', NULL, 1),
(29962, 268, '{"data":{"notification_title":"A djha submitted in project 3000-17 \\/ Maimi Bridge Project.","notification_body":"","notification_click_action":"djha-list","query_params":{"list":"","site":15,"project":41,"project_id_required":true,"notification_module_code":"DJHA","notification_id":29962}}}', 0, '2020-09-10 08:34:18', '2020-09-10 08:34:18', '', '1599741258djha-list268', NULL, 1),
(29963, 268, '{"data":{"notification_title":"Time Sheet submitted for date 2020-09-09 in project 3000-17 \\/ Maimi Bridge Project","notification_body":"","notification_click_action":"timesheet","query_params":{"list":"","project_id_required":true,"site":15,"project":41,"time_sheet_date":"2020-09-09","notification_module_code":"TIMESHEET","notification_id":29963}}}', 0, '2020-09-10 08:34:18', '2020-09-10 08:34:18', '', '1599741258timesheet268', NULL, 1),
(29964, 183, '{"data":{"notification_title":"A djha submitted in project 7770-20 \\/ Midnight Pass.","notification_body":"","notification_click_action":"djha-list","query_params":{"list":"","site":5,"project":56,"project_id_required":true,"notification_module_code":"DJHA","notification_id":29964}}}', 0, '2020-09-10 17:40:22', '2020-09-10 17:40:22', '', '1599774022djha-list183', NULL, 1),
(29965, 202, '{"data":{"notification_title":"A djha submitted in project 7770-20 \\/ Midnight Pass.","notification_body":"","notification_click_action":"djha-list","query_params":{"list":"","site":5,"project":56,"project_id_required":true,"notification_module_code":"DJHA","notification_id":29965}}}', 0, '2020-09-10 17:40:22', '2020-09-10 17:40:22', '', '1599774022djha-list202', NULL, 1),
(29966, 221, '{"data":{"notification_title":"A djha submitted in project 7770-20 \\/ Midnight Pass.","notification_body":"","notification_click_action":"djha-list","query_params":{"list":"","site":5,"project":56,"project_id_required":true,"notification_module_code":"DJHA","notification_id":29966}}}', 0, '2020-09-10 17:40:22', '2020-09-10 17:40:22', '', '1599774022djha-list221', NULL, 1),
(29967, 183, '{"data":{"notification_title":"Time Sheet submitted for date 2020-09-10 in project 7770-20 \\/ Midnight Pass","notification_body":"","notification_click_action":"timesheet","query_params":{"list":"","project_id_required":true,"site":5,"project":56,"time_sheet_date":"2020-09-10","notification_module_code":"TIMESHEET","notification_id":29967}}}', 0, '2020-09-10 17:40:22', '2020-09-10 17:40:22', '', '1599774022timesheet183', NULL, 1),
(29968, 202, '{"data":{"notification_title":"Time Sheet submitted for date 2020-09-10 in project 7770-20 \\/ Midnight Pass","notification_body":"","notification_click_action":"timesheet","query_params":{"list":"","project_id_required":true,"site":5,"project":56,"time_sheet_date":"2020-09-10","notification_module_code":"TIMESHEET","notification_id":29968}}}', 0, '2020-09-10 17:40:22', '2020-09-10 17:40:22', '', '1599774022timesheet202', NULL, 1),
(29969, 221, '{"data":{"notification_title":"Time Sheet submitted for date 2020-09-10 in project 7770-20 \\/ Midnight Pass","notification_body":"","notification_click_action":"timesheet","query_params":{"list":"","project_id_required":true,"site":5,"project":56,"time_sheet_date":"2020-09-10","notification_module_code":"TIMESHEET","notification_id":29969}}}', 0, '2020-09-10 17:40:22', '2020-09-10 17:40:22', '', '1599774022timesheet221', NULL, 1),
(29970, 183, '{"data":{"notification_title":"A djha submitted in project 7480-19 \\/ Rocky Creek Wastewater Expansion.","notification_body":"","notification_click_action":"djha-list","query_params":{"list":"","site":2,"project":36,"project_id_required":true,"notification_module_code":"DJHA","notification_id":29970}}}', 0, '2020-09-10 19:48:29', '2020-09-10 19:48:29', '', '1599781709djha-list183', NULL, 1),
(29971, 188, '{"data":{"notification_title":"A djha submitted in project 7480-19 \\/ Rocky Creek Wastewater Expansion.","notification_body":"","notification_click_action":"djha-list","query_params":{"list":"","site":2,"project":36,"project_id_required":true,"notification_module_code":"DJHA","notification_id":29971}}}', 0, '2020-09-10 19:48:29', '2020-09-10 19:48:29', '', '1599781709djha-list188', NULL, 1),
(29972, 197, '{"data":{"notification_title":"A djha submitted in project 7480-19 \\/ Rocky Creek Wastewater Expansion.","notification_body":"","notification_click_action":"djha-list","query_params":{"list":"","site":2,"project":36,"project_id_required":true,"notification_module_code":"DJHA","notification_id":29972}}}', 0, '2020-09-10 19:48:30', '2020-09-10 19:48:30', '', '1599781709djha-list197', NULL, 1),
(29973, 215, '{"data":{"notification_title":"A djha submitted in project 7480-19 \\/ Rocky Creek Wastewater Expansion.","notification_body":"","notification_click_action":"djha-list","query_params":{"list":"","site":2,"project":36,"project_id_required":true,"notification_module_code":"DJHA","notification_id":29973}}}', 0, '2020-09-10 19:48:30', '2020-09-10 19:48:30', '', '1599781709djha-list215', NULL, 1),
(29974, 183, '{"data":{"notification_title":"Time Sheet submitted for date 2020-09-10 in project 7480-19 \\/ Rocky Creek Wastewater Expansion","notification_body":"","notification_click_action":"timesheet","query_params":{"list":"","project_id_required":true,"site":2,"project":36,"time_sheet_date":"2020-09-10","notification_module_code":"TIMESHEET","notification_id":29974}}}', 0, '2020-09-10 19:48:30', '2020-09-10 19:48:30', '', '1599781710timesheet183', NULL, 1),
(29975, 188, '{"data":{"notification_title":"Time Sheet submitted for date 2020-09-10 in project 7480-19 \\/ Rocky Creek Wastewater Expansion","notification_body":"","notification_click_action":"timesheet","query_params":{"list":"","project_id_required":true,"site":2,"project":36,"time_sheet_date":"2020-09-10","notification_module_code":"TIMESHEET","notification_id":29975}}}', 0, '2020-09-10 19:48:30', '2020-09-10 19:48:30', '', '1599781710timesheet188', NULL, 1),
(29976, 197, '{"data":{"notification_title":"Time Sheet submitted for date 2020-09-10 in project 7480-19 \\/ Rocky Creek Wastewater Expansion","notification_body":"","notification_click_action":"timesheet","query_params":{"list":"","project_id_required":true,"site":2,"project":36,"time_sheet_date":"2020-09-10","notification_module_code":"TIMESHEET","notification_id":29976}}}', 0, '2020-09-10 19:48:30', '2020-09-10 19:48:30', '', '1599781710timesheet197', NULL, 1),
(29977, 215, '{"data":{"notification_title":"Time Sheet submitted for date 2020-09-10 in project 7480-19 \\/ Rocky Creek Wastewater Expansion","notification_body":"","notification_click_action":"timesheet","query_params":{"list":"","project_id_required":true,"site":2,"project":36,"time_sheet_date":"2020-09-10","notification_module_code":"TIMESHEET","notification_id":29977}}}', 0, '2020-09-10 19:48:30', '2020-09-10 19:48:30', '', '1599781710timesheet215', NULL, 1),
(29978, 183, '{"data":{"notification_title":"Tool box talk added in project 7770-20 \\/ Midnight Pass","notification_body":"","notification_click_action":"toolbox-talk","query_params":{"list":"","site":5,"project":"56","notification_module_code":"TOOL_BOX_TALK_LIST","notification_id":29978}}}', 0, '2020-09-11 06:31:37', '2020-09-11 06:31:37', '', '1599820297toolbox-talk183', NULL, 1),
(29979, 202, '{"data":{"notification_title":"Tool box talk added in project 7770-20 \\/ Midnight Pass","notification_body":"","notification_click_action":"toolbox-talk","query_params":{"list":"","site":5,"project":"56","notification_module_code":"TOOL_BOX_TALK_LIST","notification_id":29979}}}', 0, '2020-09-11 06:31:37', '2020-09-11 06:31:37', '', '1599820297toolbox-talk202', NULL, 1),
(29980, 221, '{"data":{"notification_title":"Tool box talk added in project 7770-20 \\/ Midnight Pass","notification_body":"","notification_click_action":"toolbox-talk","query_params":{"list":"","site":5,"project":"56","notification_module_code":"TOOL_BOX_TALK_LIST","notification_id":29980}}}', 0, '2020-09-11 06:31:38', '2020-09-11 06:31:38', '', '1599820297toolbox-talk221', NULL, 1),
(29981, 183, '{"data":{"notification_title":"A djha submitted in project 7340-19 \\/ Magnolia Valley Pump Station.","notification_body":"","notification_click_action":"djha-list","query_params":{"list":"","site":2,"project":37,"project_id_required":true,"notification_module_code":"DJHA","notification_id":29981}}}', 0, '2020-09-11 06:49:55', '2020-09-11 06:49:55', '', '1599821395djha-list183', NULL, 1),
(29982, 197, '{"data":{"notification_title":"A djha submitted in project 7340-19 \\/ Magnolia Valley Pump Station.","notification_body":"","notification_click_action":"djha-list","query_params":{"list":"","site":2,"project":37,"project_id_required":true,"notification_module_code":"DJHA","notification_id":29982}}}', 0, '2020-09-11 06:49:55', '2020-09-11 06:49:55', '', '1599821395djha-list197', NULL, 1),
(29983, 215, '{"data":{"notification_title":"A djha submitted in project 7340-19 \\/ Magnolia Valley Pump Station.","notification_body":"","notification_click_action":"djha-list","query_params":{"list":"","site":2,"project":37,"project_id_required":true,"notification_module_code":"DJHA","notification_id":29983}}}', 0, '2020-09-11 06:49:55', '2020-09-11 06:49:55', '', '1599821395djha-list215', NULL, 1),
(29984, 183, '{"data":{"notification_title":"Time Sheet submitted for date 2020-09-10 in project 7340-19 \\/ Magnolia Valley Pump Station","notification_body":"","notification_click_action":"timesheet","query_params":{"list":"","project_id_required":true,"site":2,"project":37,"time_sheet_date":"2020-09-10","notification_module_code":"TIMESHEET","notification_id":29984}}}', 0, '2020-09-11 06:49:55', '2020-09-11 06:49:55', '', '1599821395timesheet183', NULL, 1),
(29985, 197, '{"data":{"notification_title":"Time Sheet submitted for date 2020-09-10 in project 7340-19 \\/ Magnolia Valley Pump Station","notification_body":"","notification_click_action":"timesheet","query_params":{"list":"","project_id_required":true,"site":2,"project":37,"time_sheet_date":"2020-09-10","notification_module_code":"TIMESHEET","notification_id":29985}}}', 0, '2020-09-11 06:49:55', '2020-09-11 06:49:55', '', '1599821395timesheet197', NULL, 1),
(29986, 215, '{"data":{"notification_title":"Time Sheet submitted for date 2020-09-10 in project 7340-19 \\/ Magnolia Valley Pump Station","notification_body":"","notification_click_action":"timesheet","query_params":{"list":"","project_id_required":true,"site":2,"project":37,"time_sheet_date":"2020-09-10","notification_module_code":"TIMESHEET","notification_id":29986}}}', 0, '2020-09-11 06:49:55', '2020-09-11 06:49:55', '', '1599821395timesheet215', NULL, 1),
(29987, 183, '{"data":{"notification_title":"A djha submitted in project 7720-19 Multi - Use Recreational Trail at Coon Key.","notification_body":"","notification_click_action":"djha-list","query_params":{"list":"","site":5,"project":31,"project_id_required":true,"notification_module_code":"DJHA","notification_id":29987}}}', 0, '2020-09-11 06:53:58', '2020-09-11 06:53:58', '', '1599821638djha-list183', NULL, 1),
(29988, 202, '{"data":{"notification_title":"A djha submitted in project 7720-19 Multi - Use Recreational Trail at Coon Key.","notification_body":"","notification_click_action":"djha-list","query_params":{"list":"","site":5,"project":31,"project_id_required":true,"notification_module_code":"DJHA","notification_id":29988}}}', 0, '2020-09-11 06:53:58', '2020-09-11 06:53:58', '', '1599821638djha-list202', NULL, 1),
(29989, 221, '{"data":{"notification_title":"A djha submitted in project 7720-19 Multi - Use Recreational Trail at Coon Key.","notification_body":"","notification_click_action":"djha-list","query_params":{"list":"","site":5,"project":31,"project_id_required":true,"notification_module_code":"DJHA","notification_id":29989}}}', 0, '2020-09-11 06:53:58', '2020-09-11 06:53:58', '', '1599821638djha-list221', NULL, 1),
(29990, 229, '{"data":{"notification_title":"A djha submitted in project 7720-19 Multi - Use Recreational Trail at Coon Key.","notification_body":"","notification_click_action":"djha-list","query_params":{"list":"","site":5,"project":31,"project_id_required":true,"notification_module_code":"DJHA","notification_id":29990}}}', 0, '2020-09-11 06:53:58', '2020-09-11 06:53:58', '', '1599821638djha-list229', NULL, 1),
(29991, 234, '{"data":{"notification_title":"A djha submitted in project 7720-19 Multi - Use Recreational Trail at Coon Key.","notification_body":"","notification_click_action":"djha-list","query_params":{"list":"","site":5,"project":31,"project_id_required":true,"notification_module_code":"DJHA","notification_id":29991}}}', 0, '2020-09-11 06:53:59', '2020-09-11 06:53:59', '', '1599821638djha-list234', NULL, 1),
(29992, 183, '{"data":{"notification_title":"Time Sheet submitted for date 2020-09-10 in project 7720-19 Multi - Use Recreational Trail at Coon Key","notification_body":"","notification_click_action":"timesheet","query_params":{"list":"","project_id_required":true,"site":5,"project":31,"time_sheet_date":"2020-09-10","notification_module_code":"TIMESHEET","notification_id":29992}}}', 0, '2020-09-11 06:53:59', '2020-09-11 06:53:59', '', '1599821639timesheet183', NULL, 1),
(29993, 202, '{"data":{"notification_title":"Time Sheet submitted for date 2020-09-10 in project 7720-19 Multi - Use Recreational Trail at Coon Key","notification_body":"","notification_click_action":"timesheet","query_params":{"list":"","project_id_required":true,"site":5,"project":31,"time_sheet_date":"2020-09-10","notification_module_code":"TIMESHEET","notification_id":29993}}}', 0, '2020-09-11 06:53:59', '2020-09-11 06:53:59', '', '1599821639timesheet202', NULL, 1),
(29994, 221, '{"data":{"notification_title":"Time Sheet submitted for date 2020-09-10 in project 7720-19 Multi - Use Recreational Trail at Coon Key","notification_body":"","notification_click_action":"timesheet","query_params":{"list":"","project_id_required":true,"site":5,"project":31,"time_sheet_date":"2020-09-10","notification_module_code":"TIMESHEET","notification_id":29994}}}', 0, '2020-09-11 06:53:59', '2020-09-11 06:53:59', '', '1599821639timesheet221', NULL, 1),
(29995, 229, '{"data":{"notification_title":"Time Sheet submitted for date 2020-09-10 in project 7720-19 Multi - Use Recreational Trail at Coon Key","notification_body":"","notification_click_action":"timesheet","query_params":{"list":"","project_id_required":true,"site":5,"project":31,"time_sheet_date":"2020-09-10","notification_module_code":"TIMESHEET","notification_id":29995}}}', 0, '2020-09-11 06:53:59', '2020-09-11 06:53:59', '', '1599821639timesheet229', NULL, 1),
(29996, 234, '{"data":{"notification_title":"Time Sheet submitted for date 2020-09-10 in project 7720-19 Multi - Use Recreational Trail at Coon Key","notification_body":"","notification_click_action":"timesheet","query_params":{"list":"","project_id_required":true,"site":5,"project":31,"time_sheet_date":"2020-09-10","notification_module_code":"TIMESHEET","notification_id":29996}}}', 0, '2020-09-11 06:53:59', '2020-09-11 06:53:59', '', '1599821639timesheet234', NULL, 1),
(29997, 268, '{"data":{"notification_title":"A djha submitted in project 3420-19 \\/ G-420 Pump Station.","notification_body":"","notification_click_action":"djha-list","query_params":{"list":"","site":15,"project":39,"project_id_required":true,"notification_module_code":"DJHA","notification_id":29997}}}', 0, '2020-09-11 08:04:47', '2020-09-11 08:04:47', '', '1599825887djha-list268', NULL, 1),
(29998, 268, '{"data":{"notification_title":"Time Sheet submitted for date 2020-09-10 in project 3420-19 \\/ G-420 Pump Station","notification_body":"","notification_click_action":"timesheet","query_params":{"list":"","project_id_required":true,"site":15,"project":39,"time_sheet_date":"2020-09-10","notification_module_code":"TIMESHEET","notification_id":29998}}}', 0, '2020-09-11 08:04:47', '2020-09-11 08:04:47', '', '1599825887timesheet268', NULL, 1),
(29999, 197, '{"data":{"notification_title":"A djha submitted in project Evon test.","notification_body":"","notification_click_action":"djha-list","query_params":{"list":"","site":4,"project":10,"project_id_required":true,"notification_module_code":"DJHA","notification_id":29999}}}', 0, '2020-09-11 09:07:40', '2020-09-11 09:07:40', '', '1599829660djha-list197', NULL, 1),
(30000, 231, '{"data":{"notification_title":"A djha submitted in project Evon test.","notification_body":"","notification_click_action":"djha-list","query_params":{"list":"","site":4,"project":10,"project_id_required":true,"notification_module_code":"DJHA","notification_id":30000}}}', 0, '2020-09-11 09:07:40', '2020-09-11 09:07:40', '', '1599829660djha-list231', NULL, 1),
(30001, 270, '{"data":{"notification_title":"A djha submitted in project Evon test.","notification_body":"","notification_click_action":"djha-list","query_params":{"list":"","site":4,"project":10,"project_id_required":true,"notification_module_code":"DJHA","notification_id":30001}}}', 0, '2020-09-11 09:07:40', '2020-09-11 09:07:40', '', '1599829660djha-list270', NULL, 1),
(30002, 197, '{"data":{"notification_title":"Time Sheet submitted for date 2020-09-11 in project Evon test","notification_body":"","notification_click_action":"timesheet","query_params":{"list":"","project_id_required":true,"site":4,"project":10,"time_sheet_date":"2020-09-11","notification_module_code":"TIMESHEET","notification_id":30002}}}', 0, '2020-09-11 09:07:40', '2020-09-11 09:07:40', '', '1599829660timesheet197', NULL, 1),
(30003, 231, '{"data":{"notification_title":"Time Sheet submitted for date 2020-09-11 in project Evon test","notification_body":"","notification_click_action":"timesheet","query_params":{"list":"","project_id_required":true,"site":4,"project":10,"time_sheet_date":"2020-09-11","notification_module_code":"TIMESHEET","notification_id":30003}}}', 0, '2020-09-11 09:07:40', '2020-09-11 09:07:40', '', '1599829660timesheet231', NULL, 1),
(30004, 270, '{"data":{"notification_title":"Time Sheet submitted for date 2020-09-11 in project Evon test","notification_body":"","notification_click_action":"timesheet","query_params":{"list":"","project_id_required":true,"site":4,"project":10,"time_sheet_date":"2020-09-11","notification_module_code":"TIMESHEET","notification_id":30004}}}', 0, '2020-09-11 09:07:41', '2020-09-11 09:07:41', '', '1599829660timesheet270', NULL, 1),
(30005, 195, '{"data":{"notification_title":"Time Sheet Submitted.","notification_body":"","notification_click_action":"timesheet","query_params":{"list":"","site":4,"project":"10","notification_module_code":"TIMESHEET","notification_id":30005}}}', 0, '2020-09-11 09:16:55', '2020-09-11 09:16:55', '', '1599830215timesheet195', NULL, 1),
(30006, 216, '{"data":{"notification_title":"Time Sheet Submitted.","notification_body":"","notification_click_action":"timesheet","query_params":{"list":"","site":4,"project":"10","notification_module_code":"TIMESHEET","notification_id":30006}}}', 0, '2020-09-11 09:16:55', '2020-09-11 09:16:55', '', '1599830215timesheet216', NULL, 1),
(30007, 197, '{"data":{"notification_title":"A djha submitted in project Web test.","notification_body":"","notification_click_action":"djha-list","query_params":{"list":"","site":16,"project":49,"project_id_required":true,"notification_module_code":"DJHA","notification_id":30007}}}', 0, '2020-09-11 09:17:44', '2020-09-11 09:17:44', '', '1599830264djha-list197', NULL, 1),
(30008, 197, '{"data":{"notification_title":"Time Sheet submitted for date 2020-09-11 in project Web test","notification_body":"","notification_click_action":"timesheet","query_params":{"list":"","project_id_required":true,"site":16,"project":49,"time_sheet_date":"2020-09-11","notification_module_code":"TIMESHEET","notification_id":30008}}}', 0, '2020-09-11 09:17:44', '2020-09-11 09:17:44', '', '1599830264timesheet197', NULL, 1),
(30009, 183, '{"data":{"notification_title":"Confined space checklist submitted in project 7480-19 \\/ Rocky Creek Wastewater Expansion","notification_body":"","notification_click_action":"confined-space","query_params":{"list":"","site":2,"project":"36","notification_module_code":"CONFINED_SPACE_PRE_ENTRY_CHECKLIST","notification_id":30009}}}', 0, '2020-09-11 09:27:28', '2020-09-11 09:27:28', '', '1599830848confined-space183', NULL, 1),
(30010, 188, '{"data":{"notification_title":"Confined space checklist submitted in project 7480-19 \\/ Rocky Creek Wastewater Expansion","notification_body":"","notification_click_action":"confined-space","query_params":{"list":"","site":2,"project":"36","notification_module_code":"CONFINED_SPACE_PRE_ENTRY_CHECKLIST","notification_id":30010}}}', 0, '2020-09-11 09:27:28', '2020-09-11 09:27:28', '', '1599830848confined-space188', NULL, 1),
(30011, 197, '{"data":{"notification_title":"Confined space checklist submitted in project 7480-19 \\/ Rocky Creek Wastewater Expansion","notification_body":"","notification_click_action":"confined-space","query_params":{"list":"","site":2,"project":"36","notification_module_code":"CONFINED_SPACE_PRE_ENTRY_CHECKLIST","notification_id":30011}}}', 0, '2020-09-11 09:27:28', '2020-09-11 09:27:28', '', '1599830848confined-space197', NULL, 1),
(30012, 215, '{"data":{"notification_title":"Confined space checklist submitted in project 7480-19 \\/ Rocky Creek Wastewater Expansion","notification_body":"","notification_click_action":"confined-space","query_params":{"list":"","site":2,"project":"36","notification_module_code":"CONFINED_SPACE_PRE_ENTRY_CHECKLIST","notification_id":30012}}}', 0, '2020-09-11 09:27:28', '2020-09-11 09:27:28', '', '1599830848confined-space215', NULL, 1),
(30013, 268, '{"data":{"notification_title":"A djha submitted in project 3000-17 \\/ Maimi Bridge Project.","notification_body":"","notification_click_action":"djha-list","query_params":{"list":"","site":15,"project":41,"project_id_required":true,"notification_module_code":"DJHA","notification_id":30013}}}', 0, '2020-09-11 10:02:25', '2020-09-11 10:02:25', '', '1599832945djha-list268', NULL, 1),
(30014, 268, '{"data":{"notification_title":"Time Sheet submitted for date 2020-09-10 in project 3000-17 \\/ Maimi Bridge Project","notification_body":"","notification_click_action":"timesheet","query_params":{"list":"","project_id_required":true,"site":15,"project":41,"time_sheet_date":"2020-09-10","notification_module_code":"TIMESHEET","notification_id":30014}}}', 0, '2020-09-11 10:02:25', '2020-09-11 10:02:25', '', '1599832945timesheet268', NULL, 1),
(30015, 183, '{"data":{"notification_title":"A djha submitted in project 7770-20 \\/ Midnight Pass.","notification_body":"","notification_click_action":"djha-list","query_params":{"list":"","site":5,"project":56,"project_id_required":true,"notification_module_code":"DJHA","notification_id":30015}}}', 0, '2020-09-11 15:43:02', '2020-09-11 15:43:02', '', '1599853382djha-list183', NULL, 1),
(30016, 202, '{"data":{"notification_title":"A djha submitted in project 7770-20 \\/ Midnight Pass.","notification_body":"","notification_click_action":"djha-list","query_params":{"list":"","site":5,"project":56,"project_id_required":true,"notification_module_code":"DJHA","notification_id":30016}}}', 0, '2020-09-11 15:43:02', '2020-09-11 15:43:02', '', '1599853382djha-list202', NULL, 1),
(30017, 221, '{"data":{"notification_title":"A djha submitted in project 7770-20 \\/ Midnight Pass.","notification_body":"","notification_click_action":"djha-list","query_params":{"list":"","site":5,"project":56,"project_id_required":true,"notification_module_code":"DJHA","notification_id":30017}}}', 0, '2020-09-11 15:43:02', '2020-09-11 15:43:02', '', '1599853382djha-list221', NULL, 1),
(30018, 183, '{"data":{"notification_title":"Time Sheet submitted for date 2020-09-11 in project 7770-20 \\/ Midnight Pass","notification_body":"","notification_click_action":"timesheet","query_params":{"list":"","project_id_required":true,"site":5,"project":56,"time_sheet_date":"2020-09-11","notification_module_code":"TIMESHEET","notification_id":30018}}}', 0, '2020-09-11 15:43:02', '2020-09-11 15:43:02', '', '1599853382timesheet183', NULL, 1),
(30019, 202, '{"data":{"notification_title":"Time Sheet submitted for date 2020-09-11 in project 7770-20 \\/ Midnight Pass","notification_body":"","notification_click_action":"timesheet","query_params":{"list":"","project_id_required":true,"site":5,"project":56,"time_sheet_date":"2020-09-11","notification_module_code":"TIMESHEET","notification_id":30019}}}', 0, '2020-09-11 15:43:02', '2020-09-11 15:43:02', '', '1599853382timesheet202', NULL, 1),
(30020, 221, '{"data":{"notification_title":"Time Sheet submitted for date 2020-09-11 in project 7770-20 \\/ Midnight Pass","notification_body":"","notification_click_action":"timesheet","query_params":{"list":"","project_id_required":true,"site":5,"project":56,"time_sheet_date":"2020-09-11","notification_module_code":"TIMESHEET","notification_id":30020}}}', 0, '2020-09-11 15:43:03', '2020-09-11 15:43:03', '', '1599853382timesheet221', NULL, 1),
(30021, 183, '{"data":{"notification_title":"A djha submitted in project 7480-19 \\/ Rocky Creek Wastewater Expansion.","notification_body":"","notification_click_action":"djha-list","query_params":{"list":"","site":2,"project":36,"project_id_required":true,"notification_module_code":"DJHA","notification_id":30021}}}', 0, '2020-09-11 17:56:25', '2020-09-11 17:56:25', '', '1599861385djha-list183', NULL, 1),
(30022, 188, '{"data":{"notification_title":"A djha submitted in project 7480-19 \\/ Rocky Creek Wastewater Expansion.","notification_body":"","notification_click_action":"djha-list","query_params":{"list":"","site":2,"project":36,"project_id_required":true,"notification_module_code":"DJHA","notification_id":30022}}}', 0, '2020-09-11 17:56:25', '2020-09-11 17:56:25', '', '1599861385djha-list188', NULL, 1),
(30023, 197, '{"data":{"notification_title":"A djha submitted in project 7480-19 \\/ Rocky Creek Wastewater Expansion.","notification_body":"","notification_click_action":"djha-list","query_params":{"list":"","site":2,"project":36,"project_id_required":true,"notification_module_code":"DJHA","notification_id":30023}}}', 0, '2020-09-11 17:56:26', '2020-09-11 17:56:26', '', '1599861385djha-list197', NULL, 1),
(30024, 215, '{"data":{"notification_title":"A djha submitted in project 7480-19 \\/ Rocky Creek Wastewater Expansion.","notification_body":"","notification_click_action":"djha-list","query_params":{"list":"","site":2,"project":36,"project_id_required":true,"notification_module_code":"DJHA","notification_id":30024}}}', 0, '2020-09-11 17:56:26', '2020-09-11 17:56:26', '', '1599861385djha-list215', NULL, 1),
(30025, 183, '{"data":{"notification_title":"Time Sheet submitted for date 2020-09-11 in project 7480-19 \\/ Rocky Creek Wastewater Expansion","notification_body":"","notification_click_action":"timesheet","query_params":{"list":"","project_id_required":true,"site":2,"project":36,"time_sheet_date":"2020-09-11","notification_module_code":"TIMESHEET","notification_id":30025}}}', 0, '2020-09-11 17:56:26', '2020-09-11 17:56:26', '', '1599861386timesheet183', NULL, 1),
(30026, 188, '{"data":{"notification_title":"Time Sheet submitted for date 2020-09-11 in project 7480-19 \\/ Rocky Creek Wastewater Expansion","notification_body":"","notification_click_action":"timesheet","query_params":{"list":"","project_id_required":true,"site":2,"project":36,"time_sheet_date":"2020-09-11","notification_module_code":"TIMESHEET","notification_id":30026}}}', 0, '2020-09-11 17:56:26', '2020-09-11 17:56:26', '', '1599861386timesheet188', NULL, 1),
(30027, 197, '{"data":{"notification_title":"Time Sheet submitted for date 2020-09-11 in project 7480-19 \\/ Rocky Creek Wastewater Expansion","notification_body":"","notification_click_action":"timesheet","query_params":{"list":"","project_id_required":true,"site":2,"project":36,"time_sheet_date":"2020-09-11","notification_module_code":"TIMESHEET","notification_id":30027}}}', 0, '2020-09-11 17:56:26', '2020-09-11 17:56:26', '', '1599861386timesheet197', NULL, 1),
(30028, 215, '{"data":{"notification_title":"Time Sheet submitted for date 2020-09-11 in project 7480-19 \\/ Rocky Creek Wastewater Expansion","notification_body":"","notification_click_action":"timesheet","query_params":{"list":"","project_id_required":true,"site":2,"project":36,"time_sheet_date":"2020-09-11","notification_module_code":"TIMESHEET","notification_id":30028}}}', 0, '2020-09-11 17:56:26', '2020-09-11 17:56:26', '', '1599861386timesheet215', NULL, 1),
(30029, 268, '{"data":{"notification_title":"A djha submitted in project 3420-19 \\/ G-420 Pump Station.","notification_body":"","notification_click_action":"djha-list","query_params":{"list":"","site":15,"project":39,"project_id_required":true,"notification_module_code":"DJHA","notification_id":30029}}}', 0, '2020-09-12 08:51:44', '2020-09-12 08:51:44', '', '1599915104djha-list268', NULL, 1),
(30030, 268, '{"data":{"notification_title":"Time Sheet submitted for date 2020-09-11 in project 3420-19 \\/ G-420 Pump Station","notification_body":"","notification_click_action":"timesheet","query_params":{"list":"","project_id_required":true,"site":15,"project":39,"time_sheet_date":"2020-09-11","notification_module_code":"TIMESHEET","notification_id":30030}}}', 0, '2020-09-12 08:51:44', '2020-09-12 08:51:44', '', '1599915104timesheet268', NULL, 1),
(30031, 183, '{"data":{"notification_title":"A djha submitted in project 7340-19 \\/ Magnolia Valley Pump Station.","notification_body":"","notification_click_action":"djha-list","query_params":{"list":"","site":2,"project":37,"project_id_required":true,"notification_module_code":"DJHA","notification_id":30031}}}', 0, '2020-09-12 13:26:05', '2020-09-12 13:26:05', '', '1599931565djha-list183', NULL, 1),
(30032, 197, '{"data":{"notification_title":"A djha submitted in project 7340-19 \\/ Magnolia Valley Pump Station.","notification_body":"","notification_click_action":"djha-list","query_params":{"list":"","site":2,"project":37,"project_id_required":true,"notification_module_code":"DJHA","notification_id":30032}}}', 0, '2020-09-12 13:26:05', '2020-09-12 13:26:05', '', '1599931565djha-list197', NULL, 1),
(30033, 215, '{"data":{"notification_title":"A djha submitted in project 7340-19 \\/ Magnolia Valley Pump Station.","notification_body":"","notification_click_action":"djha-list","query_params":{"list":"","site":2,"project":37,"project_id_required":true,"notification_module_code":"DJHA","notification_id":30033}}}', 0, '2020-09-12 13:26:05', '2020-09-12 13:26:05', '', '1599931565djha-list215', NULL, 1),
(30034, 183, '{"data":{"notification_title":"Time Sheet submitted for date 2020-09-11 in project 7340-19 \\/ Magnolia Valley Pump Station","notification_body":"","notification_click_action":"timesheet","query_params":{"list":"","project_id_required":true,"site":2,"project":37,"time_sheet_date":"2020-09-11","notification_module_code":"TIMESHEET","notification_id":30034}}}', 0, '2020-09-12 13:26:05', '2020-09-12 13:26:05', '', '1599931565timesheet183', NULL, 1),
(30035, 197, '{"data":{"notification_title":"Time Sheet submitted for date 2020-09-11 in project 7340-19 \\/ Magnolia Valley Pump Station","notification_body":"","notification_click_action":"timesheet","query_params":{"list":"","project_id_required":true,"site":2,"project":37,"time_sheet_date":"2020-09-11","notification_module_code":"TIMESHEET","notification_id":30035}}}', 0, '2020-09-12 13:26:05', '2020-09-12 13:26:05', '', '1599931565timesheet197', NULL, 1),
(30036, 215, '{"data":{"notification_title":"Time Sheet submitted for date 2020-09-11 in project 7340-19 \\/ Magnolia Valley Pump Station","notification_body":"","notification_click_action":"timesheet","query_params":{"list":"","project_id_required":true,"site":2,"project":37,"time_sheet_date":"2020-09-11","notification_module_code":"TIMESHEET","notification_id":30036}}}', 0, '2020-09-12 13:26:05', '2020-09-12 13:26:05', '', '1599931565timesheet215', NULL, 1),
(30037, 183, '{"data":{"notification_title":"A djha submitted in project 7340-19 \\/ Magnolia Valley Pump Station.","notification_body":"","notification_click_action":"djha-list","query_params":{"list":"","site":2,"project":37,"project_id_required":true,"notification_module_code":"DJHA","notification_id":30037}}}', 0, '2020-09-12 13:30:15', '2020-09-12 13:30:15', '', '1599931815djha-list183', NULL, 1),
(30038, 197, '{"data":{"notification_title":"A djha submitted in project 7340-19 \\/ Magnolia Valley Pump Station.","notification_body":"","notification_click_action":"djha-list","query_params":{"list":"","site":2,"project":37,"project_id_required":true,"notification_module_code":"DJHA","notification_id":30038}}}', 0, '2020-09-12 13:30:15', '2020-09-12 13:30:15', '', '1599931815djha-list197', NULL, 1),
(30039, 215, '{"data":{"notification_title":"A djha submitted in project 7340-19 \\/ Magnolia Valley Pump Station.","notification_body":"","notification_click_action":"djha-list","query_params":{"list":"","site":2,"project":37,"project_id_required":true,"notification_module_code":"DJHA","notification_id":30039}}}', 0, '2020-09-12 13:30:15', '2020-09-12 13:30:15', '', '1599931815djha-list215', NULL, 1),
(30040, 183, '{"data":{"notification_title":"Time Sheet submitted for date 2020-09-12 in project 7340-19 \\/ Magnolia Valley Pump Station","notification_body":"","notification_click_action":"timesheet","query_params":{"list":"","project_id_required":true,"site":2,"project":37,"time_sheet_date":"2020-09-12","notification_module_code":"TIMESHEET","notification_id":30040}}}', 0, '2020-09-12 13:30:15', '2020-09-12 13:30:15', '', '1599931815timesheet183', NULL, 1),
(30041, 197, '{"data":{"notification_title":"Time Sheet submitted for date 2020-09-12 in project 7340-19 \\/ Magnolia Valley Pump Station","notification_body":"","notification_click_action":"timesheet","query_params":{"list":"","project_id_required":true,"site":2,"project":37,"time_sheet_date":"2020-09-12","notification_module_code":"TIMESHEET","notification_id":30041}}}', 0, '2020-09-12 13:30:15', '2020-09-12 13:30:16', '', '1599931815timesheet197', NULL, 1),
(30042, 215, '{"data":{"notification_title":"Time Sheet submitted for date 2020-09-12 in project 7340-19 \\/ Magnolia Valley Pump Station","notification_body":"","notification_click_action":"timesheet","query_params":{"list":"","project_id_required":true,"site":2,"project":37,"time_sheet_date":"2020-09-12","notification_module_code":"TIMESHEET","notification_id":30042}}}', 0, '2020-09-12 13:30:16', '2020-09-12 13:30:16', '', '1599931815timesheet215', NULL, 1),
(30043, 183, '{"data":{"notification_title":"A djha submitted in project 7480-19 \\/ Rocky Creek Wastewater Expansion.","notification_body":"","notification_click_action":"djha-list","query_params":{"list":"","site":2,"project":36,"project_id_required":true,"notification_module_code":"DJHA","notification_id":30043}}}', 0, '2020-09-12 15:51:21', '2020-09-12 15:51:21', '', '1599940281djha-list183', NULL, 1),
(30044, 188, '{"data":{"notification_title":"A djha submitted in project 7480-19 \\/ Rocky Creek Wastewater Expansion.","notification_body":"","notification_click_action":"djha-list","query_params":{"list":"","site":2,"project":36,"project_id_required":true,"notification_module_code":"DJHA","notification_id":30044}}}', 0, '2020-09-12 15:51:21', '2020-09-12 15:51:21', '', '1599940281djha-list188', NULL, 1),
(30045, 197, '{"data":{"notification_title":"A djha submitted in project 7480-19 \\/ Rocky Creek Wastewater Expansion.","notification_body":"","notification_click_action":"djha-list","query_params":{"list":"","site":2,"project":36,"project_id_required":true,"notification_module_code":"DJHA","notification_id":30045}}}', 0, '2020-09-12 15:51:21', '2020-09-12 15:51:21', '', '1599940281djha-list197', NULL, 1),
(30046, 215, '{"data":{"notification_title":"A djha submitted in project 7480-19 \\/ Rocky Creek Wastewater Expansion.","notification_body":"","notification_click_action":"djha-list","query_params":{"list":"","site":2,"project":36,"project_id_required":true,"notification_module_code":"DJHA","notification_id":30046}}}', 0, '2020-09-12 15:51:21', '2020-09-12 15:51:21', '', '1599940281djha-list215', NULL, 1),
(30047, 183, '{"data":{"notification_title":"Time Sheet submitted for date 2020-09-12 in project 7480-19 \\/ Rocky Creek Wastewater Expansion","notification_body":"","notification_click_action":"timesheet","query_params":{"list":"","project_id_required":true,"site":2,"project":36,"time_sheet_date":"2020-09-12","notification_module_code":"TIMESHEET","notification_id":30047}}}', 0, '2020-09-12 15:51:21', '2020-09-12 15:51:22', '', '1599940281timesheet183', NULL, 1),
(30048, 188, '{"data":{"notification_title":"Time Sheet submitted for date 2020-09-12 in project 7480-19 \\/ Rocky Creek Wastewater Expansion","notification_body":"","notification_click_action":"timesheet","query_params":{"list":"","project_id_required":true,"site":2,"project":36,"time_sheet_date":"2020-09-12","notification_module_code":"TIMESHEET","notification_id":30048}}}', 0, '2020-09-12 15:51:22', '2020-09-12 15:51:22', '', '1599940281timesheet188', NULL, 1),
(30049, 197, '{"data":{"notification_title":"Time Sheet submitted for date 2020-09-12 in project 7480-19 \\/ Rocky Creek Wastewater Expansion","notification_body":"","notification_click_action":"timesheet","query_params":{"list":"","project_id_required":true,"site":2,"project":36,"time_sheet_date":"2020-09-12","notification_module_code":"TIMESHEET","notification_id":30049}}}', 0, '2020-09-12 15:51:22', '2020-09-12 15:51:22', '', '1599940281timesheet197', NULL, 1),
(30050, 215, '{"data":{"notification_title":"Time Sheet submitted for date 2020-09-12 in project 7480-19 \\/ Rocky Creek Wastewater Expansion","notification_body":"","notification_click_action":"timesheet","query_params":{"list":"","project_id_required":true,"site":2,"project":36,"time_sheet_date":"2020-09-12","notification_module_code":"TIMESHEET","notification_id":30050}}}', 0, '2020-09-12 15:51:22', '2020-09-12 15:51:22', '', '1599940281timesheet215', NULL, 1),
(30051, 183, '{"data":{"notification_title":"Time Sheet submitted for project 7770-20 \\/ Midnight Pass on date 2020-09-07 has been approved by General Suprintendent Bobby  Wynn Sr","notification_body":"","notification_click_action":"timesheet","query_params":{"list":"","project_id_required":true,"site":5,"project":56,"time_sheet_date":"2020-09-07","notification_module_code":"TIMESHEET","notification_id":30051}}}', 0, '2020-09-12 16:02:29', '2020-09-12 16:02:29', '', '1599940949timesheet183', NULL, 1),
(30052, 202, '{"data":{"notification_title":"Time Sheet submitted for project 7770-20 \\/ Midnight Pass on date 2020-09-07 has been approved by General Suprintendent Bobby  Wynn Sr","notification_body":"","notification_click_action":"timesheet","query_params":{"list":"","project_id_required":true,"site":5,"project":56,"time_sheet_date":"2020-09-07","notification_module_code":"TIMESHEET","notification_id":30052}}}', 0, '2020-09-12 16:02:29', '2020-09-12 16:02:29', '', '1599940949timesheet202', NULL, 1),
(30053, 221, '{"data":{"notification_title":"Time Sheet submitted for project 7770-20 \\/ Midnight Pass on date 2020-09-07 has been approved by General Suprintendent Bobby  Wynn Sr","notification_body":"","notification_click_action":"timesheet","query_params":{"list":"","project_id_required":true,"site":5,"project":56,"time_sheet_date":"2020-09-07","notification_module_code":"TIMESHEET","notification_id":30053}}}', 0, '2020-09-12 16:02:29', '2020-09-12 16:02:29', '', '1599940949timesheet221', NULL, 1),
(30054, 183, '{"data":{"notification_title":"Time Sheet submitted for project 7770-20 \\/ Midnight Pass on date 2020-09-08 has been approved by General Suprintendent Bobby  Wynn Sr","notification_body":"","notification_click_action":"timesheet","query_params":{"list":"","project_id_required":true,"site":5,"project":56,"time_sheet_date":"2020-09-08","notification_module_code":"TIMESHEET","notification_id":30054}}}', 0, '2020-09-12 16:05:30', '2020-09-12 16:05:30', '', '1599941130timesheet183', NULL, 1),
(30055, 202, '{"data":{"notification_title":"Time Sheet submitted for project 7770-20 \\/ Midnight Pass on date 2020-09-08 has been approved by General Suprintendent Bobby  Wynn Sr","notification_body":"","notification_click_action":"timesheet","query_params":{"list":"","project_id_required":true,"site":5,"project":56,"time_sheet_date":"2020-09-08","notification_module_code":"TIMESHEET","notification_id":30055}}}', 0, '2020-09-12 16:05:30', '2020-09-12 16:05:30', '', '1599941130timesheet202', NULL, 1),
(30056, 221, '{"data":{"notification_title":"Time Sheet submitted for project 7770-20 \\/ Midnight Pass on date 2020-09-08 has been approved by General Suprintendent Bobby  Wynn Sr","notification_body":"","notification_click_action":"timesheet","query_params":{"list":"","project_id_required":true,"site":5,"project":56,"time_sheet_date":"2020-09-08","notification_module_code":"TIMESHEET","notification_id":30056}}}', 0, '2020-09-12 16:05:30', '2020-09-12 16:05:30', '', '1599941130timesheet221', NULL, 1),
(30057, 183, '{"data":{"notification_title":"Time Sheet submitted for project 7770-20 \\/ Midnight Pass on date 2020-09-09 has been approved by General Suprintendent Bobby  Wynn Sr","notification_body":"","notification_click_action":"timesheet","query_params":{"list":"","project_id_required":true,"site":5,"project":56,"time_sheet_date":"2020-09-09","notification_module_code":"TIMESHEET","notification_id":30057}}}', 0, '2020-09-12 16:08:32', '2020-09-12 16:08:32', '', '1599941312timesheet183', NULL, 1),
(30058, 202, '{"data":{"notification_title":"Time Sheet submitted for project 7770-20 \\/ Midnight Pass on date 2020-09-09 has been approved by General Suprintendent Bobby  Wynn Sr","notification_body":"","notification_click_action":"timesheet","query_params":{"list":"","project_id_required":true,"site":5,"project":56,"time_sheet_date":"2020-09-09","notification_module_code":"TIMESHEET","notification_id":30058}}}', 0, '2020-09-12 16:08:32', '2020-09-12 16:08:32', '', '1599941312timesheet202', NULL, 1),
(30059, 221, '{"data":{"notification_title":"Time Sheet submitted for project 7770-20 \\/ Midnight Pass on date 2020-09-09 has been approved by General Suprintendent Bobby  Wynn Sr","notification_body":"","notification_click_action":"timesheet","query_params":{"list":"","project_id_required":true,"site":5,"project":56,"time_sheet_date":"2020-09-09","notification_module_code":"TIMESHEET","notification_id":30059}}}', 0, '2020-09-12 16:08:32', '2020-09-12 16:08:32', '', '1599941312timesheet221', NULL, 1),
(30060, 183, '{"data":{"notification_title":"Time Sheet submitted for project 7770-20 \\/ Midnight Pass on date 2020-09-10 has been approved by General Suprintendent Bobby  Wynn Sr","notification_body":"","notification_click_action":"timesheet","query_params":{"list":"","project_id_required":true,"site":5,"project":56,"time_sheet_date":"2020-09-10","notification_module_code":"TIMESHEET","notification_id":30060}}}', 0, '2020-09-12 16:10:40', '2020-09-12 16:10:40', '', '1599941440timesheet183', NULL, 1),
(30061, 202, '{"data":{"notification_title":"Time Sheet submitted for project 7770-20 \\/ Midnight Pass on date 2020-09-10 has been approved by General Suprintendent Bobby  Wynn Sr","notification_body":"","notification_click_action":"timesheet","query_params":{"list":"","project_id_required":true,"site":5,"project":56,"time_sheet_date":"2020-09-10","notification_module_code":"TIMESHEET","notification_id":30061}}}', 0, '2020-09-12 16:10:40', '2020-09-12 16:10:40', '', '1599941440timesheet202', NULL, 1),
(30062, 221, '{"data":{"notification_title":"Time Sheet submitted for project 7770-20 \\/ Midnight Pass on date 2020-09-10 has been approved by General Suprintendent Bobby  Wynn Sr","notification_body":"","notification_click_action":"timesheet","query_params":{"list":"","project_id_required":true,"site":5,"project":56,"time_sheet_date":"2020-09-10","notification_module_code":"TIMESHEET","notification_id":30062}}}', 0, '2020-09-12 16:10:40', '2020-09-12 16:10:40', '', '1599941440timesheet221', NULL, 1),
(30063, 183, '{"data":{"notification_title":"Time Sheet submitted for project 7770-20 \\/ Midnight Pass on date 2020-09-11 has been approved by General Suprintendent Bobby  Wynn Sr","notification_body":"","notification_click_action":"timesheet","query_params":{"list":"","project_id_required":true,"site":5,"project":56,"time_sheet_date":"2020-09-11","notification_module_code":"TIMESHEET","notification_id":30063}}}', 0, '2020-09-12 16:13:58', '2020-09-12 16:13:58', '', '1599941638timesheet183', NULL, 1);
INSERT INTO `notification_history` (`id`, `user_id`, `notification_data`, `is_seen`, `created_at`, `modified_at`, `notification_type`, `notification_code`, `app_notification_data`, `is_site_notification`) VALUES
(30064, 202, '{"data":{"notification_title":"Time Sheet submitted for project 7770-20 \\/ Midnight Pass on date 2020-09-11 has been approved by General Suprintendent Bobby  Wynn Sr","notification_body":"","notification_click_action":"timesheet","query_params":{"list":"","project_id_required":true,"site":5,"project":56,"time_sheet_date":"2020-09-11","notification_module_code":"TIMESHEET","notification_id":30064}}}', 0, '2020-09-12 16:13:58', '2020-09-12 16:13:58', '', '1599941638timesheet202', NULL, 1),
(30065, 221, '{"data":{"notification_title":"Time Sheet submitted for project 7770-20 \\/ Midnight Pass on date 2020-09-11 has been approved by General Suprintendent Bobby  Wynn Sr","notification_body":"","notification_click_action":"timesheet","query_params":{"list":"","project_id_required":true,"site":5,"project":56,"time_sheet_date":"2020-09-11","notification_module_code":"TIMESHEET","notification_id":30065}}}', 0, '2020-09-12 16:13:58', '2020-09-12 16:13:58', '', '1599941638timesheet221', NULL, 1),
(30066, 183, '{"data":{"notification_title":"Time Sheet submitted for project 7720-19 Multi - Use Recreational Trail at Coon Key on date 2020-09-07 has been approved by General Suprintendent Bobby  Wynn Sr","notification_body":"","notification_click_action":"timesheet","query_params":{"list":"","project_id_required":true,"site":5,"project":31,"time_sheet_date":"2020-09-07","notification_module_code":"TIMESHEET","notification_id":30066}}}', 0, '2020-09-12 16:14:53', '2020-09-12 16:14:53', '', '1599941693timesheet183', NULL, 1),
(30067, 202, '{"data":{"notification_title":"Time Sheet submitted for project 7720-19 Multi - Use Recreational Trail at Coon Key on date 2020-09-07 has been approved by General Suprintendent Bobby  Wynn Sr","notification_body":"","notification_click_action":"timesheet","query_params":{"list":"","project_id_required":true,"site":5,"project":31,"time_sheet_date":"2020-09-07","notification_module_code":"TIMESHEET","notification_id":30067}}}', 0, '2020-09-12 16:14:53', '2020-09-12 16:14:53', '', '1599941693timesheet202', NULL, 1),
(30068, 221, '{"data":{"notification_title":"Time Sheet submitted for project 7720-19 Multi - Use Recreational Trail at Coon Key on date 2020-09-07 has been approved by General Suprintendent Bobby  Wynn Sr","notification_body":"","notification_click_action":"timesheet","query_params":{"list":"","project_id_required":true,"site":5,"project":31,"time_sheet_date":"2020-09-07","notification_module_code":"TIMESHEET","notification_id":30068}}}', 0, '2020-09-12 16:14:54', '2020-09-12 16:14:54', '', '1599941693timesheet221', NULL, 1),
(30069, 229, '{"data":{"notification_title":"Time Sheet submitted for project 7720-19 Multi - Use Recreational Trail at Coon Key on date 2020-09-07 has been approved by General Suprintendent Bobby  Wynn Sr","notification_body":"","notification_click_action":"timesheet","query_params":{"list":"","project_id_required":true,"site":5,"project":31,"time_sheet_date":"2020-09-07","notification_module_code":"TIMESHEET","notification_id":30069}}}', 0, '2020-09-12 16:14:54', '2020-09-12 16:14:54', '', '1599941693timesheet229', NULL, 1),
(30070, 234, '{"data":{"notification_title":"Time Sheet submitted for project 7720-19 Multi - Use Recreational Trail at Coon Key on date 2020-09-07 has been approved by General Suprintendent Bobby  Wynn Sr","notification_body":"","notification_click_action":"timesheet","query_params":{"list":"","project_id_required":true,"site":5,"project":31,"time_sheet_date":"2020-09-07","notification_module_code":"TIMESHEET","notification_id":30070}}}', 0, '2020-09-12 16:14:54', '2020-09-12 16:14:54', '', '1599941693timesheet234', NULL, 1),
(30071, 183, '{"data":{"notification_title":"Time Sheet submitted for project 7720-19 Multi - Use Recreational Trail at Coon Key on date 2020-09-08 has been approved by General Suprintendent Bobby  Wynn Sr","notification_body":"","notification_click_action":"timesheet","query_params":{"list":"","project_id_required":true,"site":5,"project":31,"time_sheet_date":"2020-09-08","notification_module_code":"TIMESHEET","notification_id":30071}}}', 0, '2020-09-12 16:16:41', '2020-09-12 16:16:41', '', '1599941801timesheet183', NULL, 1),
(30072, 202, '{"data":{"notification_title":"Time Sheet submitted for project 7720-19 Multi - Use Recreational Trail at Coon Key on date 2020-09-08 has been approved by General Suprintendent Bobby  Wynn Sr","notification_body":"","notification_click_action":"timesheet","query_params":{"list":"","project_id_required":true,"site":5,"project":31,"time_sheet_date":"2020-09-08","notification_module_code":"TIMESHEET","notification_id":30072}}}', 0, '2020-09-12 16:16:41', '2020-09-12 16:16:41', '', '1599941801timesheet202', NULL, 1),
(30073, 221, '{"data":{"notification_title":"Time Sheet submitted for project 7720-19 Multi - Use Recreational Trail at Coon Key on date 2020-09-08 has been approved by General Suprintendent Bobby  Wynn Sr","notification_body":"","notification_click_action":"timesheet","query_params":{"list":"","project_id_required":true,"site":5,"project":31,"time_sheet_date":"2020-09-08","notification_module_code":"TIMESHEET","notification_id":30073}}}', 0, '2020-09-12 16:16:41', '2020-09-12 16:16:41', '', '1599941801timesheet221', NULL, 1),
(30074, 229, '{"data":{"notification_title":"Time Sheet submitted for project 7720-19 Multi - Use Recreational Trail at Coon Key on date 2020-09-08 has been approved by General Suprintendent Bobby  Wynn Sr","notification_body":"","notification_click_action":"timesheet","query_params":{"list":"","project_id_required":true,"site":5,"project":31,"time_sheet_date":"2020-09-08","notification_module_code":"TIMESHEET","notification_id":30074}}}', 0, '2020-09-12 16:16:42', '2020-09-12 16:16:42', '', '1599941801timesheet229', NULL, 1),
(30075, 234, '{"data":{"notification_title":"Time Sheet submitted for project 7720-19 Multi - Use Recreational Trail at Coon Key on date 2020-09-08 has been approved by General Suprintendent Bobby  Wynn Sr","notification_body":"","notification_click_action":"timesheet","query_params":{"list":"","project_id_required":true,"site":5,"project":31,"time_sheet_date":"2020-09-08","notification_module_code":"TIMESHEET","notification_id":30075}}}', 0, '2020-09-12 16:16:42', '2020-09-12 16:16:42', '', '1599941801timesheet234', NULL, 1),
(30076, 183, '{"data":{"notification_title":"Time Sheet submitted for project 7720-19 Multi - Use Recreational Trail at Coon Key on date 2020-09-10 has been approved by General Suprintendent Bobby  Wynn Sr","notification_body":"","notification_click_action":"timesheet","query_params":{"list":"","project_id_required":true,"site":5,"project":31,"time_sheet_date":"2020-09-10","notification_module_code":"TIMESHEET","notification_id":30076}}}', 0, '2020-09-12 16:17:39', '2020-09-12 16:17:39', '', '1599941859timesheet183', NULL, 1),
(30077, 202, '{"data":{"notification_title":"Time Sheet submitted for project 7720-19 Multi - Use Recreational Trail at Coon Key on date 2020-09-10 has been approved by General Suprintendent Bobby  Wynn Sr","notification_body":"","notification_click_action":"timesheet","query_params":{"list":"","project_id_required":true,"site":5,"project":31,"time_sheet_date":"2020-09-10","notification_module_code":"TIMESHEET","notification_id":30077}}}', 0, '2020-09-12 16:17:40', '2020-09-12 16:17:40', '', '1599941859timesheet202', NULL, 1),
(30078, 221, '{"data":{"notification_title":"Time Sheet submitted for project 7720-19 Multi - Use Recreational Trail at Coon Key on date 2020-09-10 has been approved by General Suprintendent Bobby  Wynn Sr","notification_body":"","notification_click_action":"timesheet","query_params":{"list":"","project_id_required":true,"site":5,"project":31,"time_sheet_date":"2020-09-10","notification_module_code":"TIMESHEET","notification_id":30078}}}', 0, '2020-09-12 16:17:40', '2020-09-12 16:17:40', '', '1599941859timesheet221', NULL, 1),
(30079, 229, '{"data":{"notification_title":"Time Sheet submitted for project 7720-19 Multi - Use Recreational Trail at Coon Key on date 2020-09-10 has been approved by General Suprintendent Bobby  Wynn Sr","notification_body":"","notification_click_action":"timesheet","query_params":{"list":"","project_id_required":true,"site":5,"project":31,"time_sheet_date":"2020-09-10","notification_module_code":"TIMESHEET","notification_id":30079}}}', 0, '2020-09-12 16:17:40', '2020-09-12 16:17:40', '', '1599941859timesheet229', NULL, 1),
(30080, 234, '{"data":{"notification_title":"Time Sheet submitted for project 7720-19 Multi - Use Recreational Trail at Coon Key on date 2020-09-10 has been approved by General Suprintendent Bobby  Wynn Sr","notification_body":"","notification_click_action":"timesheet","query_params":{"list":"","project_id_required":true,"site":5,"project":31,"time_sheet_date":"2020-09-10","notification_module_code":"TIMESHEET","notification_id":30080}}}', 0, '2020-09-12 16:17:40', '2020-09-12 16:17:40', '', '1599941859timesheet234', NULL, 1),
(30081, 183, '{"data":{"notification_title":"A djha submitted in project 7720-19 Multi - Use Recreational Trail at Coon Key.","notification_body":"","notification_click_action":"djha-list","query_params":{"list":"","site":5,"project":31,"project_id_required":true,"notification_module_code":"DJHA","notification_id":30081}}}', 0, '2020-09-12 17:44:12', '2020-09-12 17:44:12', '', '1599947052djha-list183', NULL, 1),
(30082, 202, '{"data":{"notification_title":"A djha submitted in project 7720-19 Multi - Use Recreational Trail at Coon Key.","notification_body":"","notification_click_action":"djha-list","query_params":{"list":"","site":5,"project":31,"project_id_required":true,"notification_module_code":"DJHA","notification_id":30082}}}', 0, '2020-09-12 17:44:12', '2020-09-12 17:44:12', '', '1599947052djha-list202', NULL, 1),
(30083, 221, '{"data":{"notification_title":"A djha submitted in project 7720-19 Multi - Use Recreational Trail at Coon Key.","notification_body":"","notification_click_action":"djha-list","query_params":{"list":"","site":5,"project":31,"project_id_required":true,"notification_module_code":"DJHA","notification_id":30083}}}', 0, '2020-09-12 17:44:12', '2020-09-12 17:44:12', '', '1599947052djha-list221', NULL, 1),
(30084, 229, '{"data":{"notification_title":"A djha submitted in project 7720-19 Multi - Use Recreational Trail at Coon Key.","notification_body":"","notification_click_action":"djha-list","query_params":{"list":"","site":5,"project":31,"project_id_required":true,"notification_module_code":"DJHA","notification_id":30084}}}', 0, '2020-09-12 17:44:13', '2020-09-12 17:44:13', '', '1599947052djha-list229', NULL, 1),
(30085, 234, '{"data":{"notification_title":"A djha submitted in project 7720-19 Multi - Use Recreational Trail at Coon Key.","notification_body":"","notification_click_action":"djha-list","query_params":{"list":"","site":5,"project":31,"project_id_required":true,"notification_module_code":"DJHA","notification_id":30085}}}', 0, '2020-09-12 17:44:13', '2020-09-12 17:44:13', '', '1599947052djha-list234', NULL, 1),
(30086, 183, '{"data":{"notification_title":"Time Sheet submitted for date 2020-09-11 in project 7720-19 Multi - Use Recreational Trail at Coon Key","notification_body":"","notification_click_action":"timesheet","query_params":{"list":"","project_id_required":true,"site":5,"project":31,"time_sheet_date":"2020-09-11","notification_module_code":"TIMESHEET","notification_id":30086}}}', 0, '2020-09-12 17:44:13', '2020-09-12 17:44:13', '', '1599947053timesheet183', NULL, 1),
(30087, 202, '{"data":{"notification_title":"Time Sheet submitted for date 2020-09-11 in project 7720-19 Multi - Use Recreational Trail at Coon Key","notification_body":"","notification_click_action":"timesheet","query_params":{"list":"","project_id_required":true,"site":5,"project":31,"time_sheet_date":"2020-09-11","notification_module_code":"TIMESHEET","notification_id":30087}}}', 0, '2020-09-12 17:44:13', '2020-09-12 17:44:13', '', '1599947053timesheet202', NULL, 1),
(30088, 221, '{"data":{"notification_title":"Time Sheet submitted for date 2020-09-11 in project 7720-19 Multi - Use Recreational Trail at Coon Key","notification_body":"","notification_click_action":"timesheet","query_params":{"list":"","project_id_required":true,"site":5,"project":31,"time_sheet_date":"2020-09-11","notification_module_code":"TIMESHEET","notification_id":30088}}}', 0, '2020-09-12 17:44:13', '2020-09-12 17:44:13', '', '1599947053timesheet221', NULL, 1),
(30089, 229, '{"data":{"notification_title":"Time Sheet submitted for date 2020-09-11 in project 7720-19 Multi - Use Recreational Trail at Coon Key","notification_body":"","notification_click_action":"timesheet","query_params":{"list":"","project_id_required":true,"site":5,"project":31,"time_sheet_date":"2020-09-11","notification_module_code":"TIMESHEET","notification_id":30089}}}', 0, '2020-09-12 17:44:13', '2020-09-12 17:44:13', '', '1599947053timesheet229', NULL, 1),
(30090, 234, '{"data":{"notification_title":"Time Sheet submitted for date 2020-09-11 in project 7720-19 Multi - Use Recreational Trail at Coon Key","notification_body":"","notification_click_action":"timesheet","query_params":{"list":"","project_id_required":true,"site":5,"project":31,"time_sheet_date":"2020-09-11","notification_module_code":"TIMESHEET","notification_id":30090}}}', 0, '2020-09-12 17:44:13', '2020-09-12 17:44:14', '', '1599947053timesheet234', NULL, 1),
(30091, 183, '{"data":{"notification_title":"Time Sheet submitted for project 7720-19 Multi - Use Recreational Trail at Coon Key on date 2020-09-11 has been approved by General Suprintendent Bobby  Wynn Sr","notification_body":"","notification_click_action":"timesheet","query_params":{"list":"","project_id_required":true,"site":5,"project":31,"time_sheet_date":"2020-09-11","notification_module_code":"TIMESHEET","notification_id":30091}}}', 0, '2020-09-13 07:50:45', '2020-09-13 07:50:45', '', '1599997845timesheet183', NULL, 1),
(30092, 202, '{"data":{"notification_title":"Time Sheet submitted for project 7720-19 Multi - Use Recreational Trail at Coon Key on date 2020-09-11 has been approved by General Suprintendent Bobby  Wynn Sr","notification_body":"","notification_click_action":"timesheet","query_params":{"list":"","project_id_required":true,"site":5,"project":31,"time_sheet_date":"2020-09-11","notification_module_code":"TIMESHEET","notification_id":30092}}}', 0, '2020-09-13 07:50:45', '2020-09-13 07:50:45', '', '1599997845timesheet202', NULL, 1),
(30093, 221, '{"data":{"notification_title":"Time Sheet submitted for project 7720-19 Multi - Use Recreational Trail at Coon Key on date 2020-09-11 has been approved by General Suprintendent Bobby  Wynn Sr","notification_body":"","notification_click_action":"timesheet","query_params":{"list":"","project_id_required":true,"site":5,"project":31,"time_sheet_date":"2020-09-11","notification_module_code":"TIMESHEET","notification_id":30093}}}', 0, '2020-09-13 07:50:45', '2020-09-13 07:50:45', '', '1599997845timesheet221', NULL, 1),
(30094, 229, '{"data":{"notification_title":"Time Sheet submitted for project 7720-19 Multi - Use Recreational Trail at Coon Key on date 2020-09-11 has been approved by General Suprintendent Bobby  Wynn Sr","notification_body":"","notification_click_action":"timesheet","query_params":{"list":"","project_id_required":true,"site":5,"project":31,"time_sheet_date":"2020-09-11","notification_module_code":"TIMESHEET","notification_id":30094}}}', 0, '2020-09-13 07:50:45', '2020-09-13 07:50:45', '', '1599997845timesheet229', NULL, 1),
(30095, 234, '{"data":{"notification_title":"Time Sheet submitted for project 7720-19 Multi - Use Recreational Trail at Coon Key on date 2020-09-11 has been approved by General Suprintendent Bobby  Wynn Sr","notification_body":"","notification_click_action":"timesheet","query_params":{"list":"","project_id_required":true,"site":5,"project":31,"time_sheet_date":"2020-09-11","notification_module_code":"TIMESHEET","notification_id":30095}}}', 0, '2020-09-13 07:50:45', '2020-09-13 07:50:45', '', '1599997845timesheet234', NULL, 1),
(30096, 268, '{"data":{"notification_title":"A djha submitted in project 3000-17 \\/ Maimi Bridge Project.","notification_body":"","notification_click_action":"djha-list","query_params":{"list":"","site":15,"project":41,"project_id_required":true,"notification_module_code":"DJHA","notification_id":30096}}}', 0, '2020-09-13 07:51:28', '2020-09-13 07:51:28', '', '1599997887djha-list268', NULL, 1),
(30097, 268, '{"data":{"notification_title":"Time Sheet submitted for date 2020-09-11 in project 3000-17 \\/ Maimi Bridge Project","notification_body":"","notification_click_action":"timesheet","query_params":{"list":"","project_id_required":true,"site":15,"project":41,"time_sheet_date":"2020-09-11","notification_module_code":"TIMESHEET","notification_id":30097}}}', 0, '2020-09-13 07:51:28', '2020-09-13 07:51:28', '', '1599997888timesheet268', NULL, 1),
(30098, 183, '{"data":{"notification_title":"Employee Stanley Kalinowski Terminated.","notification_body":"","notification_click_action":"view-employee","query_params":{"list":"","empId":"544","project_id_required":false,"notification_module_code":"EMPLOYEE","notification_id":30098}}}', 0, '2020-09-13 09:20:52', '2020-09-13 09:20:52', '', '1600003252view-employee183', NULL, 1),
(30099, 202, '{"data":{"notification_title":"Employee Stanley Kalinowski Terminated.","notification_body":"","notification_click_action":"view-employee","query_params":{"list":"","empId":"544","project_id_required":false,"notification_module_code":"EMPLOYEE","notification_id":30099}}}', 0, '2020-09-13 09:20:52', '2020-09-13 09:20:52', '', '1600003252view-employee202', NULL, 1),
(30100, 221, '{"data":{"notification_title":"Employee Stanley Kalinowski Terminated.","notification_body":"","notification_click_action":"view-employee","query_params":{"list":"","empId":"544","project_id_required":false,"notification_module_code":"EMPLOYEE","notification_id":30100}}}', 0, '2020-09-13 09:20:52', '2020-09-13 09:20:52', '', '1600003252view-employee221', NULL, 1),
(30101, 268, '{"data":{"notification_title":"Time Sheet submitted for project 3000-17 \\/ Maimi Bridge Project on date 2020-09-07 has been approved by General Suprintendent James R Hester Jr.","notification_body":"","notification_click_action":"timesheet","query_params":{"list":"","project_id_required":true,"site":15,"project":41,"time_sheet_date":"2020-09-07","notification_module_code":"TIMESHEET","notification_id":30101}}}', 0, '2020-09-13 11:11:39', '2020-09-13 11:11:39', '', '1600009899timesheet268', NULL, 1),
(30102, 268, '{"data":{"notification_title":"Time Sheet submitted for project 3000-17 \\/ Maimi Bridge Project on date 2020-09-08 has been approved by General Suprintendent James R Hester Jr.","notification_body":"","notification_click_action":"timesheet","query_params":{"list":"","project_id_required":true,"site":15,"project":41,"time_sheet_date":"2020-09-08","notification_module_code":"TIMESHEET","notification_id":30102}}}', 0, '2020-09-13 11:11:44', '2020-09-13 11:11:44', '', '1600009904timesheet268', NULL, 1),
(30103, 268, '{"data":{"notification_title":"Time Sheet submitted for project 3000-17 \\/ Maimi Bridge Project on date 2020-09-09 has been approved by General Suprintendent James R Hester Jr.","notification_body":"","notification_click_action":"timesheet","query_params":{"list":"","project_id_required":true,"site":15,"project":41,"time_sheet_date":"2020-09-09","notification_module_code":"TIMESHEET","notification_id":30103}}}', 0, '2020-09-13 11:11:50', '2020-09-13 11:11:50', '', '1600009910timesheet268', NULL, 1),
(30104, 268, '{"data":{"notification_title":"Time Sheet submitted for project 3000-17 \\/ Maimi Bridge Project on date 2020-09-10 has been approved by General Suprintendent James R Hester Jr.","notification_body":"","notification_click_action":"timesheet","query_params":{"list":"","project_id_required":true,"site":15,"project":41,"time_sheet_date":"2020-09-10","notification_module_code":"TIMESHEET","notification_id":30104}}}', 0, '2020-09-13 11:11:55', '2020-09-13 11:11:55', '', '1600009915timesheet268', NULL, 1),
(30105, 268, '{"data":{"notification_title":"Time Sheet submitted for project 3000-17 \\/ Maimi Bridge Project on date 2020-09-11 has been approved by General Suprintendent James R Hester Jr.","notification_body":"","notification_click_action":"timesheet","query_params":{"list":"","project_id_required":true,"site":15,"project":41,"time_sheet_date":"2020-09-11","notification_module_code":"TIMESHEET","notification_id":30105}}}', 0, '2020-09-13 11:12:01', '2020-09-13 11:12:01', '', '1600009921timesheet268', NULL, 1),
(30106, 268, '{"data":{"notification_title":"Time Sheet submitted for project 3420-19 \\/ G-420 Pump Station on date 2020-09-07 has been approved by General Suprintendent James R Hester Jr.","notification_body":"","notification_click_action":"timesheet","query_params":{"list":"","project_id_required":true,"site":15,"project":39,"time_sheet_date":"2020-09-07","notification_module_code":"TIMESHEET","notification_id":30106}}}', 0, '2020-09-13 11:14:09', '2020-09-13 11:14:09', '', '1600010049timesheet268', NULL, 1),
(30107, 268, '{"data":{"notification_title":"Time Sheet submitted for project 3420-19 \\/ G-420 Pump Station on date 2020-09-08 has been approved by General Suprintendent James R Hester Jr.","notification_body":"","notification_click_action":"timesheet","query_params":{"list":"","project_id_required":true,"site":15,"project":39,"time_sheet_date":"2020-09-08","notification_module_code":"TIMESHEET","notification_id":30107}}}', 0, '2020-09-13 11:14:15', '2020-09-13 11:14:15', '', '1600010055timesheet268', NULL, 1),
(30108, 268, '{"data":{"notification_title":"Time Sheet submitted for project 3420-19 \\/ G-420 Pump Station on date 2020-09-09 has been approved by General Suprintendent James R Hester Jr.","notification_body":"","notification_click_action":"timesheet","query_params":{"list":"","project_id_required":true,"site":15,"project":39,"time_sheet_date":"2020-09-09","notification_module_code":"TIMESHEET","notification_id":30108}}}', 0, '2020-09-13 11:14:20', '2020-09-13 11:14:21', '', '1600010060timesheet268', NULL, 1),
(30109, 268, '{"data":{"notification_title":"Time Sheet submitted for project 3420-19 \\/ G-420 Pump Station on date 2020-09-10 has been approved by General Suprintendent James R Hester Jr.","notification_body":"","notification_click_action":"timesheet","query_params":{"list":"","project_id_required":true,"site":15,"project":39,"time_sheet_date":"2020-09-10","notification_module_code":"TIMESHEET","notification_id":30109}}}', 0, '2020-09-13 11:14:26', '2020-09-13 11:14:26', '', '1600010066timesheet268', NULL, 1),
(30110, 268, '{"data":{"notification_title":"Time Sheet submitted for project 3420-19 \\/ G-420 Pump Station on date 2020-09-11 has been approved by General Suprintendent James R Hester Jr.","notification_body":"","notification_click_action":"timesheet","query_params":{"list":"","project_id_required":true,"site":15,"project":39,"time_sheet_date":"2020-09-11","notification_module_code":"TIMESHEET","notification_id":30110}}}', 0, '2020-09-13 11:14:36', '2020-09-13 11:14:36', '', '1600010076timesheet268', NULL, 1),
(30111, 183, '{"data":{"notification_title":"A djha submitted in project 7480-19 \\/ Rocky Creek Wastewater Expansion.","notification_body":"","notification_click_action":"djha-list","query_params":{"list":"","site":2,"project":36,"project_id_required":true,"notification_module_code":"DJHA","notification_id":30111}}}', 0, '2020-09-13 18:06:41', '2020-09-13 18:06:41', '', '1600034801djha-list183', NULL, 1),
(30112, 188, '{"data":{"notification_title":"A djha submitted in project 7480-19 \\/ Rocky Creek Wastewater Expansion.","notification_body":"","notification_click_action":"djha-list","query_params":{"list":"","site":2,"project":36,"project_id_required":true,"notification_module_code":"DJHA","notification_id":30112}}}', 0, '2020-09-13 18:06:42', '2020-09-13 18:06:42', '', '1600034801djha-list188', NULL, 1),
(30113, 197, '{"data":{"notification_title":"A djha submitted in project 7480-19 \\/ Rocky Creek Wastewater Expansion.","notification_body":"","notification_click_action":"djha-list","query_params":{"list":"","site":2,"project":36,"project_id_required":true,"notification_module_code":"DJHA","notification_id":30113}}}', 0, '2020-09-13 18:06:42', '2020-09-13 18:06:42', '', '1600034801djha-list197', NULL, 1),
(30114, 215, '{"data":{"notification_title":"A djha submitted in project 7480-19 \\/ Rocky Creek Wastewater Expansion.","notification_body":"","notification_click_action":"djha-list","query_params":{"list":"","site":2,"project":36,"project_id_required":true,"notification_module_code":"DJHA","notification_id":30114}}}', 0, '2020-09-13 18:06:42', '2020-09-13 18:06:42', '', '1600034801djha-list215', NULL, 1),
(30115, 183, '{"data":{"notification_title":"Time Sheet submitted for date 2020-09-13 in project 7480-19 \\/ Rocky Creek Wastewater Expansion","notification_body":"","notification_click_action":"timesheet","query_params":{"list":"","project_id_required":true,"site":2,"project":36,"time_sheet_date":"2020-09-13","notification_module_code":"TIMESHEET","notification_id":30115}}}', 0, '2020-09-13 18:06:42', '2020-09-13 18:06:42', '', '1600034802timesheet183', NULL, 1),
(30116, 188, '{"data":{"notification_title":"Time Sheet submitted for date 2020-09-13 in project 7480-19 \\/ Rocky Creek Wastewater Expansion","notification_body":"","notification_click_action":"timesheet","query_params":{"list":"","project_id_required":true,"site":2,"project":36,"time_sheet_date":"2020-09-13","notification_module_code":"TIMESHEET","notification_id":30116}}}', 0, '2020-09-13 18:06:42', '2020-09-13 18:06:42', '', '1600034802timesheet188', NULL, 1),
(30117, 197, '{"data":{"notification_title":"Time Sheet submitted for date 2020-09-13 in project 7480-19 \\/ Rocky Creek Wastewater Expansion","notification_body":"","notification_click_action":"timesheet","query_params":{"list":"","project_id_required":true,"site":2,"project":36,"time_sheet_date":"2020-09-13","notification_module_code":"TIMESHEET","notification_id":30117}}}', 0, '2020-09-13 18:06:42', '2020-09-13 18:06:42', '', '1600034802timesheet197', NULL, 1),
(30118, 215, '{"data":{"notification_title":"Time Sheet submitted for date 2020-09-13 in project 7480-19 \\/ Rocky Creek Wastewater Expansion","notification_body":"","notification_click_action":"timesheet","query_params":{"list":"","project_id_required":true,"site":2,"project":36,"time_sheet_date":"2020-09-13","notification_module_code":"TIMESHEET","notification_id":30118}}}', 0, '2020-09-13 18:06:42', '2020-09-13 18:06:42', '', '1600034802timesheet215', NULL, 1),
(30119, 183, '{"data":{"notification_title":"A djha submitted in project 7340-19 \\/ Magnolia Valley Pump Station.","notification_body":"","notification_click_action":"djha-list","query_params":{"list":"","site":2,"project":37,"project_id_required":true,"notification_module_code":"DJHA","notification_id":30119}}}', 0, '2020-09-13 19:36:56', '2020-09-13 19:36:56', '', '1600040216djha-list183', NULL, 1),
(30120, 197, '{"data":{"notification_title":"A djha submitted in project 7340-19 \\/ Magnolia Valley Pump Station.","notification_body":"","notification_click_action":"djha-list","query_params":{"list":"","site":2,"project":37,"project_id_required":true,"notification_module_code":"DJHA","notification_id":30120}}}', 0, '2020-09-13 19:36:56', '2020-09-13 19:36:56', '', '1600040216djha-list197', NULL, 1),
(30121, 215, '{"data":{"notification_title":"A djha submitted in project 7340-19 \\/ Magnolia Valley Pump Station.","notification_body":"","notification_click_action":"djha-list","query_params":{"list":"","site":2,"project":37,"project_id_required":true,"notification_module_code":"DJHA","notification_id":30121}}}', 0, '2020-09-13 19:36:56', '2020-09-13 19:36:56', '', '1600040216djha-list215', NULL, 1),
(30122, 183, '{"data":{"notification_title":"Time Sheet submitted for date 2020-09-13 in project 7340-19 \\/ Magnolia Valley Pump Station","notification_body":"","notification_click_action":"timesheet","query_params":{"list":"","project_id_required":true,"site":2,"project":37,"time_sheet_date":"2020-09-13","notification_module_code":"TIMESHEET","notification_id":30122}}}', 0, '2020-09-13 19:36:56', '2020-09-13 19:36:56', '', '1600040216timesheet183', NULL, 1),
(30123, 197, '{"data":{"notification_title":"Time Sheet submitted for date 2020-09-13 in project 7340-19 \\/ Magnolia Valley Pump Station","notification_body":"","notification_click_action":"timesheet","query_params":{"list":"","project_id_required":true,"site":2,"project":37,"time_sheet_date":"2020-09-13","notification_module_code":"TIMESHEET","notification_id":30123}}}', 0, '2020-09-13 19:36:57', '2020-09-13 19:36:57', '', '1600040216timesheet197', NULL, 1),
(30124, 215, '{"data":{"notification_title":"Time Sheet submitted for date 2020-09-13 in project 7340-19 \\/ Magnolia Valley Pump Station","notification_body":"","notification_click_action":"timesheet","query_params":{"list":"","project_id_required":true,"site":2,"project":37,"time_sheet_date":"2020-09-13","notification_module_code":"TIMESHEET","notification_id":30124}}}', 0, '2020-09-13 19:36:57', '2020-09-13 19:36:57', '', '1600040216timesheet215', NULL, 1),
(30125, 183, '{"data":{"notification_title":"Time Sheet submitted for project 7340-19 \\/ Magnolia Valley Pump Station on date 2020-09-08 has been approved by General Suprintendent Brian Driggers","notification_body":"","notification_click_action":"timesheet","query_params":{"list":"","project_id_required":true,"site":2,"project":37,"time_sheet_date":"2020-09-08","notification_module_code":"TIMESHEET","notification_id":30125}}}', 0, '2020-09-13 21:46:50', '2020-09-13 21:46:50', '', '1600048010timesheet183', NULL, 1),
(30126, 197, '{"data":{"notification_title":"Time Sheet submitted for project 7340-19 \\/ Magnolia Valley Pump Station on date 2020-09-08 has been approved by General Suprintendent Brian Driggers","notification_body":"","notification_click_action":"timesheet","query_params":{"list":"","project_id_required":true,"site":2,"project":37,"time_sheet_date":"2020-09-08","notification_module_code":"TIMESHEET","notification_id":30126}}}', 0, '2020-09-13 21:46:50', '2020-09-13 21:46:50', '', '1600048010timesheet197', NULL, 1),
(30127, 215, '{"data":{"notification_title":"Time Sheet submitted for project 7340-19 \\/ Magnolia Valley Pump Station on date 2020-09-08 has been approved by General Suprintendent Brian Driggers","notification_body":"","notification_click_action":"timesheet","query_params":{"list":"","project_id_required":true,"site":2,"project":37,"time_sheet_date":"2020-09-08","notification_module_code":"TIMESHEET","notification_id":30127}}}', 0, '2020-09-13 21:46:50', '2020-09-13 21:46:50', '', '1600048010timesheet215', NULL, 1),
(30128, 183, '{"data":{"notification_title":"Time Sheet submitted for project 7340-19 \\/ Magnolia Valley Pump Station on date 2020-09-09 has been approved by General Suprintendent Brian Driggers","notification_body":"","notification_click_action":"timesheet","query_params":{"list":"","project_id_required":true,"site":2,"project":37,"time_sheet_date":"2020-09-09","notification_module_code":"TIMESHEET","notification_id":30128}}}', 0, '2020-09-13 21:47:20', '2020-09-13 21:47:20', '', '1600048040timesheet183', NULL, 1),
(30129, 197, '{"data":{"notification_title":"Time Sheet submitted for project 7340-19 \\/ Magnolia Valley Pump Station on date 2020-09-09 has been approved by General Suprintendent Brian Driggers","notification_body":"","notification_click_action":"timesheet","query_params":{"list":"","project_id_required":true,"site":2,"project":37,"time_sheet_date":"2020-09-09","notification_module_code":"TIMESHEET","notification_id":30129}}}', 0, '2020-09-13 21:47:20', '2020-09-13 21:47:20', '', '1600048040timesheet197', NULL, 1),
(30130, 215, '{"data":{"notification_title":"Time Sheet submitted for project 7340-19 \\/ Magnolia Valley Pump Station on date 2020-09-09 has been approved by General Suprintendent Brian Driggers","notification_body":"","notification_click_action":"timesheet","query_params":{"list":"","project_id_required":true,"site":2,"project":37,"time_sheet_date":"2020-09-09","notification_module_code":"TIMESHEET","notification_id":30130}}}', 0, '2020-09-13 21:47:20', '2020-09-13 21:47:20', '', '1600048040timesheet215', NULL, 1),
(30131, 183, '{"data":{"notification_title":"Time Sheet submitted for project 7340-19 \\/ Magnolia Valley Pump Station on date 2020-09-10 has been approved by General Suprintendent Brian Driggers","notification_body":"","notification_click_action":"timesheet","query_params":{"list":"","project_id_required":true,"site":2,"project":37,"time_sheet_date":"2020-09-10","notification_module_code":"TIMESHEET","notification_id":30131}}}', 0, '2020-09-13 21:47:36', '2020-09-13 21:47:36', '', '1600048056timesheet183', NULL, 1),
(30132, 197, '{"data":{"notification_title":"Time Sheet submitted for project 7340-19 \\/ Magnolia Valley Pump Station on date 2020-09-10 has been approved by General Suprintendent Brian Driggers","notification_body":"","notification_click_action":"timesheet","query_params":{"list":"","project_id_required":true,"site":2,"project":37,"time_sheet_date":"2020-09-10","notification_module_code":"TIMESHEET","notification_id":30132}}}', 0, '2020-09-13 21:47:36', '2020-09-13 21:47:36', '', '1600048056timesheet197', NULL, 1),
(30133, 215, '{"data":{"notification_title":"Time Sheet submitted for project 7340-19 \\/ Magnolia Valley Pump Station on date 2020-09-10 has been approved by General Suprintendent Brian Driggers","notification_body":"","notification_click_action":"timesheet","query_params":{"list":"","project_id_required":true,"site":2,"project":37,"time_sheet_date":"2020-09-10","notification_module_code":"TIMESHEET","notification_id":30133}}}', 0, '2020-09-13 21:47:36', '2020-09-13 21:47:36', '', '1600048056timesheet215', NULL, 1),
(30134, 183, '{"data":{"notification_title":"Time Sheet submitted for project 7340-19 \\/ Magnolia Valley Pump Station on date 2020-09-11 has been approved by General Suprintendent Brian Driggers","notification_body":"","notification_click_action":"timesheet","query_params":{"list":"","project_id_required":true,"site":2,"project":37,"time_sheet_date":"2020-09-11","notification_module_code":"TIMESHEET","notification_id":30134}}}', 0, '2020-09-13 21:48:08', '2020-09-13 21:48:08', '', '1600048088timesheet183', NULL, 1),
(30135, 197, '{"data":{"notification_title":"Time Sheet submitted for project 7340-19 \\/ Magnolia Valley Pump Station on date 2020-09-11 has been approved by General Suprintendent Brian Driggers","notification_body":"","notification_click_action":"timesheet","query_params":{"list":"","project_id_required":true,"site":2,"project":37,"time_sheet_date":"2020-09-11","notification_module_code":"TIMESHEET","notification_id":30135}}}', 0, '2020-09-13 21:48:08', '2020-09-13 21:48:08', '', '1600048088timesheet197', NULL, 1),
(30136, 215, '{"data":{"notification_title":"Time Sheet submitted for project 7340-19 \\/ Magnolia Valley Pump Station on date 2020-09-11 has been approved by General Suprintendent Brian Driggers","notification_body":"","notification_click_action":"timesheet","query_params":{"list":"","project_id_required":true,"site":2,"project":37,"time_sheet_date":"2020-09-11","notification_module_code":"TIMESHEET","notification_id":30136}}}', 0, '2020-09-13 21:48:08', '2020-09-13 21:48:08', '', '1600048088timesheet215', NULL, 1),
(30137, 183, '{"data":{"notification_title":"Time Sheet submitted for project 7340-19 \\/ Magnolia Valley Pump Station on date 2020-09-12 has been approved by General Suprintendent Brian Driggers","notification_body":"","notification_click_action":"timesheet","query_params":{"list":"","project_id_required":true,"site":2,"project":37,"time_sheet_date":"2020-09-12","notification_module_code":"TIMESHEET","notification_id":30137}}}', 0, '2020-09-13 21:48:23', '2020-09-13 21:48:23', '', '1600048103timesheet183', NULL, 1),
(30138, 197, '{"data":{"notification_title":"Time Sheet submitted for project 7340-19 \\/ Magnolia Valley Pump Station on date 2020-09-12 has been approved by General Suprintendent Brian Driggers","notification_body":"","notification_click_action":"timesheet","query_params":{"list":"","project_id_required":true,"site":2,"project":37,"time_sheet_date":"2020-09-12","notification_module_code":"TIMESHEET","notification_id":30138}}}', 0, '2020-09-13 21:48:23', '2020-09-13 21:48:23', '', '1600048103timesheet197', NULL, 1),
(30139, 215, '{"data":{"notification_title":"Time Sheet submitted for project 7340-19 \\/ Magnolia Valley Pump Station on date 2020-09-12 has been approved by General Suprintendent Brian Driggers","notification_body":"","notification_click_action":"timesheet","query_params":{"list":"","project_id_required":true,"site":2,"project":37,"time_sheet_date":"2020-09-12","notification_module_code":"TIMESHEET","notification_id":30139}}}', 0, '2020-09-13 21:48:23', '2020-09-13 21:48:23', '', '1600048103timesheet215', NULL, 1),
(30140, 183, '{"data":{"notification_title":"Time Sheet submitted for project 7480-19 \\/ Rocky Creek Wastewater Expansion on date 2020-09-06 has been approved by General Suprintendent Brian Driggers","notification_body":"","notification_click_action":"timesheet","query_params":{"list":"","project_id_required":true,"site":2,"project":36,"time_sheet_date":"2020-09-06","notification_module_code":"TIMESHEET","notification_id":30140}}}', 0, '2020-09-13 21:49:55', '2020-09-13 21:49:55', '', '1600048195timesheet183', NULL, 1),
(30141, 188, '{"data":{"notification_title":"Time Sheet submitted for project 7480-19 \\/ Rocky Creek Wastewater Expansion on date 2020-09-06 has been approved by General Suprintendent Brian Driggers","notification_body":"","notification_click_action":"timesheet","query_params":{"list":"","project_id_required":true,"site":2,"project":36,"time_sheet_date":"2020-09-06","notification_module_code":"TIMESHEET","notification_id":30141}}}', 0, '2020-09-13 21:49:55', '2020-09-13 21:49:55', '', '1600048195timesheet188', NULL, 1),
(30142, 197, '{"data":{"notification_title":"Time Sheet submitted for project 7480-19 \\/ Rocky Creek Wastewater Expansion on date 2020-09-06 has been approved by General Suprintendent Brian Driggers","notification_body":"","notification_click_action":"timesheet","query_params":{"list":"","project_id_required":true,"site":2,"project":36,"time_sheet_date":"2020-09-06","notification_module_code":"TIMESHEET","notification_id":30142}}}', 0, '2020-09-13 21:49:55', '2020-09-13 21:49:55', '', '1600048195timesheet197', NULL, 1),
(30143, 215, '{"data":{"notification_title":"Time Sheet submitted for project 7480-19 \\/ Rocky Creek Wastewater Expansion on date 2020-09-06 has been approved by General Suprintendent Brian Driggers","notification_body":"","notification_click_action":"timesheet","query_params":{"list":"","project_id_required":true,"site":2,"project":36,"time_sheet_date":"2020-09-06","notification_module_code":"TIMESHEET","notification_id":30143}}}', 0, '2020-09-13 21:49:55', '2020-09-13 21:49:55', '', '1600048195timesheet215', NULL, 1),
(30144, 183, '{"data":{"notification_title":"Time Sheet submitted for project 7480-19 \\/ Rocky Creek Wastewater Expansion on date 2020-09-07 has been approved by General Suprintendent Brian Driggers","notification_body":"","notification_click_action":"timesheet","query_params":{"list":"","project_id_required":true,"site":2,"project":36,"time_sheet_date":"2020-09-07","notification_module_code":"TIMESHEET","notification_id":30144}}}', 0, '2020-09-13 21:50:47', '2020-09-13 21:50:47', '', '1600048247timesheet183', NULL, 1),
(30145, 188, '{"data":{"notification_title":"Time Sheet submitted for project 7480-19 \\/ Rocky Creek Wastewater Expansion on date 2020-09-07 has been approved by General Suprintendent Brian Driggers","notification_body":"","notification_click_action":"timesheet","query_params":{"list":"","project_id_required":true,"site":2,"project":36,"time_sheet_date":"2020-09-07","notification_module_code":"TIMESHEET","notification_id":30145}}}', 0, '2020-09-13 21:50:47', '2020-09-13 21:50:47', '', '1600048247timesheet188', NULL, 1),
(30146, 197, '{"data":{"notification_title":"Time Sheet submitted for project 7480-19 \\/ Rocky Creek Wastewater Expansion on date 2020-09-07 has been approved by General Suprintendent Brian Driggers","notification_body":"","notification_click_action":"timesheet","query_params":{"list":"","project_id_required":true,"site":2,"project":36,"time_sheet_date":"2020-09-07","notification_module_code":"TIMESHEET","notification_id":30146}}}', 0, '2020-09-13 21:50:47', '2020-09-13 21:50:47', '', '1600048247timesheet197', NULL, 1),
(30147, 215, '{"data":{"notification_title":"Time Sheet submitted for project 7480-19 \\/ Rocky Creek Wastewater Expansion on date 2020-09-07 has been approved by General Suprintendent Brian Driggers","notification_body":"","notification_click_action":"timesheet","query_params":{"list":"","project_id_required":true,"site":2,"project":36,"time_sheet_date":"2020-09-07","notification_module_code":"TIMESHEET","notification_id":30147}}}', 0, '2020-09-13 21:50:47', '2020-09-13 21:50:47', '', '1600048247timesheet215', NULL, 1),
(30148, 183, '{"data":{"notification_title":"Time Sheet submitted for project 7480-19 \\/ Rocky Creek Wastewater Expansion on date 2020-09-08 has been approved by General Suprintendent Brian Driggers","notification_body":"","notification_click_action":"timesheet","query_params":{"list":"","project_id_required":true,"site":2,"project":36,"time_sheet_date":"2020-09-08","notification_module_code":"TIMESHEET","notification_id":30148}}}', 0, '2020-09-13 21:52:32', '2020-09-13 21:52:32', '', '1600048352timesheet183', NULL, 1),
(30149, 188, '{"data":{"notification_title":"Time Sheet submitted for project 7480-19 \\/ Rocky Creek Wastewater Expansion on date 2020-09-08 has been approved by General Suprintendent Brian Driggers","notification_body":"","notification_click_action":"timesheet","query_params":{"list":"","project_id_required":true,"site":2,"project":36,"time_sheet_date":"2020-09-08","notification_module_code":"TIMESHEET","notification_id":30149}}}', 0, '2020-09-13 21:52:32', '2020-09-13 21:52:32', '', '1600048352timesheet188', NULL, 1),
(30150, 197, '{"data":{"notification_title":"Time Sheet submitted for project 7480-19 \\/ Rocky Creek Wastewater Expansion on date 2020-09-08 has been approved by General Suprintendent Brian Driggers","notification_body":"","notification_click_action":"timesheet","query_params":{"list":"","project_id_required":true,"site":2,"project":36,"time_sheet_date":"2020-09-08","notification_module_code":"TIMESHEET","notification_id":30150}}}', 0, '2020-09-13 21:52:32', '2020-09-13 21:52:32', '', '1600048352timesheet197', NULL, 1),
(30151, 215, '{"data":{"notification_title":"Time Sheet submitted for project 7480-19 \\/ Rocky Creek Wastewater Expansion on date 2020-09-08 has been approved by General Suprintendent Brian Driggers","notification_body":"","notification_click_action":"timesheet","query_params":{"list":"","project_id_required":true,"site":2,"project":36,"time_sheet_date":"2020-09-08","notification_module_code":"TIMESHEET","notification_id":30151}}}', 0, '2020-09-13 21:52:32', '2020-09-13 21:52:32', '', '1600048352timesheet215', NULL, 1),
(30152, 183, '{"data":{"notification_title":"Time Sheet submitted for project 7480-19 \\/ Rocky Creek Wastewater Expansion on date 2020-09-09 has been approved by General Suprintendent Brian Driggers","notification_body":"","notification_click_action":"timesheet","query_params":{"list":"","project_id_required":true,"site":2,"project":36,"time_sheet_date":"2020-09-09","notification_module_code":"TIMESHEET","notification_id":30152}}}', 0, '2020-09-13 21:55:23', '2020-09-13 21:55:23', '', '1600048523timesheet183', NULL, 1),
(30153, 188, '{"data":{"notification_title":"Time Sheet submitted for project 7480-19 \\/ Rocky Creek Wastewater Expansion on date 2020-09-09 has been approved by General Suprintendent Brian Driggers","notification_body":"","notification_click_action":"timesheet","query_params":{"list":"","project_id_required":true,"site":2,"project":36,"time_sheet_date":"2020-09-09","notification_module_code":"TIMESHEET","notification_id":30153}}}', 0, '2020-09-13 21:55:23', '2020-09-13 21:55:23', '', '1600048523timesheet188', NULL, 1),
(30154, 197, '{"data":{"notification_title":"Time Sheet submitted for project 7480-19 \\/ Rocky Creek Wastewater Expansion on date 2020-09-09 has been approved by General Suprintendent Brian Driggers","notification_body":"","notification_click_action":"timesheet","query_params":{"list":"","project_id_required":true,"site":2,"project":36,"time_sheet_date":"2020-09-09","notification_module_code":"TIMESHEET","notification_id":30154}}}', 0, '2020-09-13 21:55:23', '2020-09-13 21:55:23', '', '1600048523timesheet197', NULL, 1),
(30155, 215, '{"data":{"notification_title":"Time Sheet submitted for project 7480-19 \\/ Rocky Creek Wastewater Expansion on date 2020-09-09 has been approved by General Suprintendent Brian Driggers","notification_body":"","notification_click_action":"timesheet","query_params":{"list":"","project_id_required":true,"site":2,"project":36,"time_sheet_date":"2020-09-09","notification_module_code":"TIMESHEET","notification_id":30155}}}', 0, '2020-09-13 21:55:23', '2020-09-13 21:55:23', '', '1600048523timesheet215', NULL, 1),
(30156, 183, '{"data":{"notification_title":"Time Sheet submitted for project 7480-19 \\/ Rocky Creek Wastewater Expansion on date 2020-09-10 has been approved by General Suprintendent Brian Driggers","notification_body":"","notification_click_action":"timesheet","query_params":{"list":"","project_id_required":true,"site":2,"project":36,"time_sheet_date":"2020-09-10","notification_module_code":"TIMESHEET","notification_id":30156}}}', 0, '2020-09-13 21:56:29', '2020-09-13 21:56:29', '', '1600048589timesheet183', NULL, 1),
(30157, 188, '{"data":{"notification_title":"Time Sheet submitted for project 7480-19 \\/ Rocky Creek Wastewater Expansion on date 2020-09-10 has been approved by General Suprintendent Brian Driggers","notification_body":"","notification_click_action":"timesheet","query_params":{"list":"","project_id_required":true,"site":2,"project":36,"time_sheet_date":"2020-09-10","notification_module_code":"TIMESHEET","notification_id":30157}}}', 0, '2020-09-13 21:56:29', '2020-09-13 21:56:29', '', '1600048589timesheet188', NULL, 1),
(30158, 197, '{"data":{"notification_title":"Time Sheet submitted for project 7480-19 \\/ Rocky Creek Wastewater Expansion on date 2020-09-10 has been approved by General Suprintendent Brian Driggers","notification_body":"","notification_click_action":"timesheet","query_params":{"list":"","project_id_required":true,"site":2,"project":36,"time_sheet_date":"2020-09-10","notification_module_code":"TIMESHEET","notification_id":30158}}}', 0, '2020-09-13 21:56:29', '2020-09-13 21:56:29', '', '1600048589timesheet197', NULL, 1),
(30159, 215, '{"data":{"notification_title":"Time Sheet submitted for project 7480-19 \\/ Rocky Creek Wastewater Expansion on date 2020-09-10 has been approved by General Suprintendent Brian Driggers","notification_body":"","notification_click_action":"timesheet","query_params":{"list":"","project_id_required":true,"site":2,"project":36,"time_sheet_date":"2020-09-10","notification_module_code":"TIMESHEET","notification_id":30159}}}', 0, '2020-09-13 21:56:29', '2020-09-13 21:56:29', '', '1600048589timesheet215', NULL, 1),
(30160, 183, '{"data":{"notification_title":"Time Sheet submitted for project 7480-19 \\/ Rocky Creek Wastewater Expansion on date 2020-09-11 has been approved by General Suprintendent Brian Driggers","notification_body":"","notification_click_action":"timesheet","query_params":{"list":"","project_id_required":true,"site":2,"project":36,"time_sheet_date":"2020-09-11","notification_module_code":"TIMESHEET","notification_id":30160}}}', 0, '2020-09-13 22:00:03', '2020-09-13 22:00:03', '', '1600048803timesheet183', NULL, 1),
(30161, 188, '{"data":{"notification_title":"Time Sheet submitted for project 7480-19 \\/ Rocky Creek Wastewater Expansion on date 2020-09-11 has been approved by General Suprintendent Brian Driggers","notification_body":"","notification_click_action":"timesheet","query_params":{"list":"","project_id_required":true,"site":2,"project":36,"time_sheet_date":"2020-09-11","notification_module_code":"TIMESHEET","notification_id":30161}}}', 0, '2020-09-13 22:00:03', '2020-09-13 22:00:03', '', '1600048803timesheet188', NULL, 1),
(30162, 197, '{"data":{"notification_title":"Time Sheet submitted for project 7480-19 \\/ Rocky Creek Wastewater Expansion on date 2020-09-11 has been approved by General Suprintendent Brian Driggers","notification_body":"","notification_click_action":"timesheet","query_params":{"list":"","project_id_required":true,"site":2,"project":36,"time_sheet_date":"2020-09-11","notification_module_code":"TIMESHEET","notification_id":30162}}}', 0, '2020-09-13 22:00:03', '2020-09-13 22:00:03', '', '1600048803timesheet197', NULL, 1),
(30163, 215, '{"data":{"notification_title":"Time Sheet submitted for project 7480-19 \\/ Rocky Creek Wastewater Expansion on date 2020-09-11 has been approved by General Suprintendent Brian Driggers","notification_body":"","notification_click_action":"timesheet","query_params":{"list":"","project_id_required":true,"site":2,"project":36,"time_sheet_date":"2020-09-11","notification_module_code":"TIMESHEET","notification_id":30163}}}', 0, '2020-09-13 22:00:03', '2020-09-13 22:00:03', '', '1600048803timesheet215', NULL, 1);
INSERT INTO `notification_history` (`id`, `user_id`, `notification_data`, `is_seen`, `created_at`, `modified_at`, `notification_type`, `notification_code`, `app_notification_data`, `is_site_notification`) VALUES
(30164, 183, '{"data":{"notification_title":"Time Sheet submitted for project 7480-19 \\/ Rocky Creek Wastewater Expansion on date 2020-09-12 has been approved by General Suprintendent Brian Driggers","notification_body":"","notification_click_action":"timesheet","query_params":{"list":"","project_id_required":true,"site":2,"project":36,"time_sheet_date":"2020-09-12","notification_module_code":"TIMESHEET","notification_id":30164}}}', 0, '2020-09-13 22:00:52', '2020-09-13 22:00:52', '', '1600048852timesheet183', NULL, 1),
(30165, 188, '{"data":{"notification_title":"Time Sheet submitted for project 7480-19 \\/ Rocky Creek Wastewater Expansion on date 2020-09-12 has been approved by General Suprintendent Brian Driggers","notification_body":"","notification_click_action":"timesheet","query_params":{"list":"","project_id_required":true,"site":2,"project":36,"time_sheet_date":"2020-09-12","notification_module_code":"TIMESHEET","notification_id":30165}}}', 0, '2020-09-13 22:00:52', '2020-09-13 22:00:52', '', '1600048852timesheet188', NULL, 1),
(30166, 197, '{"data":{"notification_title":"Time Sheet submitted for project 7480-19 \\/ Rocky Creek Wastewater Expansion on date 2020-09-12 has been approved by General Suprintendent Brian Driggers","notification_body":"","notification_click_action":"timesheet","query_params":{"list":"","project_id_required":true,"site":2,"project":36,"time_sheet_date":"2020-09-12","notification_module_code":"TIMESHEET","notification_id":30166}}}', 0, '2020-09-13 22:00:52', '2020-09-13 22:00:52', '', '1600048852timesheet197', NULL, 1),
(30167, 215, '{"data":{"notification_title":"Time Sheet submitted for project 7480-19 \\/ Rocky Creek Wastewater Expansion on date 2020-09-12 has been approved by General Suprintendent Brian Driggers","notification_body":"","notification_click_action":"timesheet","query_params":{"list":"","project_id_required":true,"site":2,"project":36,"time_sheet_date":"2020-09-12","notification_module_code":"TIMESHEET","notification_id":30167}}}', 0, '2020-09-13 22:00:52', '2020-09-13 22:00:52', '', '1600048852timesheet215', NULL, 1),
(30168, 222, '{"data":{"notification_title":"You have received employee James Watford III transferred request in project 7720-19 Multi - Use Recreational Trail at Coon Key","notification_body":"","notification_click_action":"employee","query_params":{"list":"transferred","site":5,"project":"31","notification_module_code":"EMPLOYEE","notification_id":30168}}}', 1, '2020-09-14 04:04:28', '2020-09-14 04:06:59', '', '1600070668employee222', NULL, 1),
(30169, 222, '{"data":{"notification_title":"You have received employee Roy Douglas transferred request in project 7720-19 Multi - Use Recreational Trail at Coon Key","notification_body":"","notification_click_action":"employee","query_params":{"list":"transferred","site":5,"project":"31","notification_module_code":"EMPLOYEE","notification_id":30169}}}', 1, '2020-09-14 04:05:11', '2020-09-14 04:06:40', '', '1600070711employee222', NULL, 1),
(30170, 222, '{"data":{"notification_title":"Employee Roy Douglas has been transferred from project 7770-20 \\/ Midnight Pass to project 7720-19 Multi - Use Recreational Trail at Coon Key","notification_body":"","notification_click_action":"employee","query_params":{"list":"transferred","site":5,"project":{},"notification_module_code":"EMPLOYEE","notification_id":30170}}}', 0, '2020-09-14 04:06:47', '2020-09-14 04:06:47', '', '1600070807employee222', NULL, 1),
(30171, 222, '{"data":{"notification_title":"Employee James Watford III has been transferred from project 7770-20 \\/ Midnight Pass to project 7720-19 Multi - Use Recreational Trail at Coon Key","notification_body":"","notification_click_action":"employee","query_params":{"list":"transferred","site":5,"project":{},"notification_module_code":"EMPLOYEE","notification_id":30171}}}', 0, '2020-09-14 04:06:50', '2020-09-14 04:06:50', '', '1600070810employee222', NULL, 1),
(30172, 228, '{"data":{"notification_title":"Employee James Watford III has been transferred from project 7770-20 \\/ Midnight Pass to project 7720-19 Multi - Use Recreational Trail at Coon Key","notification_body":"","notification_click_action":"employee","query_params":{"list":"transferred","site":5,"project":{},"notification_module_code":"EMPLOYEE","notification_id":30172}}}', 0, '2020-09-14 04:06:50', '2020-09-14 04:06:50', '', '1600070810employee228', NULL, 1),
(30173, 268, '{"data":{"notification_title":"Tool box talk added in project 3000-17 \\/ Maimi Bridge Project","notification_body":"","notification_click_action":"toolbox-talk","query_params":{"list":"","site":15,"project":"41","notification_module_code":"TOOL_BOX_TALK_LIST","notification_id":30173}}}', 0, '2020-09-14 07:06:22', '2020-09-14 07:06:22', '', '1600081582toolbox-talk268', NULL, 1);

-- --------------------------------------------------------

--
-- Table structure for table `notification_modules`
--

CREATE TABLE `notification_modules` (
  `id` int(11) NOT NULL,
  `module_name` varchar(255) COLLATE utf8_unicode_ci NOT NULL,
  `module_code` varchar(255) COLLATE utf8_unicode_ci NOT NULL,
  `created_at` datetime NOT NULL,
  `modified_at` datetime NOT NULL
) ENGINE=InnoDB DEFAULT CHARSET=utf8 COLLATE=utf8_unicode_ci;

--
-- Dumping data for table `notification_modules`
--

INSERT INTO `notification_modules` (`id`, `module_name`, `module_code`, `created_at`, `modified_at`) VALUES
(1, 'Employee', 'EMPLOYEE', '2018-10-01 13:08:17', '2018-10-01 13:08:17'),
(2, 'Equipment', 'EQUIPMENT', '2018-10-01 13:08:17', '2018-10-01 13:08:17'),
(3, 'Timesheet', 'TIMESHEET', '2018-10-01 13:08:17', '2018-10-01 13:08:17'),
(4, 'Job Site', 'JOB_SITE', '2018-11-15 00:00:00', '2018-11-15 00:00:00'),
(5, 'Project', 'PROJECT', '2018-11-15 00:00:00', '2018-11-15 00:00:00'),
(6, 'Certificate', 'CERTIFICATE', '2018-11-15 00:00:00', '2018-11-15 00:00:00'),
(32, 'Confined space checklist', 'CONFINED_SPACE_PRE_ENTRY_CHECKLIST', '2018-11-15 00:00:00', '2018-11-15 00:00:00'),
(33, 'Permit required entry ', 'CONFINED_SPACE_ENTRY_PERMIT', '2018-11-15 00:00:00', '2018-11-15 00:00:00'),
(34, 'Djha', 'DJHA', '2018-11-15 00:00:00', '2018-11-15 00:00:00'),
(35, 'Employee disciplinary action form', 'EMPLOYEE_DISCIPLINARY_ACTION_FORM', '2018-11-15 00:00:00', '2018-11-15 00:00:00'),
(37, 'Operator evaluation form', 'OPERATOR_EVALUATION_FORM', '2018-11-15 00:00:00', '2018-11-15 00:00:00'),
(38, 'Hot work', 'HOT_WORK', '2018-11-15 00:00:00', '2018-11-15 00:00:00'),
(39, 'Incident', 'INCIDENT', '2018-11-15 00:00:00', '2018-11-15 00:00:00'),
(41, 'Site Audit', 'SITE_AUDIT', '2018-11-15 00:00:00', '2018-11-15 00:00:00'),
(42, 'Tool box talk list', 'TOOL_BOX_TALK_LIST', '2018-11-15 00:00:00', '2018-11-15 00:00:00'),
(43, 'Manage User', 'MANAGE_USER', '2018-11-16 00:00:00', '2018-11-16 00:00:00');

-- --------------------------------------------------------

--
-- Table structure for table `on_site_rescue_personnel_designation`
--

CREATE TABLE `on_site_rescue_personnel_designation` (
  `id` int(11) NOT NULL,
  `rescue_plan_id` int(11) NOT NULL,
  `name` varchar(255) COLLATE utf8_unicode_ci NOT NULL,
  `designation` varchar(255) COLLATE utf8_unicode_ci NOT NULL,
  `created_at` datetime NOT NULL,
  `modified_at` datetime NOT NULL
) ENGINE=InnoDB DEFAULT CHARSET=utf8 COLLATE=utf8_unicode_ci;

--
-- Dumping data for table `on_site_rescue_personnel_designation`
--

INSERT INTO `on_site_rescue_personnel_designation` (`id`, `rescue_plan_id`, `name`, `designation`, `created_at`, `modified_at`) VALUES
(5, 1, 'gdfgh', 'fghfg', '2018-11-26 01:24:28', '2018-11-26 01:24:28'),
(6, 1, 'dfghd', 'gdgh', '2018-11-26 01:24:28', '2018-11-26 01:24:28'),
(7, 1, 'rtytry', 'hdgh', '2018-11-26 01:24:28', '2018-11-26 01:24:28'),
(8, 1, 'dghdfg', 'rtyrty', '2018-11-26 01:24:28', '2018-11-26 01:24:28'),
(9, 5, 'sg', 'fsdgdf', '2018-11-26 01:51:57', '2018-11-26 01:51:57'),
(10, 5, 'dfgsdgf', 'dfgd', '2018-11-26 01:51:57', '2018-11-26 01:51:57'),
(11, 5, 'gdfg', 'dfgfg', '2018-11-26 01:51:57', '2018-11-26 01:51:57'),
(12, 5, 'dfgdf', 'gsdfg', '2018-11-26 01:51:57', '2018-11-26 01:51:57'),
(13, 6, 'sdgsdfgdf', 'fgdg', '2018-11-26 01:53:41', '2018-11-26 01:53:41'),
(14, 6, 'dfgsdfg', 'dgsd', '2018-11-26 01:53:41', '2018-11-26 01:53:41'),
(15, 6, 'fgd', 'fgdfg', '2018-11-26 01:53:41', '2018-11-26 01:53:41'),
(16, 6, 'dfg', 'gdf', '2018-11-26 01:53:41', '2018-11-26 01:53:41'),
(17, 15, ' dfg sdfg dsg sd', 'f sdfg gd sg', '2019-03-07 02:13:16', '2019-03-07 02:13:16'),
(18, 15, ' dsfgdsfg d', ' dfgdfg d', '2019-03-07 02:13:16', '2019-03-07 02:13:16'),
(19, 15, ' sdfgd sg', ' dsfg g', '2019-03-07 02:13:16', '2019-03-07 02:13:16'),
(20, 15, ' dgf545 ', '45454  gfdfgdf', '2019-03-07 02:13:16', '2019-03-07 02:13:16'),
(21, 20, 'Scott Saylor', 'Rescuer', '2019-03-07 12:30:47', '2019-03-07 12:30:47'),
(22, 21, 'Scott Saylor', 'Rescuer', '2019-03-07 12:49:28', '2019-03-07 12:49:28'),
(23, 23, 'yrtytr', 'tyrty', '2019-03-08 01:59:46', '2019-03-08 01:59:46'),
(24, 23, 'yrtyrty', 'etrt', '2019-03-08 01:59:46', '2019-03-08 01:59:46'),
(25, 23, 'rtrytu', 'yuiuy', '2019-03-08 01:59:46', '2019-03-08 01:59:46'),
(26, 23, 'ghjhgj', 'wqew', '2019-03-08 01:59:46', '2019-03-08 01:59:46'),
(27, 25, 'gjfj', 'gfjfgj', '2019-03-11 02:24:18', '2019-03-11 02:24:18'),
(28, 16, 'test', 'test', '2019-03-11 02:26:53', '2019-03-11 02:26:53'),
(29, 32, 'ytuy', 'ytutyu', '2019-03-12 09:15:21', '2019-03-12 09:15:21'),
(30, 32, 'ytu', 'yutyu', '2019-03-12 09:15:21', '2019-03-12 09:15:21'),
(31, 32, 'tyu', 'tyjghjgh', '2019-03-12 09:15:21', '2019-03-12 09:15:21'),
(32, 32, 'ffhyrytu', 'yuy', '2019-03-12 09:15:21', '2019-03-12 09:15:21'),
(33, 36, 'ON-SITE RESCUE PERSONNEL & DESIGNATION: NAME', 'DESIGNATION', '2019-03-15 08:42:26', '2019-03-15 08:42:26'),
(34, 36, 'NAME 1', 'DESIGNATION 1', '2019-03-15 08:42:26', '2019-03-15 08:42:26'),
(35, 36, 'NAME 2', 'DESIGNATION 2', '2019-03-15 08:42:26', '2019-03-15 08:42:26'),
(36, 36, 'NAME 3', 'DESIGNATION 3', '2019-03-15 08:42:26', '2019-03-15 08:42:26'),
(37, 43, 'Employee X', 'Rescue personnel ', '2019-04-01 09:54:58', '2019-04-01 09:54:58'),
(38, 43, 'Anthony mitchel', 'Entrant', '2019-04-01 09:54:58', '2019-04-01 09:54:58'),
(39, 43, 'Rodney saintimy', 'Attendant ', '2019-04-01 09:54:58', '2019-04-01 09:54:58'),
(40, 43, 'Abel hernandez', 'CP', '2019-04-01 09:54:58', '2019-04-01 09:54:58'),
(41, 48, 'Tyuytuty', 'Hjghjg', '2019-04-03 08:21:59', '2019-04-03 08:21:59'),
(44, 53, 'Sddsd', 'Qqqq', '2019-04-12 07:16:21', '2019-04-12 07:16:21'),
(45, 53, 'Wwwwq', 'Eeee', '2019-04-12 07:16:21', '2019-04-12 07:16:21'),
(46, 53, 'Yyyy', 'Cccc', '2019-04-12 07:16:21', '2019-04-12 07:16:21'),
(47, 53, 'Nnnn', 'Ceee', '2019-04-12 07:16:21', '2019-04-12 07:16:21'),
(48, 54, 'will turner', 'software engineer', '2019-04-23 03:10:12', '2019-04-23 03:10:12'),
(49, 54, 'ramsay bolton', 'quality analyst', '2019-04-23 03:10:12', '2019-04-23 03:10:12'),
(50, 54, 'Shrek singh', 'fighter', '2019-04-23 03:10:12', '2019-04-23 03:10:12'),
(51, 54, 'Rooose bolton', 'champion', '2019-04-23 03:10:12', '2019-04-23 03:10:12'),
(52, 55, 'sheriff', 'wood', '2019-04-23 05:27:16', '2019-04-23 05:27:16'),
(53, 55, 'sansa', 'queen', '2019-04-23 05:27:16', '2019-04-23 05:27:16'),
(54, 55, 'tyrion', 'hand of the queen', '2019-04-23 05:27:16', '2019-04-23 05:27:16'),
(55, 55, 'saumitra', 'quality analyst', '2019-04-23 05:27:16', '2019-04-23 05:27:16'),
(56, 56, 'Bobby Wynn Sr', 'Entry Supervisor ', '2019-04-26 10:54:14', '2019-04-26 10:54:14'),
(57, 56, 'Scott Saylor ', 'Attendant ', '2019-04-26 10:54:14', '2019-04-26 10:54:14'),
(58, 56, 'Bruce Willis', 'Entrant', '2019-04-26 10:54:14', '2019-04-26 10:54:14'),
(59, 56, 'Sheldon Doshi', 'Rescue Personel', '2019-04-26 10:54:14', '2019-04-26 10:54:14'),
(60, 57, 'Bobby Wynn', 'Entry Supervisor', '2019-04-29 22:58:23', '2019-04-29 22:58:23'),
(61, 57, 'Scott Saylor', 'Attendent', '2019-04-29 22:58:23', '2019-04-29 22:58:23'),
(62, 57, 'Michale', 'Entrant', '2019-04-29 22:58:23', '2019-04-29 22:58:23'),
(63, 57, 'Sheldon Doshi', 'Rescue Personal', '2019-04-29 22:58:23', '2019-04-29 22:58:23'),
(64, 58, 'Theon', 'Protector', '2019-05-01 02:18:04', '2019-05-01 02:18:04'),
(65, 58, 'Ser jorah', 'General', '2019-05-01 02:18:04', '2019-05-01 02:18:04'),
(66, 58, 'Melissandre', 'Witch', '2019-05-01 02:18:04', '2019-05-01 02:18:04'),
(67, 58, 'Beric', 'Saviour', '2019-05-01 02:18:04', '2019-05-01 02:18:04'),
(70, 49, 'Oipop', 'Jkjhkhjwewe', '2019-05-01 11:16:50', '2019-05-01 11:16:50'),
(71, 49, 'Ewew', 'Bcbcaaeewe', '2019-05-01 11:16:50', '2019-05-01 11:16:50'),
(72, 61, 'mike', 'software engineer', '2019-05-02 03:03:02', '2019-05-02 03:03:02'),
(73, 61, 'sam', 'quality analyst', '2019-05-02 03:03:02', '2019-05-02 03:03:02'),
(74, 61, 'jon', 'business analyst', '2019-05-02 03:03:02', '2019-05-02 03:03:02'),
(75, 61, 'dave', 'data analyst', '2019-05-02 03:03:02', '2019-05-02 03:03:02'),
(76, 62, 'sam', 'qa', '2019-05-02 03:19:02', '2019-05-02 03:19:02'),
(77, 62, 'jack', 'ba', '2019-05-02 03:19:02', '2019-05-02 03:19:02'),
(78, 62, 'lucas', 'software engineer', '2019-05-02 03:19:02', '2019-05-02 03:19:02'),
(79, 62, 'ivana', 'da', '2019-05-02 03:19:02', '2019-05-02 03:19:02'),
(80, 63, 'rrffff', 'ddfff', '2019-05-02 03:41:18', '2019-05-02 03:41:18'),
(81, 63, 'dfffffff', 'ggggg', '2019-05-02 03:41:18', '2019-05-02 03:41:18'),
(82, 63, 'tfffgggg', 'gggvgghh', '2019-05-02 03:41:18', '2019-05-02 03:41:18'),
(83, 63, 'fffttgv', 'gggggvgg', '2019-05-02 03:41:18', '2019-05-02 03:41:18'),
(92, 65, 'Bobby Wynn Sr', 'Entry supervisor ', '2019-05-06 12:39:36', '2019-05-06 12:39:36'),
(93, 65, 'Bobby Wynn Jr', 'Competent person ', '2019-05-06 12:39:36', '2019-05-06 12:39:36'),
(94, 65, 'Craig Pearson', 'Attendant ', '2019-05-06 12:39:36', '2019-05-06 12:39:36'),
(95, 65, 'Matt bohannan ', 'Rescue personal ', '2019-05-06 12:39:36', '2019-05-06 12:39:36'),
(96, 66, 'Onsite res jhghiyfi', 'Desg', '2019-05-22 03:25:27', '2019-05-22 03:25:27'),
(97, 66, 'Name 2', 'Desg2', '2019-05-22 03:25:27', '2019-05-22 03:25:27'),
(98, 66, 'Name3', 'Desg3', '2019-05-22 03:25:27', '2019-05-22 03:25:27'),
(99, 66, 'Name4', 'Desg4', '2019-05-22 03:25:27', '2019-05-22 03:25:27'),
(100, 68, 'NAME1', 'DESG1', '2019-06-13 05:05:20', '2019-06-13 05:05:20'),
(101, 68, 'NAME2', 'DESG2', '2019-06-13 05:05:20', '2019-06-13 05:05:20'),
(102, 68, 'NAME3', 'DESG3', '2019-06-13 05:05:20', '2019-06-13 05:05:20'),
(103, 68, 'NAME4', 'DESG4', '2019-06-13 05:05:20', '2019-06-13 05:05:20'),
(104, 69, 'sdfsd', 'sf', '2019-06-13 05:11:25', '2019-06-13 05:11:25'),
(105, 69, 'sf', 'sf', '2019-06-13 05:11:25', '2019-06-13 05:11:25'),
(106, 69, 'sf', 'sf', '2019-06-13 05:11:25', '2019-06-13 05:11:25'),
(107, 69, 'sf', 'sf', '2019-06-13 05:11:25', '2019-06-13 05:11:25'),
(108, 70, 'Sam Johnson', 'Chief architect.', '2019-06-21 02:59:40', '2019-06-21 02:59:40'),
(109, 70, 'Jack o\'neil', 'Product architect', '2019-06-21 02:59:40', '2019-06-21 02:59:40'),
(113, 71, 'Maria Hill', 'Agent Sheild', '2019-06-21 03:16:58', '2019-06-21 03:16:58'),
(114, 71, 'Nichols', 'Agent Sheild', '2019-06-21 03:16:58', '2019-06-21 03:16:58'),
(115, 71, 'Nick Fury', 'Deputy Cheif and Founder of Sheild', '2019-06-21 03:16:58', '2019-06-21 03:16:58'),
(116, 72, 'bcjscsjcsbc', 'csjcjsbcjcjs', '2019-06-24 05:14:01', '2019-06-24 05:14:01'),
(117, 72, 'sbcbscjsd', ' vnkxkvsvsv', '2019-06-24 05:14:01', '2019-06-24 05:14:01'),
(118, 72, 'sdnvksdvnksnv', 'ncsncsncnslc', '2019-06-24 05:14:01', '2019-06-24 05:14:01'),
(119, 72, 'dvnjsdbvsdbv', 'csacnscsnckscn', '2019-06-24 05:14:01', '2019-06-24 05:14:01'),
(120, 73, 'cwcwcwc', 'wcwcewcwc', '2019-06-24 05:24:59', '2019-06-24 05:24:59'),
(121, 73, 'wccwcccw', 'wcewceww', '2019-06-24 05:24:59', '2019-06-24 05:24:59'),
(122, 73, 'cwcwccwcw', 'wcweccwcwc', '2019-06-24 05:24:59', '2019-06-24 05:24:59'),
(123, 73, 'cwcwecwcwc', 'wcwcwecwcwcw', '2019-06-24 05:24:59', '2019-06-24 05:24:59'),
(128, 74, 'Gdfhthgfjvj', 'Giihijouuoiu', '2019-07-03 02:24:12', '2019-07-03 02:24:12'),
(129, 74, 'Giugihgghi', 'Gjygjgigihgg', '2019-07-03 02:24:12', '2019-07-03 02:24:12'),
(130, 74, 'Ugfgufgugfuy', 'Hcgfghffghvjgvgv', '2019-07-03 02:24:12', '2019-07-03 02:24:12'),
(131, 74, 'Fthffutfffguyfuy', 'Hukhkuhiugigiuui', '2019-07-03 02:24:12', '2019-07-03 02:24:12'),
(132, 76, 'wer', 'ewrewr', '2019-08-06 04:41:18', '2019-08-06 04:41:18'),
(133, 76, 'ewr', 'ewrew', '2019-08-06 04:41:18', '2019-08-06 04:41:18'),
(134, 76, 'ewr', 'ewrewrew', '2019-08-06 04:41:18', '2019-08-06 04:41:18'),
(135, 76, 'rew', 'rewr', '2019-08-06 04:41:18', '2019-08-06 04:41:18'),
(136, 78, 'hjkjh', 'kjhk', '2019-08-07 05:45:46', '2019-08-07 05:45:46'),
(137, 78, 'jhkj', 'hkjhkhj', '2019-08-07 05:45:46', '2019-08-07 05:45:46'),
(138, 78, 'khj', 'kjhk', '2019-08-07 05:45:46', '2019-08-07 05:45:46'),
(139, 78, 'jhk', 'jhkjhk', '2019-08-07 05:45:46', '2019-08-07 05:45:46'),
(140, 81, 'John Smith', 'Rescue Personel', '2019-08-28 13:21:50', '2019-08-28 13:21:50'),
(141, 85, 'dsfds', 'fdsf', '2019-09-06 01:07:05', '2019-09-06 01:07:05'),
(142, 85, 'sdfsd', 'fsd', '2019-09-06 01:07:05', '2019-09-06 01:07:05'),
(143, 85, 'fsdf', 'dsfds', '2019-09-06 01:07:05', '2019-09-06 01:07:05'),
(144, 85, 'fds', 'dsfsf', '2019-09-06 01:07:05', '2019-09-06 01:07:05'),
(145, 88, 'Roy Douglas ', 'Rescue Personel', '2019-10-08 11:02:28', '2019-10-08 11:02:28'),
(146, 88, 'James Watford Jr', 'Rescue Personel', '2019-10-08 11:02:28', '2019-10-08 11:02:28'),
(148, 89, 'Joe Luis', 'Rescue pesonel', '2019-10-08 12:02:55', '2019-10-08 12:02:55'),
(149, 91, 'Cgcy', 'Bhbu', '2020-02-04 01:42:20', '2020-02-04 01:42:20'),
(150, 91, 'Tcft', 'Vyvu', '2020-02-04 01:42:20', '2020-02-04 01:42:20'),
(151, 91, 'Cycyv', 'Vugu', '2020-02-04 01:42:20', '2020-02-04 01:42:20'),
(152, 91, 'Cycyuvy', 'Vhvi', '2020-02-04 01:42:20', '2020-02-04 01:42:20'),
(153, 92, 'Sheldon Doshi', 'Entry Supervisor', '2020-02-11 16:15:52', '2020-02-11 16:15:52'),
(154, 92, 'James Ownby', 'Attendent', '2020-02-11 16:15:52', '2020-02-11 16:15:52'),
(155, 92, 'Keith Thompson', 'Entrant', '2020-02-11 16:15:52', '2020-02-11 16:15:52'),
(156, 94, 'jyuyg', 'yufryf', '2020-03-11 11:02:17', '2020-03-11 11:02:17'),
(157, 95, 'Scott strandberg', 'Ladder', '2020-03-11 11:04:11', '2020-03-11 11:04:11'),
(158, 96, 'test ', 'web', '2020-04-10 10:13:06', '2020-04-10 10:13:06'),
(159, 96, 'web', 'test', '2020-04-10 10:13:06', '2020-04-10 10:13:06'),
(160, 96, 'test1', 'web1', '2020-04-10 10:13:06', '2020-04-10 10:13:06'),
(161, 96, 'test2', 'web2', '2020-04-10 10:13:06', '2020-04-10 10:13:06'),
(162, 97, 'web ON-SITE RESCUE PERSONNEL & DESIGNATION:', 'web deg', '2020-04-10 11:40:52', '2020-04-10 11:40:52'),
(163, 98, 'name 1', 'web 1', '2020-04-14 07:35:21', '2020-04-14 07:35:21'),
(164, 100, 'Hkgckhkda', 'Desg', '2020-04-20 09:46:39', '2020-04-20 09:46:39'),
(165, 101, 'dfgd', 'dfg', '2020-04-20 10:20:31', '2020-04-20 10:20:31'),
(166, 102, 'Xxgh', 'Chch', '2020-04-20 10:22:40', '2020-04-20 10:22:40'),
(168, 104, 'Web', 'design web', '2020-04-28 12:19:04', '2020-04-28 12:19:04'),
(169, 109, 'web', '', '2020-04-29 03:25:02', '2020-04-29 03:25:02'),
(170, 126, 'James Ownbt test 1', 'Rescue personel', '2020-06-03 09:25:56', '2020-06-03 09:25:56'),
(171, 127, 'Jorge Alvaez', 'Rescue personel', '2020-06-03 09:35:10', '2020-06-03 09:35:10'),
(172, 130, 'test', 'test', '2020-06-12 11:58:17', '2020-06-12 11:58:17'),
(173, 135, 'Jacob Ferda', 'Rescue peronal', '2020-06-29 10:02:01', '2020-06-29 10:02:01'),
(174, 136, 'Gcfhfh', 'Hgugu', '2020-07-01 12:53:29', '2020-07-01 12:53:29');

-- --------------------------------------------------------

--
-- Table structure for table `operator_evaluation`
--

CREATE TABLE `operator_evaluation` (
  `id` int(11) NOT NULL,
  `evaluation_date` datetime NOT NULL,
  `employee_id` int(11) NOT NULL,
  `supervisor_id` int(11) NOT NULL,
  `equipment_id` int(11) NOT NULL,
  `job_description` longtext COLLATE utf8_unicode_ci NOT NULL,
  `safety_orientation` tinyint(1) NOT NULL,
  `demonstrated_abilities` tinyint(1) NOT NULL,
  `identification_equipment_controls` tinyint(1) NOT NULL,
  `loading_techniques` tinyint(1) NOT NULL,
  `control_heading` tinyint(1) NOT NULL,
  `shifting_hauling` tinyint(1) NOT NULL,
  `stockpiling` tinyint(1) NOT NULL,
  `mixing_moisture_conditioning` tinyint(1) NOT NULL,
  `feeding_crusher` tinyint(1) NOT NULL,
  `ruff_cut_and_fill` tinyint(1) NOT NULL,
  `spreading_meterial` tinyint(1) NOT NULL,
  `packing_and_shutdown_procedures` tinyint(1) NOT NULL,
  `created_at` datetime NOT NULL,
  `modified_at` datetime NOT NULL
) ENGINE=InnoDB DEFAULT CHARSET=utf8 COLLATE=utf8_unicode_ci;

-- --------------------------------------------------------

--
-- Table structure for table `operator_evaluation_form`
--

CREATE TABLE `operator_evaluation_form` (
  `id` int(11) NOT NULL,
  `employee_id` int(11) DEFAULT NULL,
  `evaluation_date` datetime NOT NULL,
  `supervisor_id` int(11) NOT NULL,
  `equipment_id` int(11) NOT NULL,
  `user_id` int(11) NOT NULL,
  `created_at` datetime NOT NULL,
  `modified_at` datetime NOT NULL,
  `job_description` longtext COLLATE utf8_unicode_ci NOT NULL,
  `hours` int(11) NOT NULL,
  `operator_name` varchar(255) COLLATE utf8_unicode_ci NOT NULL,
  `project_id` int(11) NOT NULL,
  `evaluated_by_name` varchar(255) COLLATE utf8_unicode_ci NOT NULL,
  `evaluated_by_sign` varchar(255) COLLATE utf8_unicode_ci NOT NULL
) ENGINE=InnoDB DEFAULT CHARSET=utf8 COLLATE=utf8_unicode_ci;

--
-- Dumping data for table `operator_evaluation_form`
--

INSERT INTO `operator_evaluation_form` (`id`, `employee_id`, `evaluation_date`, `supervisor_id`, `equipment_id`, `user_id`, `created_at`, `modified_at`, `job_description`, `hours`, `operator_name`, `project_id`, `evaluated_by_name`, `evaluated_by_sign`) VALUES
(1, 342, '2018-11-26 01:40:09', 178, 1, 178, '2018-11-26 01:40:49', '2018-11-26 01:40:49', 'fd', 5, 'Navya', 1, 'dfs', '1543214449.png'),
(2, 342, '2018-11-27 01:11:04', 181, 1, 181, '2018-11-27 01:12:00', '2018-11-27 01:12:00', 'asga sdgdfg', 5, 'asdfasf', 1, 'sdfgsdf', '1543299120.png'),
(3, 342, '2018-11-27 02:02:16', 180, 2, 180, '2018-11-27 02:02:48', '2018-11-27 02:02:48', 'ASDFA', 565, 'ASDA', 2, 'ASDFASD', '1543302168.png'),
(4, 363, '2018-12-06 13:38:57', 190, 6, 190, '2018-12-06 13:44:37', '2018-12-06 13:44:37', 'Learn fast', 148, 'Corey Collins', 3, 'James ownby', '1544121877.png'),
(5, 361, '2018-12-06 13:46:05', 190, 6, 190, '2018-12-06 13:47:06', '2018-12-06 13:47:06', 'Test', 148, 'Corey Collins', 3, 'James Ownby', '1544122026.png'),
(6, 358, '2018-12-11 00:25:58', 1, 2, 1, '2018-12-11 00:26:39', '2018-12-11 00:26:39', 'dasf sdfgs', 5, 'viresh', 1, 'Viren', '1544505999.png'),
(7, 376, '2019-01-17 05:30:21', 194, 10, 194, '2019-01-17 05:30:48', '2019-01-17 05:30:48', '', 5, 'eryte', 8, 'aSDF', '1547721048.png'),
(8, 405, '2019-03-07 13:06:38', 201, 12, 201, '2019-03-07 13:11:03', '2019-03-07 13:11:03', 'Operator must use child booster seat to reach controls and see out wind shield', 2534, 'Al Luke', 13, 'Scott Saylor', '1551982263.png'),
(9, 385, '2019-03-12 03:14:50', 211, 23, 211, '2019-03-12 03:43:22', '2019-03-12 03:43:22', '', 4, 'tests', 10, 'eterte', '1552376602.png'),
(10, 385, '2019-03-12 05:31:17', 211, 23, 211, '2019-03-12 05:32:02', '2019-03-12 05:32:02', 'rt', 4, 'erwrr', 10, 'ret', '1552383122.png'),
(11, 385, '2019-03-12 07:34:10', 211, 22, 211, '2019-03-12 07:34:37', '2019-03-12 07:34:37', '', 5, 'test33', 10, 'teeee', '1552390477.png'),
(12, 385, '2019-03-12 07:37:29', 211, 22, 211, '2019-03-12 07:37:54', '2019-03-12 07:37:54', '', 6, 'teeth', 10, 'utyu', '1552390674.png'),
(13, 385, '2019-03-12 07:39:55', 211, 22, 211, '2019-03-12 07:40:28', '2019-03-12 07:40:28', '', 8, 'test66', 10, 'yuuuu', '1552390828.png'),
(14, 385, '2019-03-12 07:41:38', 211, 22, 211, '2019-03-12 07:42:00', '2019-03-12 07:42:00', '', 3, 'test5', 10, 'true', '1552390920.png'),
(15, 385, '2019-03-13 07:24:56', 211, 23, 211, '2019-03-13 07:25:31', '2019-03-13 07:25:31', '', 3, 'redrew', 10, 'setert', '1552476331.png'),
(16, 385, '2019-03-13 07:25:56', 211, 23, 211, '2019-03-13 07:26:59', '2019-03-13 07:26:59', '', 3, 'Tesrf', 10, 'Ghhhhj', '1552476419.png'),
(17, 385, '2019-03-13 07:29:54', 211, 23, 211, '2019-03-13 07:30:54', '2019-03-13 07:30:54', '', 1, 'try', 10, 'ewer', '1552476654.png'),
(18, 385, '2019-03-13 07:33:58', 211, 22, 211, '2019-03-13 07:34:18', '2019-03-13 07:34:18', '', 5, 'erer', 10, 'w3er', '1552476858.png'),
(19, 375, '2019-03-18 03:10:20', 211, 28, 211, '2019-03-18 03:12:15', '2019-03-18 03:12:15', '\nCOMMENTS\nTURN MACHINE TRACKS WHILE HOLDING LOAD STEADY. THIS TASK TO BE PERFORMED WITH A HANGING LOAD OR VERY WET MATERIAL IN BUCKET TO INDICATE SPLASH', 2200, 'Aron', 10, 'EVALUATED BY: name', '1552893135.png'),
(20, 375, '2019-03-22 10:58:21', 211, 25, 211, '2019-03-22 11:08:37', '2019-03-22 11:08:37', ' Djibouti bvoujobciohvdnn fein676767yuyuyuoyuoy6676yyuyuyuouy', 900, 'iPad Aron', 10, 'Test iPad', '1553267317.png'),
(21, 375, '2019-03-22 10:58:16', 211, 25, 211, '2019-03-22 11:10:33', '2019-03-22 11:10:33', '\nTURN MACHINE TRACKS WHILE HOLDING LOAD STEADY. THIS TASK TO BE PERFORMED WITH A HANGING LOAD OR VERY WET MATERIAL IN BUCKET TO INDICATE SPLASH\n\nTURN MACHINE TRACKS WHILE HOLDING LOAD STEADY. THIS TASK TO BE PERFORMED WITH A HANGING LOAD OR VERY WET MATERIAL IN BUCKET TO INDICATE SPLASH\n\ntest fro web same tool as from web for aron', 10, 'Aron Web jcb crane', 10, 'test fro web same tool as from web for aron', '1553267433.png'),
(22, 412, '2019-03-29 02:18:54', 211, 31, 211, '2019-03-29 02:20:48', '2019-03-29 02:20:48', 'sfa  fsafasfs sf asf', 10, 'Lorem', 7, 'Roman', '1553840448.png'),
(23, 412, '2019-03-29 03:10:17', 211, 31, 211, '2019-03-29 03:11:58', '2019-03-29 03:11:58', 'lkdasjf kalsfjkasf afkasj s aksf jdakf a kfsd jfk afskd asjfk  af kaskf ', 10, 'Rahul', 7, 'Rahul', '1553843518.png'),
(24, 439, '2019-04-01 12:37:00', 214, 35, 214, '2019-04-01 12:39:36', '2019-04-01 12:39:36', 'Operator has awesome skills ', 1012, 'Abel Hernandez', 18, 'Jimmy Nelson', '1554136776.png'),
(25, 460, '2019-04-19 04:38:47', 220, 46, 220, '2019-04-19 04:41:52', '2019-04-19 04:41:52', 'No Comments', 12, 'Test', 24, 'Saumitra', '1555663312.png'),
(26, 459, '2019-04-22 02:33:56', 220, 47, 220, '2019-04-22 02:39:08', '2019-04-22 02:39:08', 'nocomments', 12, 'davos', 25, 'ser jamie', '1555915148.png'),
(27, 445, '2019-04-23 12:58:25', 190, 48, 190, '2019-04-23 13:20:40', '2019-04-23 13:20:40', 'Did very good', 7200, 'William Antaeu', 12, 'James ownby ', '1556040040.png'),
(28, 457, '2019-05-02 07:02:36', 220, 46, 220, '2019-05-02 07:05:44', '2019-05-02 07:05:44', 'good', 7, 'lady sansa', 24, 'Nick fury', '1556795144.png'),
(29, 444, '2019-09-12 07:10:57', 190, 64, 190, '2019-09-12 07:15:43', '2019-09-12 07:15:43', '', 4005, 'Bobby wynn jr ', 29, 'James ownby ', '1568286943.png'),
(30, 379, '2019-09-16 03:05:32', 1, 37, 1, '2019-09-16 03:05:54', '2019-09-16 03:05:54', '', 33, 'ttt', 10, 'hghgh', '1568617554.png'),
(31, 437, '2019-10-07 11:03:14', 189, 39, 189, '2019-10-07 11:04:00', '2019-10-07 11:04:00', 'yfguf', 12312312, 'James alknsdfkjnasd', 16, 'uthfj', '1570460640.png'),
(32, 454, '2019-10-08 10:36:42', 213, 39, 213, '2019-10-08 10:38:14', '2019-10-08 10:38:14', 'Operator was ok not great but will ge the job done. On a overall he was safe and is authorized to operate the equipment', 1400, 'John Doe', 16, 'John Doe', '1570545494.png'),
(33, 499, '2019-10-15 17:22:12', 190, 48, 190, '2019-10-15 17:28:31', '2019-10-15 17:28:31', 'Did a good job today. ', 9, 'Michael sanders ', 12, 'James ownby', '1571174911.png'),
(34, 375, '2019-11-28 02:24:44', 198, 63, 198, '2019-11-28 03:05:02', '2019-11-28 03:05:02', '', 34, 'test', 10, 'dfgfg', '1574928302.png'),
(35, 375, '2019-11-28 10:10:45', 198, 30, 198, '2019-11-28 10:11:30', '2019-11-28 10:11:30', '', 1234, 'testing', 10, 'sfsfs', '1574953890.png'),
(36, 374, '2019-11-29 05:04:53', 198, 63, 198, '2019-11-29 05:05:21', '2019-11-29 05:05:21', '', 12, 'testing', 10, 'asadsad', '1575021921.png'),
(37, 342, '2020-01-30 06:15:29', 194, 69, 194, '2020-01-30 06:16:20', '2020-01-30 06:16:20', ' Ghgh', 12, 'Ggghh', 8, 'Cfctcct', '1580382979.png'),
(38, 422, '2020-01-30 06:17:58', 194, 91, 194, '2020-01-30 06:18:47', '2020-01-30 06:18:47', 'Test', 12, 'H h h hvy', 8, 'Test', '1580383127.png'),
(39, 449, '2020-03-11 11:10:25', 268, 50, 268, '2020-03-11 11:11:40', '2020-03-11 11:11:40', '', 10, 'kjh,', 16, 'kuyh', '1583939500.png'),
(40, 511, '2020-04-10 11:43:16', 269, 113, 269, '2020-04-10 11:44:19', '2020-04-10 11:44:19', 'web all good ', 9, 'web OPERATOR EVALUATION FORM', 43, 'Web EVALUATED BY:', '1586533459.png'),
(41, 513, '2020-04-18 09:47:16', 269, 116, 269, '2020-04-18 09:57:48', '2020-04-18 09:57:48', 'Web', 9, 'Web Testing', 43, 'Web desktop', '1587218268.png'),
(42, 375, '2020-04-20 07:39:39', 198, 117, 198, '2020-04-20 07:40:15', '2020-04-20 07:40:15', '', 12, 'Wert', 10, 'Qa', '1587382815.png'),
(43, 516, '2020-04-21 02:30:24', 269, 113, 269, '2020-04-21 03:18:36', '2020-04-21 03:18:36', 'Yfufi', 8, 'Airipad ', 43, 'AirPod ', '1587453516.png'),
(44, 521, '2020-04-22 09:27:08', 269, 120, 269, '2020-04-22 10:23:57', '2020-04-22 10:23:57', 'Test offline ', 8, 'Offline operator name ', 43, 'Offline air iPad iPad ', '1587565437.png'),
(45, 525, '2020-04-30 10:48:32', 269, 122, 269, '2020-04-30 10:49:54', '2020-04-30 10:49:54', 'All good', 8, 'iPad Air new build', 45, 'Eval name', '1588258194.png'),
(46, 522, '2020-05-01 07:19:46', 269, 113, 269, '2020-05-01 07:20:40', '2020-05-01 07:20:40', 'Hi bob BnBk', 8, 'iPad operators', 43, 'Iucdankbcbsbabvkjkbfabekf', '1588332040.png'),
(47, 523, '2020-05-04 10:06:10', 269, 123, 269, '2020-05-04 10:09:35', '2020-05-04 10:09:35', '', 4, 'WEb off', 43, 'Web offline', '1588601375.png'),
(48, 509, '2020-05-04 10:05:55', 269, 123, 269, '2020-05-04 11:19:00', '2020-05-04 11:19:00', '', 4, 'Offline ipad', 46, 'Offline iPad Air ', '1588605540.png'),
(49, 386, '2020-05-12 10:25:50', 269, 128, 269, '2020-05-12 10:26:27', '2020-05-12 10:26:27', '', 1, 'test1 Evalution1', 51, 'tes noti', '1589293587.png'),
(50, 516, '2020-05-14 03:47:29', 270, 120, 270, '2020-05-14 03:48:01', '2020-05-14 03:48:01', '', 6, 'Edit', 43, '2nd time', '1589442481.png'),
(51, 539, '2020-05-15 06:43:27', 269, 130, 269, '2020-05-15 06:44:47', '2020-05-15 06:44:47', 'sdaf', 1, 'IE 11', 43, 'afsdfs', '1589539487.png'),
(52, 536, '2020-05-22 03:00:09', 1, 120, 1, '2020-05-22 03:14:15', '2020-05-22 03:14:15', '', 6, 'IE 10 by admin', 43, 'fsdfsd', '1590131655.png'),
(53, 537, '2020-05-28 08:26:54', 269, 132, 269, '2020-05-28 08:27:43', '2020-05-28 08:27:43', '', 2, 'Mozilla', 51, 'mozilla ', '1590668863.png');

-- --------------------------------------------------------

--
-- Table structure for table `parent_child_supervisors`
--

CREATE TABLE `parent_child_supervisors` (
  `id` int(11) NOT NULL,
  `parent_id` int(11) NOT NULL,
  `child_id` int(11) NOT NULL,
  `created_at` datetime NOT NULL,
  `modified_at` datetime NOT NULL
) ENGINE=InnoDB DEFAULT CHARSET=utf8 COLLATE=utf8_unicode_ci;

-- --------------------------------------------------------

--
-- Table structure for table `post`
--

CREATE TABLE `post` (
  `id` int(11) NOT NULL,
  `post_title` varchar(255) COLLATE utf8_unicode_ci NOT NULL,
  `post_image` varchar(255) COLLATE utf8_unicode_ci NOT NULL,
  `post_description` longtext COLLATE utf8_unicode_ci NOT NULL,
  `user_id` int(11) NOT NULL,
  `status` tinyint(1) NOT NULL,
  `created_at` datetime NOT NULL,
  `modified_at` datetime NOT NULL
) ENGINE=InnoDB DEFAULT CHARSET=utf8 COLLATE=utf8_unicode_ci;

-- --------------------------------------------------------

--
-- Table structure for table `project`
--

CREATE TABLE `project` (
  `id` int(11) NOT NULL,
  `site_id` int(11) NOT NULL,
  `project_name` varchar(255) COLLATE utf8_unicode_ci NOT NULL,
  `status` tinyint(1) NOT NULL,
  `created_at` datetime NOT NULL,
  `modified_at` datetime NOT NULL,
  `deleted` tinyint(1) NOT NULL,
  `superviser_id` int(11) NOT NULL,
  `user_id` int(11) NOT NULL,
  `is_complete` tinyint(1) DEFAULT NULL,
  `completion_date` datetime DEFAULT NULL
) ENGINE=InnoDB DEFAULT CHARSET=utf8 COLLATE=utf8_unicode_ci;

--
-- Dumping data for table `project`
--

INSERT INTO `project` (`id`, `site_id`, `project_name`, `status`, `created_at`, `modified_at`, `deleted`, `superviser_id`, `user_id`, `is_complete`, `completion_date`) VALUES
(1, 1, 'Project1', 0, '2018-11-26 00:45:05', '2019-04-02 13:29:22', 0, 0, 178, 1, '2019-04-02 00:00:00'),
(2, 1, 'Project2', 0, '2018-11-26 05:42:56', '2018-12-10 02:32:00', 0, 0, 1, 1, '2018-12-10 00:00:00'),
(3, 2, '7450-18 Kings Point', 0, '2018-11-26 08:38:07', '2019-06-21 12:23:06', 0, 0, 178, 1, '2019-04-25 00:00:00'),
(4, 1, 'Project3', 0, '2018-12-10 04:07:46', '2018-12-10 04:08:01', 0, 0, 181, 1, '2018-12-10 00:00:00'),
(5, 1, 'test', 0, '2018-12-10 04:15:19', '2018-12-10 04:15:34', 0, 0, 1, 1, '2018-12-10 00:00:00'),
(6, 1, 'Project4', 0, '2018-12-10 06:00:58', '2018-12-10 06:02:02', 0, 0, 181, 1, '2018-12-10 00:00:00'),
(7, 1, 'Projecct2', 0, '2018-12-11 08:47:05', '2019-04-02 13:29:33', 0, 0, 178, 1, '2019-04-02 00:00:00'),
(8, 3, 'Sports Infra', 0, '2019-01-14 05:57:06', '2019-01-14 05:57:06', 0, 0, 1, 0, NULL),
(9, 3, 'Temptation Builder&#39;s Project ', 0, '2019-01-14 05:59:45', '2019-01-14 05:59:45', 0, 0, 1, 0, NULL),
(10, 4, 'Evon test', 0, '2019-01-21 04:49:48', '2020-06-02 07:39:18', 0, 0, 1, 0, NULL),
(11, 4, 'Test Project 1', 0, '2019-01-21 04:49:59', '2020-06-02 07:39:27', 0, 0, 1, 0, NULL),
(12, 2, '7500-18 / Town and Country', 0, '2019-01-23 10:16:52', '2020-05-04 08:52:19', 0, 0, 183, 0, NULL),
(13, 5, '7800-18 / Roser Park', 0, '2019-02-18 11:53:13', '2019-09-03 15:02:18', 0, 0, 178, 1, '2019-09-01 00:00:00'),
(14, 1, 'Test project 1', 0, '2019-03-05 08:21:20', '2019-04-02 13:29:49', 0, 0, 211, 1, '2019-04-02 00:00:00'),
(15, 5, '7650-18 / 30th Street Outfall', 0, '2019-03-05 13:41:05', '2019-09-03 15:02:41', 0, 0, 202, 1, '2019-09-01 00:00:00'),
(16, 6, 'NY1 - 001', 0, '2019-03-26 10:30:26', '2020-06-03 04:29:43', 0, 0, 178, 0, NULL),
(17, 6, 'NY2 - 002', 0, '2019-03-26 10:30:32', '2019-03-26 10:30:32', 0, 0, 178, 0, NULL),
(18, 1, '1500 - 95th Ave', 0, '2019-04-01 08:41:18', '2019-04-01 08:41:18', 0, 0, 178, 0, NULL),
(19, 1, '1500 - 18 95th Ave', 0, '2019-04-01 08:45:17', '2019-04-01 08:45:17', 0, 0, 178, 0, NULL),
(20, 7, 'United Rental', 0, '2019-04-02 13:48:56', '2019-04-02 13:48:56', 0, 0, 178, 0, NULL),
(21, 8, 'Doon Pro1', 0, '2019-04-17 06:00:16', '2019-04-17 06:00:16', 0, 0, 1, 0, NULL),
(22, 8, 'Doon Pro 2', 0, '2019-04-17 06:00:25', '2019-04-17 06:00:25', 0, 0, 1, 0, NULL),
(23, 8, 'Doon pro 3', 0, '2019-04-17 06:00:33', '2019-04-17 06:00:33', 0, 0, 1, 0, NULL),
(24, 9, 'Google campus', 0, '2019-04-17 06:40:29', '2019-04-17 06:40:29', 0, 0, 1, 0, NULL),
(25, 9, 'Nortedam cathedral building project', 0, '2019-04-17 07:42:34', '2019-04-17 07:42:34', 0, 0, 1, 0, NULL),
(26, 10, 'NJ1 - 001', 0, '2019-04-17 13:13:15', '2019-04-17 13:13:38', 0, 0, 178, 0, NULL),
(27, 10, 'NJ2 - 002', 0, '2019-04-17 13:13:29', '2020-06-02 09:00:13', 0, 0, 178, 0, NULL),
(28, 5, '3500-17 / Lake Hicpochee ', 0, '2019-05-20 10:12:42', '2019-05-20 10:18:22', 0, 0, 178, 0, NULL),
(29, 2, '7500-18 / Phase 2 - Town and Country', 0, '2019-06-19 15:20:06', '2019-06-19 15:20:15', 0, 0, 178, 0, NULL),
(30, 11, 'Pump Station Rehabilitation Phase 1 - H, B & A Generator', 0, '2019-08-07 10:24:15', '2019-08-07 15:38:08', 0, 0, 178, 0, NULL),
(31, 5, '7720-19 Multi - Use Recreational Trail at Coon Key', 0, '2019-08-07 10:31:20', '2019-09-03 15:04:33', 0, 0, 221, 0, NULL),
(32, 12, 'Houston 1', 0, '2019-10-07 10:36:03', '2019-10-07 10:36:03', 0, 0, 189, 0, NULL),
(33, 6, 'NY3 - 003', 0, '2019-10-08 08:55:05', '2019-10-08 08:56:12', 0, 0, 213, 0, NULL),
(34, 13, 'WA1 - 001', 0, '2019-10-08 09:11:15', '2019-10-08 09:11:15', 0, 0, 178, 0, NULL),
(35, 6, 'NY4 - 004', 0, '2019-10-08 09:41:42', '2019-10-08 09:42:42', 0, 0, 213, 1, '2019-10-08 00:00:00'),
(36, 2, '7480-19 / Rocky Creek Wastewater Expansion', 0, '2019-12-10 14:35:19', '2019-12-10 14:43:37', 0, 0, 178, 0, NULL),
(37, 2, '7340-19 / Magnolia Valley Pump Station', 0, '2020-02-28 10:10:24', '2020-05-04 08:52:10', 0, 0, 178, 0, NULL),
(38, 15, '3651-17 / S-151 Structure Replacement', 0, '2020-03-06 16:35:52', '2020-03-09 14:38:49', 0, 0, 178, 0, NULL),
(39, 15, '3420-19 / G-420 Pump Station', 0, '2020-03-09 14:38:11', '2020-03-09 14:39:05', 0, 0, 178, 0, NULL),
(40, 15, '3310-16 / S-331 ', 0, '2020-03-11 09:17:30', '2020-03-11 09:17:30', 0, 0, 178, 0, NULL),
(41, 15, '3000-17 / Maimi Bridge Project', 0, '2020-03-11 09:18:11', '2020-05-27 09:19:35', 0, 0, 178, 0, NULL),
(42, 15, '3397-17 / S-197 Automation', 0, '2020-03-12 09:45:38', '2020-03-12 09:51:05', 0, 0, 178, 0, NULL),
(43, 16, 'April Test', 0, '2020-04-08 10:51:43', '2020-04-08 10:51:43', 0, 0, 1, 0, NULL),
(44, 16, 'May test Project', 0, '2020-04-20 04:24:16', '2020-04-20 08:36:15', 0, 0, 1, 1, '2020-04-20 00:00:00'),
(45, 16, 'Online ipad 1', 0, '2020-04-24 09:59:15', '2020-04-24 09:59:15', 0, 0, 1, 0, NULL),
(46, 16, 'Offline Ipad 2', 0, '2020-04-24 09:59:27', '2020-05-05 11:52:42', 0, 0, 1, 1, '2020-05-05 00:00:00'),
(47, 17, 'Project Notifi 1 Name edit', 0, '2020-04-27 11:05:39', '2020-04-27 11:06:41', 0, 0, 1, 0, NULL),
(48, 2, '7850-19 / Cosme Water Treatment Plant Valve Replacement Project', 0, '2020-05-04 08:51:43', '2020-05-04 08:52:02', 0, 0, 178, 0, NULL),
(49, 16, 'Web test', 0, '2020-05-05 10:40:48', '2020-05-05 10:40:48', 0, 0, 1, 0, NULL),
(50, 6, 'NY5 - 005', 0, '2020-05-06 11:23:31', '2020-06-02 08:58:33', 0, 0, 275, 0, NULL),
(51, 18, 'Proj Noti change', 0, '2020-05-11 11:11:12', '2020-05-13 07:55:44', 0, 0, 212, 0, NULL),
(52, 18, 'New Pro create not', 0, '2020-05-13 09:21:08', '2020-05-13 09:24:47', 0, 0, 1, 1, '2020-05-13 00:00:00'),
(53, 19, 'Test notifi Project1', 0, '2020-05-21 05:20:09', '2020-05-21 06:31:50', 0, 0, 1, 1, '2020-05-21 00:00:00'),
(54, 10, 'NJ3 - 003', 0, '2020-06-02 08:59:30', '2020-06-02 09:00:51', 0, 0, 178, 0, NULL),
(55, 5, '7770-20 / Hillview ', 0, '2020-06-29 20:38:24', '2020-07-20 13:33:30', 0, 0, 178, 0, NULL),
(56, 5, '7770-20 / Midnight Pass', 0, '2020-07-21 09:40:44', '2020-07-21 09:40:44', 0, 0, 178, 0, NULL);

-- --------------------------------------------------------

--
-- Table structure for table `rescue_plan`
--

CREATE TABLE `rescue_plan` (
  `id` int(11) NOT NULL,
  `confined_space_id` int(11) NOT NULL,
  `superintendent_id` int(11) NOT NULL,
  `job_site_id` int(11) NOT NULL,
  `rescue_plan_date` datetime NOT NULL,
  `confined_space_location` varchar(255) COLLATE utf8_unicode_ci NOT NULL,
  `rescue_equipment_inspected_by` varchar(255) COLLATE utf8_unicode_ci NOT NULL,
  `is_record_of_inspection_attached` tinyint(1) NOT NULL,
  `any_additional_requirements` longtext COLLATE utf8_unicode_ci NOT NULL,
  `description_of_space` longtext COLLATE utf8_unicode_ci,
  `diagram_of_space` varchar(255) COLLATE utf8_unicode_ci DEFAULT NULL,
  `completed_by` varchar(255) COLLATE utf8_unicode_ci NOT NULL,
  `is_entry_supervisor` tinyint(1) NOT NULL,
  `is_attendant` tinyint(1) NOT NULL,
  `other` varchar(255) COLLATE utf8_unicode_ci DEFAULT NULL,
  `is_pre_anchoring_required` tinyint(1) NOT NULL,
  `created_at` datetime NOT NULL,
  `modified_at` datetime NOT NULL,
  `confind_space_type` varchar(255) COLLATE utf8_unicode_ci NOT NULL
) ENGINE=InnoDB DEFAULT CHARSET=utf8 COLLATE=utf8_unicode_ci;

--
-- Dumping data for table `rescue_plan`
--

INSERT INTO `rescue_plan` (`id`, `confined_space_id`, `superintendent_id`, `job_site_id`, `rescue_plan_date`, `confined_space_location`, `rescue_equipment_inspected_by`, `is_record_of_inspection_attached`, `any_additional_requirements`, `description_of_space`, `diagram_of_space`, `completed_by`, `is_entry_supervisor`, `is_attendant`, `other`, `is_pre_anchoring_required`, `created_at`, `modified_at`, `confind_space_type`) VALUES
(1, 1, 180, 1, '2018-11-26 00:00:00', 'dfghdf', 'dfhgdfgh', 1, 'dfhdgfhdfg', 'fghdfgh', '1543213468180_1.png', 'fghfg', 1, 1, '', 1, '2018-11-26 01:22:27', '2018-11-26 01:24:28', 'ENTRY_PERMT'),
(2, 2, 178, 1, '2018-11-26 00:00:00', '\';l\'', ';\'l\'\'', 0, ';\'l\'\';\'', '', '', ';\'l\'\';', 0, 0, '', 0, '2018-11-26 01:35:21', '2018-11-26 01:38:45', 'ENTRY_PERMT'),
(3, 3, 178, 1, '2018-11-26 00:00:00', 'dsfdsf', 'fgfdgd', 0, 'sdfsdfsdfdsf', '', '', 'fsdfsdf', 0, 0, '', 0, '2018-11-26 01:44:23', '2018-11-26 01:44:23', 'CHECKLIST'),
(4, 3, 178, 1, '2018-11-26 00:00:00', 'gfhdgg', 'fgdsafdsfs', 0, 'fghdfg', '', '', 'ghdfgggfh', 0, 0, '', 0, '2018-11-26 01:45:17', '2018-11-26 01:45:17', 'ENTRY_PERMT'),
(5, 4, 180, 1, '2018-11-26 00:00:00', 'sdgdg', 'sdfgsdfg', 0, 'sdg', 'sdfgsdfg', '1543215117180_4.png', 'dgdfg', 1, 1, '', 0, '2018-11-26 01:51:57', '2018-11-26 01:51:57', 'CHECKLIST'),
(6, 4, 180, 1, '2018-11-26 00:00:00', 'fgsdfg', 'dhgdgh', 1, 'ghdfgh', 'dhdg', '1543215221180_4.png', 'sdgd', 1, 1, '', 0, '2018-11-26 01:53:41', '2018-11-26 01:53:41', 'ENTRY_PERMT'),
(7, 5, 180, 1, '2018-11-26 00:00:00', 'ghdfghdf', 'dfghdfghdf', 0, 'dfghdfgh', '', '', 'fghdf', 0, 0, '', 0, '2018-11-26 04:13:29', '2018-11-26 04:13:29', 'CHECKLIST'),
(8, 5, 180, 1, '2018-11-26 00:00:00', 'dfasdf', 'adfadsf', 0, 'asdfads', '', '', 'dasfasda', 0, 0, '', 0, '2018-11-26 04:15:49', '2018-11-26 04:19:20', 'ENTRY_PERMT'),
(9, 6, 180, 1, '2018-11-27 00:00:00', 'asdfaf', 'afsdasdf', 0, 'asdfasdf', '', '', 'asdf', 0, 0, '', 0, '2018-11-27 07:16:14', '2018-11-28 01:40:58', 'ENTRY_PERMT'),
(10, 7, 1, 1, '2019-01-04 00:00:00', 'uyiy', 'sedge', 0, 'yay', '', '', 'iyuiyu', 0, 0, '', 0, '2019-01-04 05:59:28', '2019-01-04 05:59:28', 'ENTRY_PERMT'),
(11, 8, 194, 3, '2019-01-17 00:00:00', 'wertwert', 'wertwert', 0, 'wertwetr', '', '1547720574194_8.png', 'we', 0, 0, '', 0, '2019-01-17 05:22:54', '2019-01-17 05:23:16', 'ENTRY_PERMT'),
(12, 27, 1, 4, '2019-02-08 00:00:00', 'sadsad', 'sadsdasd', 0, 'asdasd', '', '', 'sdsadasd', 0, 0, '', 0, '2019-02-08 05:03:58', '2019-02-08 05:03:58', 'CHECKLIST'),
(13, 9, 211, 4, '2019-02-08 00:00:00', 'sadasd', 'sdfsdf', 0, 'dsfsdfd', '', '', 'sadas', 0, 0, '', 0, '2019-02-08 05:04:41', '2019-03-07 05:22:58', 'ENTRY_PERMT'),
(14, 29, 180, 1, '2019-03-04 00:00:00', 'Test', 'Test', 0, 'Test', '', '', 'Test', 1, 0, '', 0, '2019-03-04 04:47:47', '2019-03-04 04:47:47', 'CHECKLIST'),
(15, 31, 211, 4, '2019-03-07 00:00:00', 'd sfgds gdsf gsdf', ' sdf sdf sfdf gds', 0, ' dsg sdfg sdfg sdfg', ' dsfgds gdsg ', '1551942796211_31.png', ' dfgsfd gdsf', 1, 1, '', 0, '2019-03-07 02:13:16', '2019-03-07 02:13:16', 'CHECKLIST'),
(16, 10, 211, 4, '2019-03-07 00:00:00', 'fuvghghiv', 'Fgtthhtthhgb', 0, 'Yuyytgggj', 'darter te', '1552285613211_10.png', 'Gufugfcjgdjg', 1, 0, '', 0, '2019-03-07 05:31:12', '2019-03-11 02:26:53', 'ENTRY_PERMT'),
(17, 32, 180, 1, '2019-03-07 00:00:00', 'Vbbb', 'Gghh', 0, 'Vhhn', '', '1551957408180_32.png', 'Vhhh', 0, 0, '', 0, '2019-03-07 06:16:48', '2019-03-07 06:16:48', 'CHECKLIST'),
(18, 33, 211, 1, '2019-03-07 00:00:00', 'Ncjcj', 'Cvcjvj', 0, 'Vjch', '', '', 'Chchch', 1, 0, '', 0, '2019-03-07 08:34:23', '2019-03-07 08:34:23', 'CHECKLIST'),
(19, 34, 211, 1, '2019-03-07 00:00:00', 'Cjjcjcj', 'Chchcn', 0, 'Hxhxh', '', '1551965797211_34.png', 'Bxhx', 1, 0, '', 0, '2019-03-07 08:36:37', '2019-03-07 08:36:37', 'CHECKLIST'),
(20, 35, 201, 5, '2019-03-07 00:00:00', 'Under 6th street bridge, north end of work site', 'Scott Saylor', 0, 'None', 'Culvert entersects creek at 90degrees Unser bridge', '1551979847201_35.png', 'Scott Saylor', 1, 0, '', 1, '2019-03-07 12:30:47', '2019-03-07 12:30:47', 'CHECKLIST'),
(21, 11, 201, 5, '2019-03-07 00:00:00', 'Roser Park', 'Scott Saylor', 0, 'None', 'Box culvert entersects creek under 6th street bridge', '1551980968201_11.png', 'Scott Saylor', 1, 0, '', 1, '2019-03-07 12:49:28', '2019-03-07 12:49:28', 'ENTRY_PERMT'),
(22, 36, 1, 1, '2019-03-08 00:00:00', 'dgdfgfdg', 'fdgfdg', 0, 'dfgdfgfd', '', '', 'fdgdfgdfg', 0, 0, '', 0, '2019-03-08 01:48:43', '2019-03-08 01:48:43', 'CHECKLIST'),
(23, 37, 180, 1, '2019-03-08 00:00:00', 'gfhgfhfg', 'khjkhjk', 0, 'ewe', 'wrewr', '', 'hgfhf', 1, 0, '', 0, '2019-03-08 01:59:46', '2019-03-08 01:59:46', 'CHECKLIST'),
(24, 38, 180, 1, '2019-03-08 00:00:00', 'hjgj', 'hgk', 0, 'hgjg', '', '', 'fujgjy', 1, 0, '', 0, '2019-03-08 05:23:19', '2019-03-08 05:23:19', 'CHECKLIST'),
(25, 39, 211, 4, '2019-03-11 00:00:00', 'hfghgfj', 'jgnbhmb b ', 0, 'trett', 'ryutuiyi', '1552285458211_39.png', 'fhgfh', 1, 0, '', 0, '2019-03-11 02:24:18', '2019-03-11 02:24:18', 'CHECKLIST'),
(26, 42, 181, 1, '2019-03-12 00:00:00', 'tyutyutyu', 'tyutyutyu', 0, 'tyutyutyu', '', '', 'yutyuytuy', 0, 0, '', 0, '2019-03-12 08:38:14', '2019-03-12 08:38:14', 'CHECKLIST'),
(27, 43, 211, 4, '2019-03-12 00:00:00', 'Fgjchjjhvjh', 'Nbchivhigigui', 0, 'Gojgjkbjkbjobuobuo', '', '1552395018211_43.png', 'Test comp', 0, 1, '', 0, '2019-03-12 08:50:18', '2019-03-12 08:50:18', 'CHECKLIST'),
(28, 15, 211, 4, '2019-03-12 00:00:00', 'etryrty', 'rytrytry', 0, 'ghgjhgj', '', '1552396006211_15.png', 'rerwer', 1, 0, '', 0, '2019-03-12 09:06:46', '2019-03-12 09:06:46', 'ENTRY_PERMT'),
(29, 44, 1, 1, '2019-03-12 00:00:00', 'dsfdsf', 'dsfdsfdsf', 0, 'sdfsdfdsf', '', '', 'dfdsfsdf', 0, 0, '', 0, '2019-03-12 09:10:43', '2019-03-12 09:10:43', 'CHECKLIST'),
(30, 16, 1, 1, '2019-03-12 00:00:00', 'gfdgfdg', 'fdgfdg', 0, 'fgfdgf', '', '', 'dfgfdgfd', 0, 0, '', 0, '2019-03-12 09:11:35', '2019-03-12 09:11:35', 'ENTRY_PERMT'),
(31, 17, 1, 1, '2019-03-12 00:00:00', 'gfdg', 'dfg', 0, 'dfgdfg', '', '', 'dfgdf', 0, 0, '', 0, '2019-03-12 09:12:42', '2019-03-12 09:12:42', 'ENTRY_PERMT'),
(32, 18, 1, 1, '2019-03-12 00:00:00', 'tyuryuytu', 'yur', 0, 'yurt', 'ytyuytu', '15523965211_18.png', 'tyuytuytutyu', 1, 0, '', 0, '2019-03-12 09:15:21', '2019-03-12 09:15:21', 'ENTRY_PERMT'),
(33, 19, 211, 4, '2019-03-12 00:00:00', 'Cubcucuggu', 'Yufyifyifyif', 0, 'Ifhjvkvhjvhjvjvj', '', '', 'Fugfihvhiv', 0, 1, '', 0, '2019-03-12 09:28:37', '2019-03-12 09:28:37', 'ENTRY_PERMT'),
(34, 20, 211, 4, '2019-03-12 00:00:00', 'Ufififi', 'Ivivhivkjgjkgjkbi', 0, 'Fugfjgfyjfjhjfhifufu', '', '', 'Cjbfhjfjfgi', 0, 0, '', 0, '2019-03-12 09:31:24', '2019-03-12 09:31:24', 'ENTRY_PERMT'),
(35, 26, 211, 4, '2019-03-13 00:00:00', 'jghjgj', 'teetwqw', 1, 'hvbvb', '', '', 'ghgh', 0, 0, '', 1, '2019-03-13 05:02:13', '2019-03-13 05:02:13', 'ENTRY_PERMT'),
(36, 27, 211, 4, '2019-03-15 00:00:00', 'CONFINED SPACE LOCATION', 'IDENTIFIED RESCUE EQUIPMENT INSPECTED BY COMPETENT PERSON NAME:', 1, 'ANY ADDITIONAL REQUIREMENTS:', 'DESCRIPTION OF SPACE (INCLUDE LOCATION OF ATTENDANT)', '1552653746211_27.png', 'COMPLETED BY:', 1, 1, 'OTHER', 1, '2019-03-15 08:42:26', '2019-03-15 08:42:26', 'ENTRY_PERMT'),
(37, 28, 211, 4, '2019-03-15 00:00:00', 'space location', 'jxjxjxjxjxxj', 1, 'jsjsjsjsjsjsjxj', '', '', 'comple', 0, 0, '', 1, '2019-03-15 08:45:44', '2019-03-15 08:45:44', 'ENTRY_PERMT'),
(38, 29, 180, 1, '2019-03-19 00:00:00', 'uioiuoiu', 'uioiuoio', 0, 'uioiuoiu', '', '1552973993180_29.png', 'uiouiou', 0, 0, '', 0, '2019-03-19 01:39:53', '2019-03-19 01:39:53', 'ENTRY_PERMT'),
(39, 30, 211, 4, '2019-03-19 00:00:00', 'ace loct', 'equ inspect by', 1, 'add requirement', '', '', 'comp by in march 19', 0, 0, '', 1, '2019-03-19 05:00:31', '2019-03-19 06:45:06', 'ENTRY_PERMT'),
(40, 31, 1, 1, '2019-03-19 00:00:00', 'yuytu', 'yuytuy', 0, 'tyutyuytu', '', '', 'tyuytu', 0, 0, '', 0, '2019-03-19 05:07:48', '2019-03-19 05:07:48', 'ENTRY_PERMT'),
(41, 32, 180, 1, '2019-03-19 00:00:00', 'Jcjch', 'Tiritit', 0, 'Fhydhd', '', '', 'JCjcjfh', 0, 0, '', 0, '2019-03-19 06:06:35', '2019-03-19 06:06:35', 'ENTRY_PERMT'),
(42, 33, 211, 4, '2019-03-20 00:00:00', 'Yiyuiyui', 'Treyry', 0, 'Trterte', '', '', 'Poipiopoipiop', 1, 1, '', 0, '2019-03-20 05:11:16', '2019-03-20 05:11:16', 'ENTRY_PERMT'),
(43, 34, 214, 1, '2019-04-01 00:00:00', 'Corner of 95th Ave and 7th street', 'Abel Hernandez', 0, 'None', 'W', '1554126898214_34.png', 'Jimmy Nelson', 1, 0, '', 0, '2019-04-01 09:54:58', '2019-04-01 09:54:58', 'ENTRY_PERMT'),
(44, 35, 1, 1, '2019-04-02 00:00:00', 'jklkjlkjl', 'kjlkjjl', 0, 'jkljklkjl', '', '', 'jhlkkjl', 0, 0, '', 0, '2019-04-02 03:21:29', '2019-04-02 06:16:39', 'ENTRY_PERMT'),
(45, 36, 1, 1, '2019-04-02 00:00:00', 'test', 'test', 0, 'test', '', '', 'test', 0, 0, '', 0, '2019-04-02 06:18:02', '2019-04-02 06:27:38', 'ENTRY_PERMT'),
(46, 37, 211, 4, '2019-04-03 00:00:00', 'Trrriooiio', 'Ippop', 0, 'Ytytyty', '', '', 'Weerre', 0, 0, '', 0, '2019-04-03 06:49:36', '2019-04-03 06:49:36', 'ENTRY_PERMT'),
(47, 38, 211, 4, '2019-04-03 00:00:00', 'Oiuouioiu', 'Wewew', 0, 'Yrtyrt', '', '', 'Yuiyuiyu', 0, 0, '', 0, '2019-04-03 08:12:48', '2019-04-03 08:12:48', 'ENTRY_PERMT'),
(48, 39, 211, 4, '2019-04-03 00:00:00', 'Eqwewr', 'Iuouio', 0, 'Wrwrwr', 'Ytutu', '', 'Rtyrtyr', 1, 0, '', 0, '2019-04-03 08:21:59', '2019-04-03 08:21:59', 'ENTRY_PERMT'),
(49, 40, 1, 4, '2019-04-11 00:00:00', 'Wewe', 'Dfdfd', 0, 'Ioiou', 'Sfsfsf', '1554295996211_40.png', 'Uyiuy', 1, 0, '', 0, '2019-04-03 08:53:16', '2019-05-01 11:16:50', 'ENTRY_PERMT'),
(50, 47, 211, 4, '2019-04-10 00:00:00', 'Sdsfsf', 'Dryrty', 0, 'Trutyuty', '', '', 'Fdfdf', 1, 0, '', 0, '2019-04-10 07:00:22', '2019-04-10 07:00:22', 'CHECKLIST'),
(51, 48, 1, 1, '2019-04-12 00:00:00', 'kl;lk;', 'kl;l;', 0, 'kl;lk;', '', '', 'kl;l;', 0, 0, '', 0, '2019-04-12 04:33:01', '2019-04-12 04:33:01', 'CHECKLIST'),
(52, 49, 1, 1, '2019-04-12 00:00:00', 'fgfdg', 'dfgdfgfg', 0, 'dfgfgf', '', '', 'dfgfgf', 0, 0, '', 0, '2019-04-12 06:46:41', '2019-04-12 06:46:41', 'CHECKLIST'),
(53, 50, 211, 4, '2019-04-12 00:00:00', 'Vbvbv', 'Qwqwq', 0, 'Fhfh', 'Wewe', '1555067781211_50.png', 'Rere', 0, 0, 'Yuyiuyi', 0, '2019-04-12 07:16:21', '2019-04-12 07:16:21', 'CHECKLIST'),
(54, 52, 220, 9, '2019-04-23 00:00:00', 'dehradun', 'ok', 0, 'ok', 'yes', '', 'supervisor', 1, 0, '', 0, '2019-04-23 03:10:12', '2019-04-23 03:10:12', 'CHECKLIST'),
(55, 41, 220, 9, '2019-04-23 00:00:00', 'york', 'iphone', 0, 'no', 'doon', '', 'doon', 0, 0, '', 0, '2019-04-23 05:27:16', '2019-04-23 05:27:16', 'ENTRY_PERMT'),
(56, 54, 221, 6, '2019-04-26 00:00:00', 'Roser Park', 'James watford', 1, 'None', '', '1556290454221_54.png', 'Bobby Ynn', 1, 0, '', 0, '2019-04-26 10:54:14', '2019-04-26 10:54:14', 'CHECKLIST'),
(57, 42, 221, 5, '2019-04-28 00:00:00', '30th Street', 'James Watford', 1, 'none', 'yes', '1556593103221_42.png', 'Bobby Wynn Sr', 1, 0, '', 0, '2019-04-29 22:58:23', '2019-04-29 22:58:23', 'ENTRY_PERMT'),
(58, 55, 220, 9, '2019-05-01 00:00:00', 'LA', 'Qwerty', 0, 'Nothing', 'Okay', '', 'Tupac', 1, 0, '', 0, '2019-05-01 02:18:04', '2019-05-01 02:18:04', 'CHECKLIST'),
(59, 56, 220, 9, '2019-05-01 00:00:00', 'Dehraddun', 'Test test test', 0, 'Test test', '', '', 'Test', 0, 0, '', 0, '2019-05-01 07:43:51', '2019-05-01 07:43:51', 'CHECKLIST'),
(60, 43, 197, 4, '2019-05-02 00:00:00', 'Trstst', 'Tretret ', 0, 'Test st s t', '', '', 'Test', 0, 0, '', 0, '2019-05-02 02:21:07', '2019-07-03 06:04:32', 'ENTRY_PERMT'),
(61, 57, 220, 9, '2019-05-02 00:00:00', 'doon it park', 'tarly', 0, 'tent', 'jaguar', '', 'dehradun', 0, 0, '', 0, '2019-05-02 03:03:02', '2019-05-02 03:03:02', 'CHECKLIST'),
(62, 58, 220, 9, '2019-05-02 00:00:00', 'dehradin', 'yes', 0, 'no', 'space', '1556781542220_58.png', 'dehradun', 0, 1, '', 0, '2019-05-02 03:19:02', '2019-05-02 03:19:02', 'CHECKLIST'),
(63, 44, 220, 9, '2019-05-02 00:00:00', 'ffffff', 'yes', 0, 'huhu', 'ygyghhh', '1556782878220_44.png', 'dddfdf', 1, 0, '', 0, '2019-05-02 03:41:18', '2019-05-02 03:41:18', 'ENTRY_PERMT'),
(64, 45, 1, 1, '2019-05-02 12:38:12', 'gfdgdfg', 'dgdfgfdg', 0, 'fdgdfgg', '', '', 'gdsgdsg', 0, 0, '', 0, '2019-05-02 11:38:42', '2019-05-02 11:38:42', 'ENTRY_PERMT'),
(65, 46, 222, 5, '2019-05-06 07:00:39', 'Lake H', 'Bobby wynn sr', 0, 'N/A', 'Man hole 15 ft deep 6 ft wide attendant over top of man hole', '1557160616222_46.png', 'Bobby Wynn Sr', 1, 0, '', 0, '2019-05-06 12:36:56', '2019-05-06 12:39:36', 'ENTRY_PERMT'),
(66, 60, 211, 4, '2019-05-22 00:00:00', 'Test the space fyufftud', 'Test and inspect by name', 1, 'Add requirement', 'Udududucgudtud', '1558509927211_60.png', 'Test comp', 0, 0, 'All selected', 1, '2019-05-22 03:25:27', '2019-05-22 03:25:27', 'CHECKLIST'),
(67, 61, 198, 4, '2019-06-03 00:00:00', 'Bubbihih', 'Bububuhuhj', 1, 'Gubugu', 'Buhjnkmmm', '1559563359198_61.png', 'Njhihj', 0, 0, '', 1, '2019-06-03 08:02:39', '2019-06-03 08:02:39', 'CHECKLIST'),
(68, 62, 211, 4, '2019-06-13 00:00:00', ' TEST LOACATION', 'test it RESCUE EQUIPMENT INSPECTIONS ', 1, 'Additional Req', 'Desc space', '1560416720211_62.png', 'BRIJ TESTER', 1, 1, 'OTHER BY ALL', 1, '2019-06-13 05:05:20', '2019-06-13 05:05:20', 'CHECKLIST'),
(69, 47, 211, 4, '2019-06-13 02:09:32', 'sdfsdf', 'serfs', 0, 'sdfsdf', '', '', 'comp by tester ', 1, 1, 'all selected', 0, '2019-06-13 05:11:25', '2019-06-13 05:11:25', 'ENTRY_PERMT'),
(70, 63, 220, 9, '2019-06-21 00:00:00', 'Milky way', 'Not yet.', 0, 'Not yet.', 'Space', '1561100380220_63.png', 'Mike Shinoda', 1, 0, '', 0, '2019-06-21 02:59:40', '2019-06-21 02:59:40', 'CHECKLIST'),
(71, 48, 220, 9, '2019-06-21 03:05:58', 'Earth', 'Maria Hill', 0, 'Nothing as of now.', 'Sheild.', '1561101112220_48.png', 'Shield', 1, 0, '', 0, '2019-06-21 03:11:52', '2019-06-21 03:16:58', 'ENTRY_PERMT'),
(72, 64, 220, 9, '2019-06-24 00:00:00', 'cjbsvbjsjvsbdjvs', 'ascascsac', 1, 'ascsacacsac', 'vshvsjscjscshchjs', '1561367641220_64.png', 'vchscsdcsc', 1, 0, '', 1, '2019-06-24 05:14:01', '2019-06-24 05:14:01', 'CHECKLIST'),
(73, 49, 220, 9, '2019-06-24 05:23:46', 'wwewefwefw', 'cwecwcwc', 0, 'cwcwcwcwc', 'cwcwcwcw', '1561368299220_49.png', 'cwcwccwe', 1, 0, '', 1, '2019-06-24 05:24:59', '2019-06-24 05:24:59', 'ENTRY_PERMT'),
(74, 50, 220, 9, '2019-06-28 00:00:00', 'Hfgughvu', 'Gghgihigyiggiyyig', 0, 'Ffufgugjhgggu', 'Vyjghiggigigui', '1562135052220_50.png', 'Dycyfycyc', 0, 1, '', 0, '2019-06-28 02:48:11', '2019-07-03 02:24:12', 'ENTRY_PERMT'),
(75, 66, 1, 8, '2019-08-06 00:00:00', 'gfhgf', 'gfhgf', 0, 'fghgh', '', '15650712521_66.png', 'hgfhfgh', 0, 0, '', 0, '2019-08-06 02:00:52', '2019-08-06 02:00:52', 'CHECKLIST'),
(76, 67, 1, 8, '2019-08-06 00:00:00', 'werwerew', 'ewrwerwerwer', 1, 'werwerwer', 'werwerewrewr', '15650808781_67.png', 'werwerer', 1, 1, 'werer', 1, '2019-08-06 04:41:18', '2019-08-06 04:41:18', 'CHECKLIST'),
(77, 69, 1, 8, '2019-08-07 00:00:00', 'ghjghj', 'ghjghj', 0, 'ghjgh', 'ghjghj', '15651708771_69.png', 'ghjgh', 0, 0, '', 0, '2019-08-07 05:41:17', '2019-08-07 05:41:17', 'CHECKLIST'),
(78, 70, 1, 8, '2019-08-07 00:00:00', 'hjkjhkjhk', 'hjkjhkj', 0, 'jhkjhkjh', 'jhkjhkhj', '15651711461_70.png', 'jhkjh', 1, 1, 'jhkjhk', 0, '2019-08-07 05:45:46', '2019-08-07 05:45:46', 'CHECKLIST'),
(79, 81, 233, 4, '2019-08-23 00:00:00', 'tryrty', 'trytry', 0, 'fgdfg', 'tytryr', '', 'rtryrty', 1, 1, '', 0, '2019-08-23 03:29:56', '2019-08-23 03:29:56', 'CHECKLIST'),
(80, 84, 1, 4, '2019-08-27 00:00:00', 'fgfdgfd', 'gfgdfg', 0, 'fdgfdgfdg', '', '', 'gdfgdfg', 0, 0, '', 0, '2019-08-27 05:51:15', '2019-08-27 05:51:15', 'CHECKLIST'),
(81, 51, 213, 6, '2019-08-28 13:19:24', '8th st 5th ave', 'Sheldon Doshi', 0, 'None', 'Man Hole Box 14\'', '1567012910213_51.png', 'Sheldon Doshi', 1, 0, '', 0, '2019-08-28 13:21:50', '2019-08-28 13:21:50', 'ENTRY_PERMT'),
(82, 87, 233, 4, '2019-08-29 00:00:00', 'trutghfgh', 'utyutyu', 0, 'ytutyu', 'ytuytu', '1567062902233_87.png', 'ryrtytr', 1, 0, '', 0, '2019-08-29 03:15:02', '2019-08-29 03:15:02', 'CHECKLIST'),
(83, 89, 233, 4, '2019-08-30 00:00:00', 'ererer', 'gryryr', 1, 'fghgf', 'wdsdsd', '1567161078233_89.png', 'bvnvnbv', 1, 0, '', 0, '2019-08-30 06:31:18', '2019-08-30 06:31:18', 'CHECKLIST'),
(84, 90, 233, 4, '2019-09-03 00:00:00', 'wewqe', 'cbcvbc', 0, 'ewrewr', 'werew', '1567493361233_90.png', 'gdfgbfg', 1, 0, '', 0, '2019-09-03 02:49:21', '2019-09-03 02:49:21', 'CHECKLIST'),
(85, 52, 1, 4, '2019-09-06 01:06:02', 'fdsf', 'dsfdf', 0, 'sdfsdfsdf', 'sdfdsfsf', '15677464251_52.png', 'dsfsdf', 1, 1, 'dsfsdfds', 0, '2019-09-06 01:07:05', '2019-09-06 01:07:05', 'ENTRY_PERMT'),
(86, 53, 216, 8, '2019-09-25 12:40:04', 'fdgfdg', 'gdfgdfg', 0, 'fdgdfgdfg', '', '', 'gfg', 0, 0, '', 0, '2019-09-25 12:40:51', '2019-09-25 12:40:51', 'ENTRY_PERMT'),
(87, 54, 216, 8, '2019-09-26 08:36:35', 'abc', 'abc', 0, 'abc', '', '', 'abc', 0, 0, '', 0, '2019-09-26 08:36:58', '2019-09-26 08:36:58', 'ENTRY_PERMT'),
(88, 91, 213, 6, '2019-10-08 00:00:00', '8th St and 5th Ave Corner', 'Sheldon Doshi', 1, 'Signal person is on standby', 'Man hole 10\' wide and 14\' deep', '1570546948213_91.png', 'Sheldon Doshi', 1, 0, '', 1, '2019-10-08 11:02:28', '2019-10-08 11:02:28', 'CHECKLIST'),
(89, 55, 213, 6, '2019-10-08 11:52:21', '8th street and 10th ave', 'Sheldon Doshi', 0, 'All entrants have been trained in permit required confined space ', '10’ side and 14’ deep manhole', '1570550051213_55.png', 'Brian Driggers ', 1, 0, '', 0, '2019-10-08 11:54:11', '2019-10-08 12:02:55', 'ENTRY_PERMT'),
(90, 92, 198, 4, '2020-01-28 00:00:00', 'Dehradun IT Park', 'Tester', 0, 'Testing', '', '', 'Test User', 0, 0, '', 0, '2020-01-28 08:25:36', '2020-01-28 08:25:36', 'CHECKLIST'),
(91, 93, 194, 3, '2020-02-04 00:00:00', 'Gctct', 'Gugyyv', 0, 'Fctrdtfy', '', '1580798540194_93.png', 'V fct', 1, 0, '', 0, '2020-02-04 01:42:20', '2020-02-04 01:42:20', 'CHECKLIST'),
(92, 95, 213, 6, '2020-02-11 00:00:00', '96th street and Highway 75', 'Keith Thompson', 0, 'None', 'Manhole ', '1581455752213_95.png', 'Sheldon Doshi', 1, 0, '', 0, '2020-02-11 16:15:52', '2020-02-11 16:15:52', 'CHECKLIST'),
(93, 96, 198, 4, '2020-02-12 00:00:00', 'Dehradun', 'Tester', 0, 'Testing', '', '1581489905198_96.png', 'Tester', 1, 0, '', 0, '2020-02-12 01:45:05', '2020-02-12 01:45:05', 'CHECKLIST'),
(94, 56, 268, 6, '2020-03-11 10:52:16', 'iytuf', 'kjh', 0, 'no', '', '1583938937268_56.png', 'lkhkj', 1, 0, '', 1, '2020-03-11 11:02:17', '2020-03-11 11:02:17', 'ENTRY_PERMT'),
(95, 57, 267, 6, '2020-03-11 00:00:00', 'Colvert pipe', 'Scott strandberg', 1, 'No', 'Outside colvert end.', '', 'Scott strandberg', 0, 0, 'Compandent', 0, '2020-03-11 11:04:11', '2020-03-11 11:04:11', 'ENTRY_PERMT'),
(96, 103, 269, 16, '2020-04-10 00:00:00', 'web testing', 'web', 1, 'teste', 'etsts', '1586527986269_103.png', 'web test', 1, 1, 'web', 0, '2020-04-10 10:13:06', '2020-04-10 10:13:06', 'CHECKLIST'),
(97, 58, 269, 16, '2020-04-10 11:38:15', 'web  CONFINED SPACE LOCATION', 'web COMPETENT PERSON NAME:', 1, 'web ADDITIONAL ', 'web DESCRIPTION ', '1586533252269_58.png', 'web COMPLETED BY:', 1, 1, 'ot', 0, '2020-04-10 11:40:52', '2020-04-10 11:40:52', 'ENTRY_PERMT'),
(98, 104, 269, 16, '2020-04-14 00:00:00', 'web', 'Web name', 1, 'web ADDITIONAL ', 'webDESCRIPTION OF SPACE (INCLUDE LOCATION OF ATTENDANT):', '1586864121269_104.png', 'web test', 1, 1, 'web all', 1, '2020-04-14 07:35:21', '2020-04-14 07:35:21', 'CHECKLIST'),
(99, 105, 198, 4, '2020-04-20 00:00:00', 'Dehradun', 'Test', 0, 'Test', '', '', 'Test', 0, 0, '', 0, '2020-04-20 07:36:19', '2020-04-20 07:36:19', 'CHECKLIST'),
(100, 106, 269, 16, '2020-04-20 00:00:00', 'Ipad air online 20 april', 'Ipad air test', 1, 'Resord inspection attached', 'Test desc', '1587390399269_106.png', 'Ipad air', 1, 1, 'Test', 1, '2020-04-20 09:46:39', '2020-04-20 09:46:39', 'CHECKLIST'),
(101, 107, 1, 16, '2020-04-20 00:00:00', 'webCONFINED SPACE LOCATION', 'dfgdfgfd', 0, 'ADDITIONAL web', 'web tesr DESCRIPTION OF SPACE (INCLUDE LOCATION OF ATTENDANT):', '15873924311_107.png', 'tests', 1, 1, '', 0, '2020-04-20 10:20:31', '2020-04-20 10:20:31', 'CHECKLIST'),
(102, 59, 269, 16, '2020-04-20 00:00:00', 'Ipad', 'Chvcghcgch', 0, 'Fhxfhxghch', 'Ghddghdhgd', '1587392560269_59.png', 'Ipad air', 1, 1, 'Ipad', 0, '2020-04-20 10:22:40', '2020-04-20 10:22:40', 'ENTRY_PERMT'),
(103, 60, 198, 4, '2020-04-20 00:00:00', 'Gfdgdfgfg', 'Fgdfgfdgdf', 0, 'Fdgdfgfdg', '', '', 'Gfdgdfg', 0, 0, '', 0, '2020-04-20 10:26:23', '2020-06-22 07:57:45', 'ENTRY_PERMT'),
(104, 61, 269, 16, '2020-04-20 10:09:02', 'testset', 'gfjf', 0, 'ghjfgj', 'gjfgf', '1587393361269_61.png', 'web tewst', 1, 1, '', 0, '2020-04-20 10:36:01', '2020-04-28 12:19:04', 'ENTRY_PERMT'),
(105, 108, 269, 16, '2020-04-22 00:00:00', 'Air ipad offline', 'Air ipad test off”ine', 0, 'Fyifiyfkh', '', '1587553856269_108.png', 'Onsite  rescue offline ', 1, 1, 'Offline form fill', 0, '2020-04-22 07:10:56', '2020-04-22 07:10:56', 'CHECKLIST'),
(106, 62, 269, 16, '2020-04-22 00:00:00', 'Offline 2', 'Test offline', 1, 'Test', 'Offline', '1587553856269_62.png', 'Offlne second2 form ', 1, 1, 'Offline', 0, '2020-04-22 07:10:56', '2020-04-28 12:54:47', 'ENTRY_PERMT'),
(107, 110, 269, 16, '2020-04-28 00:00:00', 'asas', 'Test case', 1, 'sadsd', 'RECORD OF INSPECTION(S) ATTACHED: no option in form', '', 'test case writing', 1, 0, '', 0, '2020-04-28 13:28:18', '2020-04-28 13:28:18', 'CHECKLIST'),
(108, 63, 269, 16, '2020-04-28 13:49:26', 'fdhgfd', 'fdhgfdg', 1, 'ghd', '', '1588097260269_63.png', 'fdhgfdhg', 0, 0, '', 0, '2020-04-28 14:07:40', '2020-04-29 11:21:54', 'ENTRY_PERMT'),
(109, 111, 269, 16, '2020-04-29 00:00:00', 'home', 'RECORD OF INSPECTION(S) ATTACHED: yes', 1, 'no option to add file', '', '1588145102269_111.png', 'Supt', 0, 0, '', 1, '2020-04-29 03:25:02', '2020-04-29 03:25:02', 'CHECKLIST'),
(110, 112, 269, 16, '2020-04-29 00:00:00', 'Online', 'Record insp attached yes', 1, 'No option to add files', '', '1588145107269_112.png', 'Ipad online', 0, 0, '', 1, '2020-04-29 03:25:07', '2020-04-29 03:25:07', 'CHECKLIST'),
(111, 114, 269, 16, '2020-04-29 00:00:00', 'dsfgds', 'dsgds', 1, 'dfsgd', 'dsfg', '', 'sdgds', 0, 0, '', 0, '2020-04-29 11:16:40', '2020-04-29 11:16:40', 'CHECKLIST'),
(112, 64, 269, 16, '2020-04-30 00:00:00', 'Online ipad', 'Ipad online', 0, 'Online ipad', '', '1588239323269_64.png', 'Online ipad', 0, 0, '', 0, '2020-04-30 05:35:23', '2020-04-30 05:35:23', 'ENTRY_PERMT'),
(113, 65, 269, 16, '2020-04-30 05:30:13', 'web', 'cxvd we', 1, 'web', '', '1588239327269_65.png', 'web', 0, 0, '', 0, '2020-04-30 05:35:27', '2020-04-30 05:35:27', 'ENTRY_PERMT'),
(114, 115, 269, 16, '2020-05-04 00:00:00', 'off', 'WEb off', 1, 'web off', '', '1588595108269_115.png', 'web with off comp', 0, 0, '', 1, '2020-05-04 08:25:08', '2020-05-04 08:25:08', 'CHECKLIST'),
(115, 66, 269, 16, '2020-05-04 08:28:11', 'off web Edited', 'not mandatory in ipad', 1, 'Web off', 'Edited', '1588595551269_66.png', 'web off Edited', 0, 0, '', 1, '2020-05-04 08:32:31', '2020-05-14 02:54:17', 'ENTRY_PERMT'),
(116, 116, 269, 16, '2020-05-04 00:00:00', 'Off', 'Off ipad', 1, 'Test off', '', '1588595724269_116.png', 'Off', 0, 0, '', 1, '2020-05-04 08:35:24', '2020-05-04 08:35:24', 'CHECKLIST'),
(117, 67, 269, 16, '2020-05-04 00:00:00', 'Off ipad', 'Off ipad', 1, 'Ipad off', '', '1588595724269_67.png', 'Ipad off', 0, 0, '', 1, '2020-05-04 08:35:24', '2020-05-04 08:35:24', 'ENTRY_PERMT'),
(118, 123, 269, 18, '2020-05-12 00:00:00', 'conf1', 'test1', 1, 'test1', 'RECORD OF INSPECTION(S) ATTACHED: yes', '', 'test 1 con', 0, 0, '', 0, '2020-05-12 10:10:44', '2020-05-12 10:10:44', 'CHECKLIST'),
(119, 68, 269, 18, '2020-05-12 10:18:32', 'test2', 'test2', 0, 'test2', '', '', 'test2', 0, 0, '', 0, '2020-05-12 10:19:00', '2020-05-12 10:19:00', 'ENTRY_PERMT'),
(120, 124, 269, 16, '2020-05-15 00:00:00', 'etestes', 'tsets', 0, 'etsettes', '', '', 'tests', 0, 0, '', 0, '2020-05-15 05:46:10', '2020-05-15 05:46:10', 'CHECKLIST'),
(121, 69, 269, 16, '2020-05-15 05:47:39', 'asfdsaf', 'dssdf', 0, 'sdafas', '', '', 'IE 11', 0, 0, '', 0, '2020-05-15 05:50:54', '2020-05-15 05:50:54', 'ENTRY_PERMT'),
(122, 125, 1, 18, '2020-05-20 00:00:00', 'ie', 'dhfdh', 0, 'ie', '', '', 'IE', 0, 0, '', 0, '2020-05-20 05:43:37', '2020-05-20 05:43:37', 'CHECKLIST'),
(123, 70, 1, 18, '2020-05-20 06:04:29', 'ghjkhgjk', 'gjkghj', 0, 'jkhgj', '', '', 'jgkhgjk', 0, 0, '', 0, '2020-05-20 06:04:54', '2020-05-20 06:04:54', 'ENTRY_PERMT'),
(124, 126, 269, 16, '2020-05-28 00:00:00', 'Mozilla browsers', 'Mozilla browsers', 0, 'Mozilla browsers', '', '', 'Mozilla browsers', 0, 0, '', 0, '2020-05-28 06:40:21', '2020-05-28 06:40:21', 'CHECKLIST'),
(125, 71, 269, 16, '2020-05-28 07:31:13', 'test', 'test', 0, 'test ', '', '', 'mozilla', 1, 0, '', 0, '2020-05-28 07:32:55', '2020-05-28 07:32:55', 'ENTRY_PERMT'),
(126, 130, 213, 6, '2020-06-03 00:00:00', '8th street & 5th ave', 'Sheldon Doshi', 0, 'None', 'Manhole 8’ length 9’ height ', '1591190756213_130.png', 'Sheldn Doshi', 1, 0, '', 0, '2020-06-03 09:25:56', '2020-06-03 09:25:56', 'CHECKLIST'),
(127, 72, 213, 6, '2020-06-03 00:00:00', '1st strett and 1st ave', 'James Ownby', 0, 'None', '8’ lenght and 10’ dept', '1591191310213_72.png', 'Sheldon doshi', 1, 0, '', 0, '2020-06-03 09:35:10', '2020-06-03 09:35:10', 'ENTRY_PERMT'),
(128, 131, 198, 4, '2020-06-09 00:00:00', 'Ddn', 'Test', 0, 'Gerggergregerg', '', '', 'Test', 0, 0, '', 0, '2020-06-09 10:23:20', '2020-06-09 10:23:20', 'CHECKLIST'),
(129, 133, 198, 4, '2020-06-12 00:00:00', 'Rvfvrv', 'Rhrthrtb', 0, 'Fvreverver', '', '', 'Rffr', 0, 0, '', 0, '2020-06-12 07:56:56', '2020-06-12 07:56:56', 'CHECKLIST'),
(130, 134, 270, 16, '2020-06-12 00:00:00', 'test', 'PERSON NAME test', 0, 'Test ANY ADDITIONAL REQUIREMENTS:', '', '1591977497270_134.png', 'On site time 11:56 am', 0, 0, '', 0, '2020-06-12 11:58:17', '2020-06-12 11:58:17', 'CHECKLIST'),
(131, 73, 270, 16, '2020-06-12 12:09:51', 'fghfdh', 'test', 0, 'test', '', '', 'Test 12:09 AM', 0, 0, '', 0, '2020-06-12 12:11:36', '2020-06-12 12:11:36', 'ENTRY_PERMT'),
(132, 135, 1, 4, '2020-06-10 00:00:00', 'FSDFSDFSDF', 'SFSDFSFSFF', 0, 'DFSFSFSDFSDF', '', '', 'FSFSFSDF', 0, 0, '', 0, '2020-06-22 04:31:35', '2020-06-22 04:31:35', 'CHECKLIST'),
(133, 136, 1, 4, '2020-06-22 00:00:00', 'sdfsddff', 'sdfsdfdfdsf', 0, 'sdfsdff', '', '', 'sdfsdfsdfsdf', 0, 0, '', 0, '2020-06-22 04:33:57', '2020-06-22 04:33:57', 'CHECKLIST'),
(134, 137, 1, 16, '2020-06-20 00:00:00', 'bfdhf', 'fghfgh', 0, 'fghfgh', '', '', '6-20-2020 2:00Am', 0, 0, '', 0, '2020-06-22 04:37:17', '2020-06-22 04:37:17', 'CHECKLIST'),
(135, 138, 213, 10, '2020-06-29 00:00:00', 'Test 1', 'Sheldon Doshi', 0, 'None', 'Manhole ', '1593439321213_138.png', 'Sheldon Doshi', 1, 0, '', 1, '2020-06-29 10:02:01', '2020-06-29 10:02:01', 'CHECKLIST'),
(136, 140, 213, 10, '2020-07-01 00:00:00', 'Fjf', 'Gfjfy', 0, 'Vhjf', '', '', 'Dhgfyj', 0, 1, '', 0, '2020-07-01 12:53:29', '2020-07-01 12:53:29', 'CHECKLIST'),
(137, 153, 198, 4, '2020-07-22 00:00:00', 'Rrr', 'Wvfevwr', 0, 'Feverferff', '', '', 'Weedcsc', 0, 0, '', 0, '2020-07-22 06:10:24', '2020-07-22 06:10:24', 'CHECKLIST'),
(138, 74, 198, 4, '2020-07-22 00:00:00', 'Rfeerfervvererv', 'Tgergethe', 0, 'Rbetberebre', '', '', 'Fwefwewefwfe', 0, 0, '', 0, '2020-07-22 08:46:30', '2020-07-22 08:46:30', 'ENTRY_PERMT');

-- --------------------------------------------------------

--
-- Table structure for table `rescue_plan_masters`
--

CREATE TABLE `rescue_plan_masters` (
  `id` int(11) NOT NULL,
  `master_type` varchar(255) COLLATE utf8_unicode_ci NOT NULL,
  `master_text` varchar(255) COLLATE utf8_unicode_ci NOT NULL,
  `created_at` datetime NOT NULL,
  `modified_at` datetime NOT NULL,
  `order_number` int(11) DEFAULT NULL
) ENGINE=InnoDB DEFAULT CHARSET=utf8 COLLATE=utf8_unicode_ci;

--
-- Dumping data for table `rescue_plan_masters`
--

INSERT INTO `rescue_plan_masters` (`id`, `master_type`, `master_text`, `created_at`, `modified_at`, `order_number`) VALUES
(1, 'methods_of_communication_personal', 'Phone', '2018-05-11 10:20:06', '2018-05-11 10:20:06', NULL),
(2, 'methods_of_communication_personal', 'Audible Signal', '2018-05-11 10:20:06', '2018-05-11 10:20:06', NULL),
(4, 'methods_of_communication_personal', 'Radio', '2018-05-11 10:20:06', '2018-05-11 10:20:06', NULL),
(5, 'methods_of_communication_workers', 'Phone', '2018-05-11 10:20:06', '2018-05-11 10:20:06', 1),
(6, 'methods_of_communication_workers', 'Audible Signal', '2018-05-11 10:20:06', '2018-05-11 10:20:06', 2),
(8, 'methods_of_communication_workers', 'Radio', '2018-05-11 10:20:06', '2018-05-11 10:20:06', 3),
(9, 'methods_of_communication_workers', 'Visual Hand Signal', '2018-05-11 10:20:06', '2018-05-11 10:20:06', 4),
(10, 'anchorage', 'Beam', '2018-05-11 10:20:06', '2018-05-11 10:20:06', 1),
(11, 'anchorage', 'Stairwell', '2018-05-11 10:20:06', '2018-05-11 10:20:06', 2),
(12, 'anchorage', 'Support Strut', '2018-05-11 10:20:06', '2018-05-11 10:20:06', 3),
(13, 'anchorage', 'Support Column', '2018-05-11 10:20:06', '2018-05-11 10:20:06', 4),
(14, 'anchorage', 'Other', '2018-05-11 10:20:06', '2018-05-11 10:20:06', 5),
(15, 'rescue_equipment_requirements', 'Hauling System', '2018-05-11 10:20:06', '2018-05-11 10:20:06', 1),
(16, 'rescue_equipment_requirements', 'Pulleys', '2018-05-11 10:20:06', '2018-05-11 10:20:06', 2),
(17, 'rescue_equipment_requirements', 'Shock absorbers/lanyards', '2018-05-11 10:20:06', '2018-05-11 10:20:06', 3),
(18, 'rescue_equipment_requirements', 'Body Harnesses', '2018-05-11 10:20:06', '2018-05-11 10:20:06', 4),
(19, 'rescue_equipment_requirements', 'Carabineers', '2018-05-11 10:20:06', '2018-05-11 10:20:06', 5),
(20, 'rescue_equipment_requirements', 'Anchors Straps', '2018-05-11 10:20:06', '2018-05-11 10:20:06', 6),
(21, 'rescue_equipment_requirements', 'Webbing', '2018-05-11 10:20:06', '2018-05-11 10:20:06', 7),
(22, 'rescue_equipment_requirements', 'Ascenders', '2018-05-11 10:20:06', '2018-05-11 10:20:06', 8),
(23, 'rescue_equipment_requirements', 'Rigging Plates', '2018-05-11 10:20:06', '2018-05-11 10:20:06', 9),
(24, 'rescue_equipment_requirements', 'Safety lines', '2018-05-11 10:20:06', '2018-05-11 10:20:06', 10),
(25, 'rescue_equipment_requirements', 'Main Lines', '2018-05-11 10:20:06', '2018-05-11 10:20:06', 11),
(26, 'rescue_equipment_requirements', 'Fire Extinguishers', '2018-05-11 10:20:06', '2018-05-11 10:20:06', 12),
(27, 'rescue_equipment_requirements', 'Other', '2018-05-11 10:20:06', '2018-05-11 10:20:06', 13),
(28, 'medical_equipment_requirements', 'First Aid Kit', '2018-05-11 10:20:06', '2018-05-11 10:20:06', 1),
(29, 'medical_equipment_requirements', 'Packaging Device', '2018-05-11 10:20:06', '2018-05-11 10:20:06', 2),
(30, 'medical_equipment_requirements', 'Other', '2018-05-11 10:20:06', '2018-05-11 10:20:06', 3);

-- --------------------------------------------------------

--
-- Table structure for table `rescue_plan_masters_values`
--

CREATE TABLE `rescue_plan_masters_values` (
  `id` int(11) NOT NULL,
  `rescue_plan_id` int(11) NOT NULL,
  `rescue_plan_master_id` int(11) NOT NULL,
  `other_text` varchar(255) COLLATE utf8_unicode_ci DEFAULT NULL,
  `created_at` datetime NOT NULL,
  `modified_at` datetime NOT NULL
) ENGINE=InnoDB DEFAULT CHARSET=utf8 COLLATE=utf8_unicode_ci;

--
-- Dumping data for table `rescue_plan_masters_values`
--

INSERT INTO `rescue_plan_masters_values` (`id`, `rescue_plan_id`, `rescue_plan_master_id`, `other_text`, `created_at`, `modified_at`) VALUES
(15, 1, 1, NULL, '2018-11-26 01:24:28', '2018-11-26 01:24:28'),
(16, 1, 2, NULL, '2018-11-26 01:24:28', '2018-11-26 01:24:28'),
(17, 1, 4, NULL, '2018-11-26 01:24:28', '2018-11-26 01:24:28'),
(18, 1, 5, NULL, '2018-11-26 01:24:28', '2018-11-26 01:24:28'),
(19, 1, 6, NULL, '2018-11-26 01:24:28', '2018-11-26 01:24:28'),
(20, 1, 9, NULL, '2018-11-26 01:24:28', '2018-11-26 01:24:28'),
(21, 1, 10, NULL, '2018-11-26 01:24:28', '2018-11-26 01:24:28'),
(22, 1, 11, NULL, '2018-11-26 01:24:28', '2018-11-26 01:24:28'),
(23, 1, 12, NULL, '2018-11-26 01:24:28', '2018-11-26 01:24:28'),
(24, 1, 15, NULL, '2018-11-26 01:24:28', '2018-11-26 01:24:28'),
(25, 1, 19, NULL, '2018-11-26 01:24:28', '2018-11-26 01:24:28'),
(26, 1, 20, NULL, '2018-11-26 01:24:28', '2018-11-26 01:24:28'),
(27, 1, 28, NULL, '2018-11-26 01:24:28', '2018-11-26 01:24:28'),
(28, 1, 30, 'gdfgh', '2018-11-26 01:24:28', '2018-11-26 01:24:28'),
(29, 5, 1, NULL, '2018-11-26 01:51:57', '2018-11-26 01:51:57'),
(30, 5, 2, NULL, '2018-11-26 01:51:57', '2018-11-26 01:51:57'),
(31, 5, 4, NULL, '2018-11-26 01:51:57', '2018-11-26 01:51:57'),
(32, 5, 10, NULL, '2018-11-26 01:51:57', '2018-11-26 01:51:57'),
(33, 5, 14, 'sdgsd', '2018-11-26 01:51:57', '2018-11-26 01:51:57'),
(34, 5, 15, NULL, '2018-11-26 01:51:57', '2018-11-26 01:51:57'),
(35, 5, 19, NULL, '2018-11-26 01:51:57', '2018-11-26 01:51:57'),
(36, 5, 28, NULL, '2018-11-26 01:51:57', '2018-11-26 01:51:57'),
(37, 5, 29, NULL, '2018-11-26 01:51:57', '2018-11-26 01:51:57'),
(38, 6, 1, NULL, '2018-11-26 01:53:41', '2018-11-26 01:53:41'),
(39, 6, 2, NULL, '2018-11-26 01:53:41', '2018-11-26 01:53:41'),
(40, 6, 5, NULL, '2018-11-26 01:53:41', '2018-11-26 01:53:41'),
(41, 6, 9, NULL, '2018-11-26 01:53:41', '2018-11-26 01:53:41'),
(42, 6, 10, NULL, '2018-11-26 01:53:41', '2018-11-26 01:53:41'),
(43, 6, 13, NULL, '2018-11-26 01:53:41', '2018-11-26 01:53:41'),
(44, 6, 14, 'dfhdf', '2018-11-26 01:53:41', '2018-11-26 01:53:41'),
(45, 6, 15, NULL, '2018-11-26 01:53:41', '2018-11-26 01:53:41'),
(46, 6, 19, NULL, '2018-11-26 01:53:41', '2018-11-26 01:53:41'),
(47, 6, 22, NULL, '2018-11-26 01:53:41', '2018-11-26 01:53:41'),
(48, 6, 28, NULL, '2018-11-26 01:53:41', '2018-11-26 01:53:41'),
(49, 6, 29, NULL, '2018-11-26 01:53:41', '2018-11-26 01:53:41'),
(50, 15, 1, NULL, '2019-03-07 02:13:16', '2019-03-07 02:13:16'),
(51, 15, 4, NULL, '2019-03-07 02:13:16', '2019-03-07 02:13:16'),
(52, 15, 14, 'asdf sd', '2019-03-07 02:13:16', '2019-03-07 02:13:16'),
(53, 15, 19, NULL, '2019-03-07 02:13:16', '2019-03-07 02:13:16'),
(54, 15, 24, NULL, '2019-03-07 02:13:16', '2019-03-07 02:13:16'),
(55, 15, 26, NULL, '2019-03-07 02:13:16', '2019-03-07 02:13:16'),
(56, 15, 29, NULL, '2019-03-07 02:13:16', '2019-03-07 02:13:16'),
(57, 19, 1, NULL, '2019-03-07 08:36:37', '2019-03-07 08:36:37'),
(58, 19, 6, NULL, '2019-03-07 08:36:37', '2019-03-07 08:36:37'),
(59, 20, 2, NULL, '2019-03-07 12:30:47', '2019-03-07 12:30:47'),
(60, 20, 6, NULL, '2019-03-07 12:30:47', '2019-03-07 12:30:47'),
(61, 20, 12, NULL, '2019-03-07 12:30:47', '2019-03-07 12:30:47'),
(62, 20, 18, NULL, '2019-03-07 12:30:47', '2019-03-07 12:30:47'),
(63, 20, 19, NULL, '2019-03-07 12:30:47', '2019-03-07 12:30:47'),
(64, 20, 24, NULL, '2019-03-07 12:30:47', '2019-03-07 12:30:47'),
(65, 20, 25, NULL, '2019-03-07 12:30:47', '2019-03-07 12:30:47'),
(66, 21, 2, NULL, '2019-03-07 12:49:28', '2019-03-07 12:49:28'),
(67, 21, 6, NULL, '2019-03-07 12:49:28', '2019-03-07 12:49:28'),
(68, 21, 12, NULL, '2019-03-07 12:49:28', '2019-03-07 12:49:28'),
(69, 21, 13, NULL, '2019-03-07 12:49:28', '2019-03-07 12:49:28'),
(70, 21, 16, NULL, '2019-03-07 12:49:28', '2019-03-07 12:49:28'),
(71, 21, 18, NULL, '2019-03-07 12:49:28', '2019-03-07 12:49:28'),
(72, 21, 19, NULL, '2019-03-07 12:49:28', '2019-03-07 12:49:28'),
(73, 21, 24, NULL, '2019-03-07 12:49:28', '2019-03-07 12:49:28'),
(74, 21, 28, NULL, '2019-03-07 12:49:28', '2019-03-07 12:49:28'),
(75, 23, 1, NULL, '2019-03-08 01:59:46', '2019-03-08 01:59:46'),
(76, 23, 6, NULL, '2019-03-08 01:59:46', '2019-03-08 01:59:46'),
(77, 23, 10, NULL, '2019-03-08 01:59:46', '2019-03-08 01:59:46'),
(78, 23, 15, NULL, '2019-03-08 01:59:46', '2019-03-08 01:59:46'),
(79, 23, 16, NULL, '2019-03-08 01:59:46', '2019-03-08 01:59:46'),
(80, 23, 17, NULL, '2019-03-08 01:59:46', '2019-03-08 01:59:46'),
(81, 23, 18, NULL, '2019-03-08 01:59:46', '2019-03-08 01:59:46'),
(82, 23, 20, NULL, '2019-03-08 01:59:46', '2019-03-08 01:59:46'),
(83, 24, 1, NULL, '2019-03-08 05:23:19', '2019-03-08 05:23:19'),
(84, 24, 5, NULL, '2019-03-08 05:23:19', '2019-03-08 05:23:19'),
(85, 24, 6, NULL, '2019-03-08 05:23:19', '2019-03-08 05:23:19'),
(86, 25, 1, NULL, '2019-03-11 02:24:18', '2019-03-11 02:24:18'),
(87, 25, 6, NULL, '2019-03-11 02:24:18', '2019-03-11 02:24:18'),
(88, 25, 10, NULL, '2019-03-11 02:24:18', '2019-03-11 02:24:18'),
(89, 25, 11, NULL, '2019-03-11 02:24:18', '2019-03-11 02:24:18'),
(90, 25, 12, NULL, '2019-03-11 02:24:18', '2019-03-11 02:24:18'),
(91, 25, 13, NULL, '2019-03-11 02:24:18', '2019-03-11 02:24:18'),
(92, 25, 15, NULL, '2019-03-11 02:24:18', '2019-03-11 02:24:18'),
(93, 25, 17, NULL, '2019-03-11 02:24:18', '2019-03-11 02:24:18'),
(94, 25, 19, NULL, '2019-03-11 02:24:18', '2019-03-11 02:24:18'),
(95, 25, 28, NULL, '2019-03-11 02:24:18', '2019-03-11 02:24:18'),
(96, 16, 1, NULL, '2019-03-11 02:26:53', '2019-03-11 02:26:53'),
(97, 16, 6, NULL, '2019-03-11 02:26:53', '2019-03-11 02:26:53'),
(98, 16, 10, NULL, '2019-03-11 02:26:53', '2019-03-11 02:26:53'),
(99, 16, 11, NULL, '2019-03-11 02:26:53', '2019-03-11 02:26:53'),
(100, 16, 15, NULL, '2019-03-11 02:26:53', '2019-03-11 02:26:53'),
(101, 16, 16, NULL, '2019-03-11 02:26:53', '2019-03-11 02:26:53'),
(102, 16, 17, NULL, '2019-03-11 02:26:53', '2019-03-11 02:26:53'),
(103, 16, 18, NULL, '2019-03-11 02:26:53', '2019-03-11 02:26:53'),
(104, 32, 1, NULL, '2019-03-12 09:15:21', '2019-03-12 09:15:21'),
(105, 32, 5, NULL, '2019-03-12 09:15:21', '2019-03-12 09:15:21'),
(106, 32, 10, NULL, '2019-03-12 09:15:21', '2019-03-12 09:15:21'),
(107, 32, 15, NULL, '2019-03-12 09:15:21', '2019-03-12 09:15:21'),
(108, 32, 27, 'rtyury', '2019-03-12 09:15:21', '2019-03-12 09:15:21'),
(109, 32, 28, NULL, '2019-03-12 09:15:21', '2019-03-12 09:15:21'),
(110, 36, 5, NULL, '2019-03-15 08:42:26', '2019-03-15 08:42:26'),
(111, 36, 6, NULL, '2019-03-15 08:42:26', '2019-03-15 08:42:26'),
(112, 36, 8, NULL, '2019-03-15 08:42:26', '2019-03-15 08:42:26'),
(113, 36, 9, NULL, '2019-03-15 08:42:26', '2019-03-15 08:42:26'),
(114, 36, 10, NULL, '2019-03-15 08:42:26', '2019-03-15 08:42:26'),
(115, 36, 11, NULL, '2019-03-15 08:42:26', '2019-03-15 08:42:26'),
(116, 36, 12, NULL, '2019-03-15 08:42:26', '2019-03-15 08:42:26'),
(117, 36, 13, NULL, '2019-03-15 08:42:26', '2019-03-15 08:42:26'),
(118, 36, 14, 'OTHER', '2019-03-15 08:42:26', '2019-03-15 08:42:26'),
(119, 36, 15, NULL, '2019-03-15 08:42:26', '2019-03-15 08:42:26'),
(120, 36, 16, NULL, '2019-03-15 08:42:26', '2019-03-15 08:42:26'),
(121, 36, 17, NULL, '2019-03-15 08:42:26', '2019-03-15 08:42:26'),
(122, 36, 18, NULL, '2019-03-15 08:42:26', '2019-03-15 08:42:26'),
(123, 36, 19, NULL, '2019-03-15 08:42:26', '2019-03-15 08:42:26'),
(124, 36, 20, NULL, '2019-03-15 08:42:26', '2019-03-15 08:42:26'),
(125, 36, 21, NULL, '2019-03-15 08:42:26', '2019-03-15 08:42:26'),
(126, 36, 22, NULL, '2019-03-15 08:42:26', '2019-03-15 08:42:26'),
(127, 36, 23, NULL, '2019-03-15 08:42:26', '2019-03-15 08:42:26'),
(128, 36, 24, NULL, '2019-03-15 08:42:26', '2019-03-15 08:42:26'),
(129, 36, 25, NULL, '2019-03-15 08:42:26', '2019-03-15 08:42:26'),
(130, 36, 26, NULL, '2019-03-15 08:42:26', '2019-03-15 08:42:26'),
(131, 36, 27, 'OTHER', '2019-03-15 08:42:26', '2019-03-15 08:42:26'),
(132, 36, 28, NULL, '2019-03-15 08:42:26', '2019-03-15 08:42:26'),
(133, 36, 29, NULL, '2019-03-15 08:42:26', '2019-03-15 08:42:26'),
(134, 36, 30, 'MEDICAL EQUIPMENT REQUIREMENTS (CHECK WHERE APPLICABLE BELOW AND INDICATE QUANTITY NEEDED)', '2019-03-15 08:42:26', '2019-03-15 08:42:26'),
(135, 37, 16, NULL, '2019-03-15 08:45:44', '2019-03-15 08:45:44'),
(136, 37, 18, NULL, '2019-03-15 08:45:44', '2019-03-15 08:45:44'),
(137, 37, 20, NULL, '2019-03-15 08:45:44', '2019-03-15 08:45:44'),
(140, 43, 2, NULL, '2019-04-01 09:54:58', '2019-04-01 09:54:58'),
(141, 43, 6, NULL, '2019-04-01 09:54:58', '2019-04-01 09:54:58'),
(142, 43, 14, 'Tripod', '2019-04-01 09:54:58', '2019-04-01 09:54:58'),
(143, 43, 18, NULL, '2019-04-01 09:54:58', '2019-04-01 09:54:58'),
(144, 43, 24, NULL, '2019-04-01 09:54:58', '2019-04-01 09:54:58'),
(145, 43, 28, NULL, '2019-04-01 09:54:58', '2019-04-01 09:54:58'),
(146, 53, 2, NULL, '2019-04-12 07:16:21', '2019-04-12 07:16:21'),
(147, 53, 9, NULL, '2019-04-12 07:16:21', '2019-04-12 07:16:21'),
(148, 53, 14, 'Wewew', '2019-04-12 07:16:21', '2019-04-12 07:16:21'),
(149, 53, 27, 'Vcvcb', '2019-04-12 07:16:21', '2019-04-12 07:16:21'),
(150, 53, 30, 'Cvcb', '2019-04-12 07:16:21', '2019-04-12 07:16:21'),
(151, 54, 2, NULL, '2019-04-23 03:10:12', '2019-04-23 03:10:12'),
(152, 54, 13, NULL, '2019-04-23 03:10:12', '2019-04-23 03:10:12'),
(153, 54, 16, NULL, '2019-04-23 03:10:12', '2019-04-23 03:10:12'),
(154, 54, 26, NULL, '2019-04-23 03:10:12', '2019-04-23 03:10:12'),
(155, 54, 29, NULL, '2019-04-23 03:10:12', '2019-04-23 03:10:12'),
(156, 55, 1, NULL, '2019-04-23 05:27:16', '2019-04-23 05:27:16'),
(157, 55, 9, NULL, '2019-04-23 05:27:16', '2019-04-23 05:27:16'),
(158, 55, 13, NULL, '2019-04-23 05:27:16', '2019-04-23 05:27:16'),
(159, 55, 15, NULL, '2019-04-23 05:27:16', '2019-04-23 05:27:16'),
(160, 55, 22, NULL, '2019-04-23 05:27:16', '2019-04-23 05:27:16'),
(161, 55, 28, NULL, '2019-04-23 05:27:16', '2019-04-23 05:27:16'),
(162, 56, 1, NULL, '2019-04-26 10:54:14', '2019-04-26 10:54:14'),
(163, 56, 4, NULL, '2019-04-26 10:54:14', '2019-04-26 10:54:14'),
(164, 56, 5, NULL, '2019-04-26 10:54:14', '2019-04-26 10:54:14'),
(165, 56, 8, NULL, '2019-04-26 10:54:14', '2019-04-26 10:54:14'),
(166, 56, 10, NULL, '2019-04-26 10:54:14', '2019-04-26 10:54:14'),
(167, 56, 16, NULL, '2019-04-26 10:54:14', '2019-04-26 10:54:14'),
(168, 56, 18, NULL, '2019-04-26 10:54:14', '2019-04-26 10:54:14'),
(169, 56, 25, NULL, '2019-04-26 10:54:14', '2019-04-26 10:54:14'),
(170, 56, 28, NULL, '2019-04-26 10:54:14', '2019-04-26 10:54:14'),
(171, 57, 1, NULL, '2019-04-29 22:58:23', '2019-04-29 22:58:23'),
(172, 57, 5, NULL, '2019-04-29 22:58:23', '2019-04-29 22:58:23'),
(173, 57, 10, NULL, '2019-04-29 22:58:23', '2019-04-29 22:58:23'),
(174, 57, 15, NULL, '2019-04-29 22:58:23', '2019-04-29 22:58:23'),
(175, 57, 28, NULL, '2019-04-29 22:58:23', '2019-04-29 22:58:23'),
(176, 58, 1, NULL, '2019-05-01 02:18:04', '2019-05-01 02:18:04'),
(177, 58, 9, NULL, '2019-05-01 02:18:04', '2019-05-01 02:18:04'),
(178, 58, 13, NULL, '2019-05-01 02:18:04', '2019-05-01 02:18:04'),
(179, 58, 18, NULL, '2019-05-01 02:18:04', '2019-05-01 02:18:04'),
(180, 58, 23, NULL, '2019-05-01 02:18:04', '2019-05-01 02:18:04'),
(181, 58, 28, NULL, '2019-05-01 02:18:04', '2019-05-01 02:18:04'),
(184, 61, 1, NULL, '2019-05-02 03:03:02', '2019-05-02 03:03:02'),
(185, 61, 5, NULL, '2019-05-02 03:03:02', '2019-05-02 03:03:02'),
(186, 61, 10, NULL, '2019-05-02 03:03:02', '2019-05-02 03:03:02'),
(187, 61, 21, NULL, '2019-05-02 03:03:02', '2019-05-02 03:03:02'),
(188, 61, 28, NULL, '2019-05-02 03:03:02', '2019-05-02 03:03:02'),
(189, 62, 2, NULL, '2019-05-02 03:19:02', '2019-05-02 03:19:02'),
(190, 62, 6, NULL, '2019-05-02 03:19:02', '2019-05-02 03:19:02'),
(191, 62, 12, NULL, '2019-05-02 03:19:02', '2019-05-02 03:19:02'),
(192, 62, 18, NULL, '2019-05-02 03:19:02', '2019-05-02 03:19:02'),
(193, 62, 28, NULL, '2019-05-02 03:19:02', '2019-05-02 03:19:02'),
(194, 63, 2, NULL, '2019-05-02 03:41:18', '2019-05-02 03:41:18'),
(195, 63, 8, NULL, '2019-05-02 03:41:18', '2019-05-02 03:41:18'),
(196, 63, 13, NULL, '2019-05-02 03:41:18', '2019-05-02 03:41:18'),
(197, 63, 17, NULL, '2019-05-02 03:41:18', '2019-05-02 03:41:18'),
(198, 63, 29, NULL, '2019-05-02 03:41:18', '2019-05-02 03:41:18'),
(209, 65, 4, NULL, '2019-05-06 12:39:36', '2019-05-06 12:39:36'),
(210, 65, 8, NULL, '2019-05-06 12:39:36', '2019-05-06 12:39:36'),
(211, 65, 10, NULL, '2019-05-06 12:39:36', '2019-05-06 12:39:36'),
(212, 65, 18, NULL, '2019-05-06 12:39:36', '2019-05-06 12:39:36'),
(213, 65, 28, NULL, '2019-05-06 12:39:36', '2019-05-06 12:39:36'),
(214, 66, 1, NULL, '2019-05-22 03:25:27', '2019-05-22 03:25:27'),
(215, 66, 2, NULL, '2019-05-22 03:25:27', '2019-05-22 03:25:27'),
(216, 66, 4, NULL, '2019-05-22 03:25:27', '2019-05-22 03:25:27'),
(217, 66, 5, NULL, '2019-05-22 03:25:27', '2019-05-22 03:25:27'),
(218, 66, 6, NULL, '2019-05-22 03:25:27', '2019-05-22 03:25:27'),
(219, 66, 8, NULL, '2019-05-22 03:25:27', '2019-05-22 03:25:27'),
(220, 66, 9, NULL, '2019-05-22 03:25:27', '2019-05-22 03:25:27'),
(221, 66, 10, NULL, '2019-05-22 03:25:27', '2019-05-22 03:25:27'),
(222, 66, 11, NULL, '2019-05-22 03:25:27', '2019-05-22 03:25:27'),
(223, 66, 12, NULL, '2019-05-22 03:25:27', '2019-05-22 03:25:27'),
(224, 66, 13, NULL, '2019-05-22 03:25:27', '2019-05-22 03:25:27'),
(225, 66, 14, 'Anchorage other', '2019-05-22 03:25:27', '2019-05-22 03:25:27'),
(226, 66, 15, NULL, '2019-05-22 03:25:27', '2019-05-22 03:25:27'),
(227, 66, 16, NULL, '2019-05-22 03:25:27', '2019-05-22 03:25:27'),
(228, 66, 17, NULL, '2019-05-22 03:25:27', '2019-05-22 03:25:27'),
(229, 66, 18, NULL, '2019-05-22 03:25:27', '2019-05-22 03:25:27'),
(230, 66, 19, NULL, '2019-05-22 03:25:27', '2019-05-22 03:25:27'),
(231, 66, 20, NULL, '2019-05-22 03:25:27', '2019-05-22 03:25:27'),
(232, 66, 21, NULL, '2019-05-22 03:25:27', '2019-05-22 03:25:27'),
(233, 66, 22, NULL, '2019-05-22 03:25:27', '2019-05-22 03:25:27'),
(234, 66, 23, NULL, '2019-05-22 03:25:27', '2019-05-22 03:25:27'),
(235, 66, 24, NULL, '2019-05-22 03:25:27', '2019-05-22 03:25:27'),
(236, 66, 25, NULL, '2019-05-22 03:25:27', '2019-05-22 03:25:27'),
(237, 66, 26, NULL, '2019-05-22 03:25:27', '2019-05-22 03:25:27'),
(238, 66, 27, 'Test', '2019-05-22 03:25:27', '2019-05-22 03:25:27'),
(239, 66, 28, NULL, '2019-05-22 03:25:27', '2019-05-22 03:25:27'),
(240, 66, 29, NULL, '2019-05-22 03:25:27', '2019-05-22 03:25:27'),
(241, 66, 30, 'Equipment other', '2019-05-22 03:25:27', '2019-05-22 03:25:27'),
(242, 68, 5, NULL, '2019-06-13 05:05:20', '2019-06-13 05:05:20'),
(243, 68, 6, NULL, '2019-06-13 05:05:20', '2019-06-13 05:05:20'),
(244, 68, 8, NULL, '2019-06-13 05:05:20', '2019-06-13 05:05:20'),
(245, 68, 9, NULL, '2019-06-13 05:05:20', '2019-06-13 05:05:20'),
(246, 68, 10, NULL, '2019-06-13 05:05:20', '2019-06-13 05:05:20'),
(247, 68, 11, NULL, '2019-06-13 05:05:20', '2019-06-13 05:05:20'),
(248, 68, 12, NULL, '2019-06-13 05:05:20', '2019-06-13 05:05:20'),
(249, 68, 13, NULL, '2019-06-13 05:05:20', '2019-06-13 05:05:20'),
(250, 68, 14, 'ALL SELECTED', '2019-06-13 05:05:20', '2019-06-13 05:05:20'),
(251, 68, 15, NULL, '2019-06-13 05:05:20', '2019-06-13 05:05:20'),
(252, 68, 16, NULL, '2019-06-13 05:05:20', '2019-06-13 05:05:20'),
(253, 68, 17, NULL, '2019-06-13 05:05:20', '2019-06-13 05:05:20'),
(254, 68, 18, NULL, '2019-06-13 05:05:20', '2019-06-13 05:05:20'),
(255, 68, 19, NULL, '2019-06-13 05:05:20', '2019-06-13 05:05:20'),
(256, 68, 20, NULL, '2019-06-13 05:05:20', '2019-06-13 05:05:20'),
(257, 68, 21, NULL, '2019-06-13 05:05:20', '2019-06-13 05:05:20'),
(258, 68, 22, NULL, '2019-06-13 05:05:20', '2019-06-13 05:05:20'),
(259, 68, 23, NULL, '2019-06-13 05:05:20', '2019-06-13 05:05:20'),
(260, 68, 24, NULL, '2019-06-13 05:05:20', '2019-06-13 05:05:20'),
(261, 68, 25, NULL, '2019-06-13 05:05:20', '2019-06-13 05:05:20'),
(262, 68, 26, NULL, '2019-06-13 05:05:20', '2019-06-13 05:05:20'),
(263, 68, 28, NULL, '2019-06-13 05:05:20', '2019-06-13 05:05:20'),
(264, 68, 29, NULL, '2019-06-13 05:05:20', '2019-06-13 05:05:20'),
(265, 68, 30, 'test other & all', '2019-06-13 05:05:20', '2019-06-13 05:05:20'),
(266, 70, 1, NULL, '2019-06-21 02:59:40', '2019-06-21 02:59:40'),
(267, 70, 6, NULL, '2019-06-21 02:59:40', '2019-06-21 02:59:40'),
(268, 70, 10, NULL, '2019-06-21 02:59:40', '2019-06-21 02:59:40'),
(269, 70, 15, NULL, '2019-06-21 02:59:40', '2019-06-21 02:59:40'),
(270, 70, 22, NULL, '2019-06-21 02:59:40', '2019-06-21 02:59:40'),
(271, 70, 28, NULL, '2019-06-21 02:59:40', '2019-06-21 02:59:40'),
(278, 72, 1, NULL, '2019-06-24 05:14:01', '2019-06-24 05:14:01'),
(279, 72, 6, NULL, '2019-06-24 05:14:01', '2019-06-24 05:14:01'),
(280, 72, 10, NULL, '2019-06-24 05:14:01', '2019-06-24 05:14:01'),
(281, 72, 15, NULL, '2019-06-24 05:14:01', '2019-06-24 05:14:01'),
(282, 72, 19, NULL, '2019-06-24 05:14:01', '2019-06-24 05:14:01'),
(283, 72, 26, NULL, '2019-06-24 05:14:01', '2019-06-24 05:14:01'),
(284, 72, 28, NULL, '2019-06-24 05:14:01', '2019-06-24 05:14:01'),
(285, 73, 1, NULL, '2019-06-24 05:24:59', '2019-06-24 05:24:59'),
(286, 73, 6, NULL, '2019-06-24 05:24:59', '2019-06-24 05:24:59'),
(287, 73, 11, NULL, '2019-06-24 05:24:59', '2019-06-24 05:24:59'),
(288, 73, 13, NULL, '2019-06-24 05:24:59', '2019-06-24 05:24:59'),
(289, 73, 15, NULL, '2019-06-24 05:24:59', '2019-06-24 05:24:59'),
(290, 73, 23, NULL, '2019-06-24 05:24:59', '2019-06-24 05:24:59'),
(291, 73, 25, NULL, '2019-06-24 05:24:59', '2019-06-24 05:24:59'),
(292, 73, 28, NULL, '2019-06-24 05:24:59', '2019-06-24 05:24:59'),
(299, 74, 2, NULL, '2019-07-03 02:24:12', '2019-07-03 02:24:12'),
(300, 74, 8, NULL, '2019-07-03 02:24:12', '2019-07-03 02:24:12'),
(301, 74, 10, NULL, '2019-07-03 02:24:12', '2019-07-03 02:24:12'),
(302, 74, 15, NULL, '2019-07-03 02:24:12', '2019-07-03 02:24:12'),
(303, 74, 24, NULL, '2019-07-03 02:24:12', '2019-07-03 02:24:12'),
(304, 74, 28, NULL, '2019-07-03 02:24:12', '2019-07-03 02:24:12'),
(305, 76, 1, NULL, '2019-08-06 04:41:18', '2019-08-06 04:41:18'),
(306, 76, 4, NULL, '2019-08-06 04:41:18', '2019-08-06 04:41:18'),
(307, 76, 5, NULL, '2019-08-06 04:41:18', '2019-08-06 04:41:18'),
(308, 76, 6, NULL, '2019-08-06 04:41:18', '2019-08-06 04:41:18'),
(309, 76, 8, NULL, '2019-08-06 04:41:18', '2019-08-06 04:41:18'),
(310, 76, 9, NULL, '2019-08-06 04:41:18', '2019-08-06 04:41:18'),
(311, 76, 10, NULL, '2019-08-06 04:41:18', '2019-08-06 04:41:18'),
(312, 76, 11, NULL, '2019-08-06 04:41:18', '2019-08-06 04:41:18'),
(313, 76, 12, NULL, '2019-08-06 04:41:18', '2019-08-06 04:41:18'),
(314, 76, 13, NULL, '2019-08-06 04:41:18', '2019-08-06 04:41:18'),
(315, 76, 14, 'ewrewrewr', '2019-08-06 04:41:18', '2019-08-06 04:41:18'),
(316, 76, 15, NULL, '2019-08-06 04:41:18', '2019-08-06 04:41:18'),
(317, 76, 18, NULL, '2019-08-06 04:41:18', '2019-08-06 04:41:18'),
(318, 76, 27, 'ewrwerwe', '2019-08-06 04:41:18', '2019-08-06 04:41:18'),
(319, 76, 28, NULL, '2019-08-06 04:41:18', '2019-08-06 04:41:18'),
(320, 76, 29, NULL, '2019-08-06 04:41:18', '2019-08-06 04:41:18'),
(321, 76, 30, 'ewrerwerwer', '2019-08-06 04:41:18', '2019-08-06 04:41:18'),
(322, 78, 1, NULL, '2019-08-07 05:45:46', '2019-08-07 05:45:46'),
(323, 78, 2, NULL, '2019-08-07 05:45:46', '2019-08-07 05:45:46'),
(324, 78, 4, NULL, '2019-08-07 05:45:46', '2019-08-07 05:45:46'),
(325, 78, 5, NULL, '2019-08-07 05:45:46', '2019-08-07 05:45:46'),
(326, 78, 6, NULL, '2019-08-07 05:45:46', '2019-08-07 05:45:46'),
(327, 78, 8, NULL, '2019-08-07 05:45:46', '2019-08-07 05:45:46'),
(328, 78, 10, NULL, '2019-08-07 05:45:46', '2019-08-07 05:45:46'),
(329, 78, 11, NULL, '2019-08-07 05:45:46', '2019-08-07 05:45:46'),
(330, 78, 12, NULL, '2019-08-07 05:45:46', '2019-08-07 05:45:46'),
(331, 78, 14, 'jhkhjkjhkj', '2019-08-07 05:45:46', '2019-08-07 05:45:46'),
(332, 78, 15, NULL, '2019-08-07 05:45:46', '2019-08-07 05:45:46'),
(333, 78, 18, NULL, '2019-08-07 05:45:46', '2019-08-07 05:45:46'),
(334, 78, 21, NULL, '2019-08-07 05:45:46', '2019-08-07 05:45:46'),
(335, 78, 27, 'hjkhjk', '2019-08-07 05:45:46', '2019-08-07 05:45:46'),
(336, 78, 28, NULL, '2019-08-07 05:45:46', '2019-08-07 05:45:46'),
(337, 78, 29, NULL, '2019-08-07 05:45:46', '2019-08-07 05:45:46'),
(338, 78, 30, 'hjkhj', '2019-08-07 05:45:46', '2019-08-07 05:45:46'),
(339, 79, 1, NULL, '2019-08-23 03:29:56', '2019-08-23 03:29:56'),
(340, 79, 6, NULL, '2019-08-23 03:29:56', '2019-08-23 03:29:56'),
(341, 79, 9, NULL, '2019-08-23 03:29:56', '2019-08-23 03:29:56'),
(342, 79, 15, NULL, '2019-08-23 03:29:56', '2019-08-23 03:29:56'),
(343, 79, 28, NULL, '2019-08-23 03:29:56', '2019-08-23 03:29:56'),
(344, 81, 4, NULL, '2019-08-28 13:21:50', '2019-08-28 13:21:50'),
(345, 81, 5, NULL, '2019-08-28 13:21:50', '2019-08-28 13:21:50'),
(346, 81, 11, NULL, '2019-08-28 13:21:50', '2019-08-28 13:21:50'),
(347, 81, 25, NULL, '2019-08-28 13:21:50', '2019-08-28 13:21:50'),
(348, 81, 28, NULL, '2019-08-28 13:21:50', '2019-08-28 13:21:50'),
(349, 82, 1, NULL, '2019-08-29 03:15:02', '2019-08-29 03:15:02'),
(350, 82, 6, NULL, '2019-08-29 03:15:02', '2019-08-29 03:15:02'),
(351, 82, 10, NULL, '2019-08-29 03:15:02', '2019-08-29 03:15:02'),
(352, 82, 11, NULL, '2019-08-29 03:15:02', '2019-08-29 03:15:02'),
(353, 82, 16, NULL, '2019-08-29 03:15:02', '2019-08-29 03:15:02'),
(354, 82, 19, NULL, '2019-08-29 03:15:02', '2019-08-29 03:15:02'),
(355, 83, 1, NULL, '2019-08-30 06:31:18', '2019-08-30 06:31:18'),
(356, 83, 6, NULL, '2019-08-30 06:31:18', '2019-08-30 06:31:18'),
(357, 83, 10, NULL, '2019-08-30 06:31:18', '2019-08-30 06:31:18'),
(358, 83, 15, NULL, '2019-08-30 06:31:18', '2019-08-30 06:31:18'),
(359, 83, 16, NULL, '2019-08-30 06:31:18', '2019-08-30 06:31:18'),
(360, 83, 28, NULL, '2019-08-30 06:31:18', '2019-08-30 06:31:18'),
(361, 84, 1, NULL, '2019-09-03 02:49:21', '2019-09-03 02:49:21'),
(362, 84, 6, NULL, '2019-09-03 02:49:21', '2019-09-03 02:49:21'),
(363, 84, 10, NULL, '2019-09-03 02:49:21', '2019-09-03 02:49:21'),
(364, 84, 11, NULL, '2019-09-03 02:49:21', '2019-09-03 02:49:21'),
(365, 84, 15, NULL, '2019-09-03 02:49:21', '2019-09-03 02:49:21'),
(366, 84, 16, NULL, '2019-09-03 02:49:21', '2019-09-03 02:49:21'),
(367, 84, 17, NULL, '2019-09-03 02:49:21', '2019-09-03 02:49:21'),
(368, 85, 1, NULL, '2019-09-06 01:07:05', '2019-09-06 01:07:05'),
(369, 85, 2, NULL, '2019-09-06 01:07:05', '2019-09-06 01:07:05'),
(370, 85, 5, NULL, '2019-09-06 01:07:05', '2019-09-06 01:07:05'),
(371, 85, 9, NULL, '2019-09-06 01:07:05', '2019-09-06 01:07:05'),
(372, 85, 10, NULL, '2019-09-06 01:07:05', '2019-09-06 01:07:05'),
(373, 85, 14, 'sdfsdfs', '2019-09-06 01:07:05', '2019-09-06 01:07:05'),
(374, 85, 15, NULL, '2019-09-06 01:07:05', '2019-09-06 01:07:05'),
(375, 85, 18, NULL, '2019-09-06 01:07:05', '2019-09-06 01:07:05'),
(376, 85, 27, 'fsdfsdf', '2019-09-06 01:07:05', '2019-09-06 01:07:05'),
(377, 85, 28, NULL, '2019-09-06 01:07:05', '2019-09-06 01:07:05'),
(378, 85, 30, 'sdfsdf', '2019-09-06 01:07:05', '2019-09-06 01:07:05'),
(379, 88, 4, NULL, '2019-10-08 11:02:28', '2019-10-08 11:02:28'),
(380, 88, 6, NULL, '2019-10-08 11:02:28', '2019-10-08 11:02:28'),
(381, 88, 9, NULL, '2019-10-08 11:02:28', '2019-10-08 11:02:28'),
(382, 88, 10, NULL, '2019-10-08 11:02:28', '2019-10-08 11:02:28'),
(383, 88, 18, NULL, '2019-10-08 11:02:28', '2019-10-08 11:02:28'),
(384, 88, 26, NULL, '2019-10-08 11:02:28', '2019-10-08 11:02:28'),
(385, 88, 28, NULL, '2019-10-08 11:02:28', '2019-10-08 11:02:28'),
(392, 89, 4, NULL, '2019-10-08 12:02:55', '2019-10-08 12:02:55'),
(393, 89, 8, NULL, '2019-10-08 12:02:55', '2019-10-08 12:02:55'),
(394, 89, 10, NULL, '2019-10-08 12:02:55', '2019-10-08 12:02:55'),
(395, 89, 18, NULL, '2019-10-08 12:02:55', '2019-10-08 12:02:55'),
(396, 89, 26, NULL, '2019-10-08 12:02:55', '2019-10-08 12:02:55'),
(397, 89, 28, NULL, '2019-10-08 12:02:55', '2019-10-08 12:02:55'),
(398, 91, 1, NULL, '2020-02-04 01:42:20', '2020-02-04 01:42:20'),
(399, 91, 4, NULL, '2020-02-04 01:42:20', '2020-02-04 01:42:20'),
(400, 91, 5, NULL, '2020-02-04 01:42:20', '2020-02-04 01:42:20'),
(401, 91, 10, NULL, '2020-02-04 01:42:20', '2020-02-04 01:42:20'),
(402, 91, 12, NULL, '2020-02-04 01:42:20', '2020-02-04 01:42:20'),
(403, 91, 15, NULL, '2020-02-04 01:42:20', '2020-02-04 01:42:20'),
(404, 91, 17, NULL, '2020-02-04 01:42:20', '2020-02-04 01:42:20'),
(405, 91, 19, NULL, '2020-02-04 01:42:20', '2020-02-04 01:42:20'),
(406, 92, 4, NULL, '2020-02-11 16:15:52', '2020-02-11 16:15:52'),
(407, 92, 9, NULL, '2020-02-11 16:15:52', '2020-02-11 16:15:52'),
(408, 92, 14, NULL, '2020-02-11 16:15:52', '2020-02-11 16:15:52'),
(409, 92, 18, NULL, '2020-02-11 16:15:52', '2020-02-11 16:15:52'),
(410, 92, 28, NULL, '2020-02-11 16:15:52', '2020-02-11 16:15:52'),
(411, 94, 2, NULL, '2020-03-11 11:02:17', '2020-03-11 11:02:17'),
(412, 94, 9, NULL, '2020-03-11 11:02:17', '2020-03-11 11:02:17'),
(413, 94, 13, NULL, '2020-03-11 11:02:17', '2020-03-11 11:02:17'),
(414, 94, 15, NULL, '2020-03-11 11:02:17', '2020-03-11 11:02:17'),
(415, 94, 28, NULL, '2020-03-11 11:02:17', '2020-03-11 11:02:17'),
(416, 95, 4, NULL, '2020-03-11 11:04:11', '2020-03-11 11:04:11'),
(417, 95, 8, NULL, '2020-03-11 11:04:11', '2020-03-11 11:04:11'),
(418, 95, 14, 'Floor', '2020-03-11 11:04:11', '2020-03-11 11:04:11'),
(419, 95, 26, NULL, '2020-03-11 11:04:11', '2020-03-11 11:04:11'),
(420, 95, 28, NULL, '2020-03-11 11:04:11', '2020-03-11 11:04:11'),
(421, 96, 1, NULL, '2020-04-10 10:13:06', '2020-04-10 10:13:06'),
(422, 96, 2, NULL, '2020-04-10 10:13:06', '2020-04-10 10:13:06'),
(423, 96, 4, NULL, '2020-04-10 10:13:06', '2020-04-10 10:13:06'),
(424, 96, 5, NULL, '2020-04-10 10:13:06', '2020-04-10 10:13:06'),
(425, 96, 6, NULL, '2020-04-10 10:13:06', '2020-04-10 10:13:06'),
(426, 96, 8, NULL, '2020-04-10 10:13:06', '2020-04-10 10:13:06'),
(427, 96, 9, NULL, '2020-04-10 10:13:06', '2020-04-10 10:13:06'),
(428, 96, 10, NULL, '2020-04-10 10:13:06', '2020-04-10 10:13:06'),
(429, 96, 11, NULL, '2020-04-10 10:13:06', '2020-04-10 10:13:06'),
(430, 96, 12, NULL, '2020-04-10 10:13:06', '2020-04-10 10:13:06'),
(431, 96, 13, NULL, '2020-04-10 10:13:06', '2020-04-10 10:13:06'),
(432, 96, 14, 'fghdfghd', '2020-04-10 10:13:06', '2020-04-10 10:13:06'),
(433, 96, 15, NULL, '2020-04-10 10:13:06', '2020-04-10 10:13:06'),
(434, 96, 16, NULL, '2020-04-10 10:13:06', '2020-04-10 10:13:06'),
(435, 96, 17, NULL, '2020-04-10 10:13:06', '2020-04-10 10:13:06'),
(436, 96, 18, NULL, '2020-04-10 10:13:06', '2020-04-10 10:13:06'),
(437, 96, 19, NULL, '2020-04-10 10:13:06', '2020-04-10 10:13:06'),
(438, 96, 20, NULL, '2020-04-10 10:13:06', '2020-04-10 10:13:06'),
(439, 96, 21, NULL, '2020-04-10 10:13:06', '2020-04-10 10:13:06'),
(440, 96, 22, NULL, '2020-04-10 10:13:06', '2020-04-10 10:13:06'),
(441, 96, 23, NULL, '2020-04-10 10:13:06', '2020-04-10 10:13:06'),
(442, 96, 24, NULL, '2020-04-10 10:13:06', '2020-04-10 10:13:06'),
(443, 96, 25, NULL, '2020-04-10 10:13:06', '2020-04-10 10:13:06'),
(444, 96, 26, NULL, '2020-04-10 10:13:06', '2020-04-10 10:13:06'),
(445, 96, 27, 'web', '2020-04-10 10:13:06', '2020-04-10 10:13:06'),
(446, 96, 28, NULL, '2020-04-10 10:13:06', '2020-04-10 10:13:06'),
(447, 96, 29, NULL, '2020-04-10 10:13:06', '2020-04-10 10:13:06'),
(448, 96, 30, 'wewb', '2020-04-10 10:13:06', '2020-04-10 10:13:06'),
(449, 97, 1, NULL, '2020-04-10 11:40:52', '2020-04-10 11:40:52'),
(450, 97, 2, NULL, '2020-04-10 11:40:52', '2020-04-10 11:40:52'),
(451, 97, 4, NULL, '2020-04-10 11:40:52', '2020-04-10 11:40:52'),
(452, 97, 5, NULL, '2020-04-10 11:40:52', '2020-04-10 11:40:52'),
(453, 97, 6, NULL, '2020-04-10 11:40:52', '2020-04-10 11:40:52'),
(454, 97, 8, NULL, '2020-04-10 11:40:52', '2020-04-10 11:40:52'),
(455, 97, 9, NULL, '2020-04-10 11:40:52', '2020-04-10 11:40:52'),
(456, 97, 10, NULL, '2020-04-10 11:40:52', '2020-04-10 11:40:52'),
(457, 97, 11, NULL, '2020-04-10 11:40:52', '2020-04-10 11:40:52'),
(458, 97, 12, NULL, '2020-04-10 11:40:52', '2020-04-10 11:40:52'),
(459, 97, 13, NULL, '2020-04-10 11:40:52', '2020-04-10 11:40:52'),
(460, 97, 14, 'ANCHORAGE web', '2020-04-10 11:40:52', '2020-04-10 11:40:52'),
(461, 97, 15, NULL, '2020-04-10 11:40:52', '2020-04-10 11:40:52'),
(462, 97, 16, NULL, '2020-04-10 11:40:52', '2020-04-10 11:40:52'),
(463, 97, 17, NULL, '2020-04-10 11:40:52', '2020-04-10 11:40:52'),
(464, 97, 18, NULL, '2020-04-10 11:40:52', '2020-04-10 11:40:52'),
(465, 97, 19, NULL, '2020-04-10 11:40:52', '2020-04-10 11:40:52'),
(466, 97, 20, NULL, '2020-04-10 11:40:52', '2020-04-10 11:40:52'),
(467, 97, 21, NULL, '2020-04-10 11:40:52', '2020-04-10 11:40:52'),
(468, 97, 22, NULL, '2020-04-10 11:40:52', '2020-04-10 11:40:52'),
(469, 97, 23, NULL, '2020-04-10 11:40:52', '2020-04-10 11:40:52'),
(470, 97, 24, NULL, '2020-04-10 11:40:52', '2020-04-10 11:40:52'),
(471, 97, 25, NULL, '2020-04-10 11:40:52', '2020-04-10 11:40:52'),
(472, 97, 26, NULL, '2020-04-10 11:40:52', '2020-04-10 11:40:52'),
(473, 97, 27, 'web', '2020-04-10 11:40:52', '2020-04-10 11:40:52'),
(474, 97, 28, NULL, '2020-04-10 11:40:52', '2020-04-10 11:40:52'),
(475, 97, 29, NULL, '2020-04-10 11:40:52', '2020-04-10 11:40:52'),
(476, 97, 30, 'web', '2020-04-10 11:40:52', '2020-04-10 11:40:52'),
(477, 98, 2, NULL, '2020-04-14 07:35:21', '2020-04-14 07:35:21'),
(478, 98, 6, NULL, '2020-04-14 07:35:21', '2020-04-14 07:35:21'),
(479, 98, 10, NULL, '2020-04-14 07:35:21', '2020-04-14 07:35:21'),
(480, 98, 11, NULL, '2020-04-14 07:35:21', '2020-04-14 07:35:21'),
(481, 98, 12, NULL, '2020-04-14 07:35:21', '2020-04-14 07:35:21'),
(482, 98, 13, NULL, '2020-04-14 07:35:21', '2020-04-14 07:35:21'),
(483, 98, 15, NULL, '2020-04-14 07:35:21', '2020-04-14 07:35:21'),
(484, 98, 19, NULL, '2020-04-14 07:35:21', '2020-04-14 07:35:21'),
(485, 98, 28, NULL, '2020-04-14 07:35:21', '2020-04-14 07:35:21'),
(486, 98, 29, NULL, '2020-04-14 07:35:21', '2020-04-14 07:35:21'),
(487, 100, 1, NULL, '2020-04-20 09:46:39', '2020-04-20 09:46:39'),
(488, 100, 2, NULL, '2020-04-20 09:46:39', '2020-04-20 09:46:39'),
(489, 100, 4, NULL, '2020-04-20 09:46:39', '2020-04-20 09:46:39'),
(490, 100, 5, NULL, '2020-04-20 09:46:39', '2020-04-20 09:46:39'),
(491, 100, 6, NULL, '2020-04-20 09:46:39', '2020-04-20 09:46:39'),
(492, 100, 8, NULL, '2020-04-20 09:46:39', '2020-04-20 09:46:39'),
(493, 100, 9, NULL, '2020-04-20 09:46:39', '2020-04-20 09:46:39'),
(494, 100, 11, NULL, '2020-04-20 09:46:39', '2020-04-20 09:46:39'),
(495, 100, 15, NULL, '2020-04-20 09:46:39', '2020-04-20 09:46:39'),
(496, 100, 20, NULL, '2020-04-20 09:46:39', '2020-04-20 09:46:39'),
(497, 100, 23, NULL, '2020-04-20 09:46:39', '2020-04-20 09:46:39'),
(498, 100, 28, NULL, '2020-04-20 09:46:39', '2020-04-20 09:46:39'),
(499, 100, 29, NULL, '2020-04-20 09:46:39', '2020-04-20 09:46:39'),
(500, 101, 1, NULL, '2020-04-20 10:20:31', '2020-04-20 10:20:31'),
(501, 101, 2, NULL, '2020-04-20 10:20:31', '2020-04-20 10:20:31'),
(502, 101, 5, NULL, '2020-04-20 10:20:31', '2020-04-20 10:20:31'),
(503, 101, 9, NULL, '2020-04-20 10:20:31', '2020-04-20 10:20:31'),
(504, 101, 11, NULL, '2020-04-20 10:20:31', '2020-04-20 10:20:31'),
(505, 101, 13, NULL, '2020-04-20 10:20:31', '2020-04-20 10:20:31'),
(506, 101, 15, NULL, '2020-04-20 10:20:31', '2020-04-20 10:20:31'),
(507, 101, 18, NULL, '2020-04-20 10:20:31', '2020-04-20 10:20:31'),
(508, 101, 21, NULL, '2020-04-20 10:20:31', '2020-04-20 10:20:31'),
(509, 102, 1, NULL, '2020-04-20 10:22:40', '2020-04-20 10:22:40'),
(510, 102, 5, NULL, '2020-04-20 10:22:40', '2020-04-20 10:22:40'),
(511, 102, 6, NULL, '2020-04-20 10:22:40', '2020-04-20 10:22:40'),
(512, 102, 10, NULL, '2020-04-20 10:22:40', '2020-04-20 10:22:40'),
(513, 102, 12, NULL, '2020-04-20 10:22:40', '2020-04-20 10:22:40'),
(514, 102, 17, NULL, '2020-04-20 10:22:40', '2020-04-20 10:22:40'),
(515, 102, 28, NULL, '2020-04-20 10:22:40', '2020-04-20 10:22:40'),
(534, 104, 1, NULL, '2020-04-28 12:19:04', '2020-04-28 12:19:04'),
(535, 104, 2, NULL, '2020-04-28 12:19:04', '2020-04-28 12:19:04'),
(536, 104, 5, NULL, '2020-04-28 12:19:04', '2020-04-28 12:19:04'),
(537, 104, 6, NULL, '2020-04-28 12:19:04', '2020-04-28 12:19:04'),
(538, 104, 9, NULL, '2020-04-28 12:19:04', '2020-04-28 12:19:04'),
(539, 104, 10, NULL, '2020-04-28 12:19:04', '2020-04-28 12:19:04'),
(540, 104, 11, NULL, '2020-04-28 12:19:04', '2020-04-28 12:19:04'),
(541, 104, 15, NULL, '2020-04-28 12:19:04', '2020-04-28 12:19:04'),
(542, 104, 18, NULL, '2020-04-28 12:19:04', '2020-04-28 12:19:04'),
(543, 106, 1, NULL, '2020-04-28 12:54:47', '2020-04-28 12:54:47'),
(544, 106, 4, NULL, '2020-04-28 12:54:47', '2020-04-28 12:54:47'),
(545, 106, 5, NULL, '2020-04-28 12:54:47', '2020-04-28 12:54:47'),
(546, 106, 8, NULL, '2020-04-28 12:54:47', '2020-04-28 12:54:47'),
(547, 106, 15, NULL, '2020-04-28 12:54:47', '2020-04-28 12:54:47'),
(548, 106, 16, NULL, '2020-04-28 12:54:47', '2020-04-28 12:54:47'),
(549, 106, 17, NULL, '2020-04-28 12:54:47', '2020-04-28 12:54:47'),
(550, 106, 18, NULL, '2020-04-28 12:54:47', '2020-04-28 12:54:47'),
(551, 106, 19, NULL, '2020-04-28 12:54:47', '2020-04-28 12:54:47'),
(552, 107, 9, NULL, '2020-04-28 13:28:18', '2020-04-28 13:28:18'),
(553, 122, 1, NULL, '2020-05-20 05:43:37', '2020-05-20 05:43:37'),
(554, 122, 15, NULL, '2020-05-20 05:43:37', '2020-05-20 05:43:37'),
(555, 125, 15, NULL, '2020-05-28 07:32:55', '2020-05-28 07:32:55'),
(556, 126, 1, NULL, '2020-06-03 09:25:56', '2020-06-03 09:25:56'),
(557, 126, 5, NULL, '2020-06-03 09:25:56', '2020-06-03 09:25:56'),
(558, 126, 13, NULL, '2020-06-03 09:25:56', '2020-06-03 09:25:56'),
(559, 126, 16, NULL, '2020-06-03 09:25:56', '2020-06-03 09:25:56'),
(560, 126, 17, NULL, '2020-06-03 09:25:56', '2020-06-03 09:25:56'),
(561, 126, 18, NULL, '2020-06-03 09:25:56', '2020-06-03 09:25:56'),
(562, 127, 1, NULL, '2020-06-03 09:35:10', '2020-06-03 09:35:10'),
(563, 127, 5, NULL, '2020-06-03 09:35:10', '2020-06-03 09:35:10'),
(564, 127, 13, NULL, '2020-06-03 09:35:10', '2020-06-03 09:35:10'),
(565, 127, 16, NULL, '2020-06-03 09:35:10', '2020-06-03 09:35:10'),
(566, 127, 18, NULL, '2020-06-03 09:35:10', '2020-06-03 09:35:10'),
(567, 127, 19, NULL, '2020-06-03 09:35:10', '2020-06-03 09:35:10'),
(568, 127, 26, NULL, '2020-06-03 09:35:10', '2020-06-03 09:35:10'),
(569, 127, 28, NULL, '2020-06-03 09:35:10', '2020-06-03 09:35:10'),
(570, 135, 1, NULL, '2020-06-29 10:02:01', '2020-06-29 10:02:01'),
(571, 135, 8, NULL, '2020-06-29 10:02:01', '2020-06-29 10:02:01'),
(572, 135, 10, NULL, '2020-06-29 10:02:01', '2020-06-29 10:02:01'),
(573, 135, 19, NULL, '2020-06-29 10:02:01', '2020-06-29 10:02:01'),
(574, 136, 4, NULL, '2020-07-01 12:53:29', '2020-07-01 12:53:29'),
(575, 136, 9, NULL, '2020-07-01 12:53:29', '2020-07-01 12:53:29'),
(576, 136, 13, NULL, '2020-07-01 12:53:29', '2020-07-01 12:53:29'),
(577, 136, 20, NULL, '2020-07-01 12:53:29', '2020-07-01 12:53:29');

-- --------------------------------------------------------

--
-- Table structure for table `risk_hazard_master`
--

CREATE TABLE `risk_hazard_master` (
  `id` int(11) NOT NULL,
  `name` varchar(255) COLLATE utf8_unicode_ci NOT NULL,
  `created_at` datetime NOT NULL,
  `modified_at` datetime NOT NULL,
  `order_number` int(11) DEFAULT NULL
) ENGINE=InnoDB DEFAULT CHARSET=utf8 COLLATE=utf8_unicode_ci;

--
-- Dumping data for table `risk_hazard_master`
--

INSERT INTO `risk_hazard_master` (`id`, `name`, `created_at`, `modified_at`, `order_number`) VALUES
(1, 'Slipping/tripping', '2017-12-04 02:30:19', '2017-12-04 04:03:02', 1),
(2, 'Fall Hazards', '2017-12-04 02:30:25', '2017-12-04 04:03:22', 3),
(3, 'Abrasions/Cuts', '2017-12-04 04:05:03', '2017-12-04 04:05:03', 5),
(4, 'Pinch Points', '2017-12-04 04:05:22', '2017-12-04 04:05:22', 7),
(5, 'Eye Exposure', '2017-12-04 04:05:46', '2017-12-04 04:05:46', 9),
(6, 'Noise Exposure', '2017-12-04 04:05:58', '2017-12-04 04:05:58', 11),
(7, 'Chemical Exposure', '2017-12-04 04:06:54', '2017-12-04 04:06:54', 13),
(8, 'Heat/Cold Exposure', '2017-12-04 04:07:18', '2017-12-04 04:07:18', 15),
(9, 'Overhead Obstructions', '2017-12-04 04:25:47', '2017-12-04 04:25:47', 2),
(10, 'Excavation Hazards', '2017-12-04 04:26:16', '2017-12-04 04:26:16', 4),
(11, 'Vehicle Backing', '2017-12-04 04:26:39', '2017-12-04 04:26:39', 6),
(12, 'Site Traffic Patterns', '2017-12-04 04:27:13', '2017-12-04 04:27:13', 10),
(13, 'M.O.T', '2017-12-04 04:27:27', '2017-12-04 04:27:27', 12),
(14, 'Blasting', '2017-12-04 04:27:45', '2017-12-04 04:27:45', 14),
(15, 'Subcontractors', '2017-12-04 04:28:17', '2017-12-04 04:28:17', 16),
(16, 'Confined Space', '2018-08-20 00:00:00', '2018-08-20 00:00:00', 8);

-- --------------------------------------------------------

--
-- Table structure for table `roles`
--

CREATE TABLE `roles` (
  `id` int(11) NOT NULL,
  `role_name` varchar(255) COLLATE utf8_unicode_ci NOT NULL,
  `status` tinyint(1) NOT NULL,
  `created_at` datetime NOT NULL,
  `modified_at` datetime NOT NULL,
  `role_code` varchar(255) COLLATE utf8_unicode_ci NOT NULL,
  `assign_project` tinyint(1) DEFAULT NULL
) ENGINE=InnoDB DEFAULT CHARSET=utf8 COLLATE=utf8_unicode_ci;

--
-- Dumping data for table `roles`
--

INSERT INTO `roles` (`id`, `role_name`, `status`, `created_at`, `modified_at`, `role_code`, `assign_project`) VALUES
(1, 'ADMIN', 1, '2018-05-30 11:26:56', '2018-05-30 11:26:56', 'ADMIN', NULL),
(2, 'Management', 1, '2018-05-30 11:26:56', '2018-05-30 11:26:56', 'MANAGER', NULL),
(3, 'Superintendent', 1, '2018-05-30 11:26:56', '2018-05-30 11:26:56', 'SUPRITENDENT', 1),
(4, 'General Superintendent', 1, '2018-05-30 11:26:56', '2018-05-30 11:26:56', 'SUPER_SUPRITENDENT', 1),
(5, 'HR', 1, '2018-05-30 11:26:56', '2018-05-30 11:26:56', 'HR', NULL);

-- --------------------------------------------------------

--
-- Table structure for table `safty_check_points`
--

CREATE TABLE `safty_check_points` (
  `id` int(11) NOT NULL,
  `name` varchar(255) COLLATE utf8_unicode_ci NOT NULL,
  `order_number` int(11) DEFAULT NULL,
  `created_at` datetime NOT NULL,
  `modified_at` datetime NOT NULL
) ENGINE=InnoDB DEFAULT CHARSET=utf8 COLLATE=utf8_unicode_ci;

--
-- Dumping data for table `safty_check_points`
--

INSERT INTO `safty_check_points` (`id`, `name`, `order_number`, `created_at`, `modified_at`) VALUES
(1, 'SAFETY   ORIENTATION', NULL, '0000-00-00 00:00:00', '0000-00-00 00:00:00'),
(2, 'MINIMUM PPE', NULL, '0000-00-00 00:00:00', '0000-00-00 00:00:00'),
(3, 'EYE PROTECTION / FACE SHIELDS', NULL, '0000-00-00 00:00:00', '0000-00-00 00:00:00'),
(4, 'WORK BOOTS / STEEL TOE', NULL, '0000-00-00 00:00:00', '0000-00-00 00:00:00'),
(5, 'HOUSEKEEPING', NULL, '0000-00-00 00:00:00', '0000-00-00 00:00:00'),
(6, 'SCAFFOLD COMPLIANCE', NULL, '0000-00-00 00:00:00', '0000-00-00 00:00:00'),
(7, 'HAND TOOLS', NULL, '0000-00-00 00:00:00', '0000-00-00 00:00:00'),
(8, 'ELECTRICAL / GFCI', NULL, '0000-00-00 00:00:00', '0000-00-00 00:00:00'),
(9, 'LADDERS', NULL, '0000-00-00 00:00:00', '0000-00-00 00:00:00'),
(10, 'CRANE SAFETY', NULL, '0000-00-00 00:00:00', '0000-00-00 00:00:00'),
(11, 'RIGGING SAFETY', NULL, '0000-00-00 00:00:00', '0000-00-00 00:00:00'),
(12, 'EQUIPMENT CHECKLIST SHEETS', NULL, '0000-00-00 00:00:00', '0000-00-00 00:00:00'),
(13, 'EXCAVATION & TRENCHING', NULL, '0000-00-00 00:00:00', '0000-00-00 00:00:00'),
(14, 'LOCKOUT/TAGOUT', NULL, '0000-00-00 00:00:00', '0000-00-00 00:00:00'),
(15, 'FIRE WATCH', NULL, '0000-00-00 00:00:00', '0000-00-00 00:00:00'),
(16, 'FIRE EXTINGUISHERS', NULL, '0000-00-00 00:00:00', '0000-00-00 00:00:00'),
(17, 'WELDING/CUTTING', NULL, '0000-00-00 00:00:00', '0000-00-00 00:00:00'),
(18, 'SIGNS/WARNING/MOT', NULL, '0000-00-00 00:00:00', '0000-00-00 00:00:00'),
(19, 'DIVING OPERATIONS', NULL, '0000-00-00 00:00:00', '0000-00-00 00:00:00'),
(20, 'BARRICADES', NULL, '0000-00-00 00:00:00', '0000-00-00 00:00:00'),
(21, 'PROPER STORAGE', NULL, '0000-00-00 00:00:00', '0000-00-00 00:00:00'),
(22, 'DRINKING WATER', NULL, '0000-00-00 00:00:00', '0000-00-00 00:00:00'),
(23, 'TOILETS', NULL, '0000-00-00 00:00:00', '0000-00-00 00:00:00'),
(24, 'FLAMMABLES', NULL, '0000-00-00 00:00:00', '0000-00-00 00:00:00'),
(25, 'MANUAL LIFTING', NULL, '0000-00-00 00:00:00', '0000-00-00 00:00:00'),
(26, 'MECHANICAL LIFTING', NULL, '0000-00-00 00:00:00', '0000-00-00 00:00:00'),
(27, 'FIRST AID SUPPLIES', NULL, '0000-00-00 00:00:00', '0000-00-00 00:00:00'),
(28, 'ACCIDENTS/INCIDENTS', NULL, '0000-00-00 00:00:00', '0000-00-00 00:00:00'),
(29, 'VIOLATIONS', NULL, '0000-00-00 00:00:00', '0000-00-00 00:00:00');

-- --------------------------------------------------------

--
-- Table structure for table `site_users`
--

CREATE TABLE `site_users` (
  `id` int(11) NOT NULL,
  `user_id` int(11) NOT NULL,
  `site_id` int(11) NOT NULL,
  `created_at` datetime NOT NULL,
  `modified_at` datetime NOT NULL,
  `status` int(11) NOT NULL
) ENGINE=InnoDB DEFAULT CHARSET=utf8 COLLATE=utf8_unicode_ci;

--
-- Dumping data for table `site_users`
--

INSERT INTO `site_users` (`id`, `user_id`, `site_id`, `created_at`, `modified_at`, `status`) VALUES
(1, 181, 1, '2018-11-26 00:57:19', '2018-11-26 00:57:19', 1),
(2, 183, 2, '2018-11-26 08:40:52', '2018-11-26 08:40:52', 1),
(3, 181, 2, '2018-11-30 05:29:35', '2018-12-03 01:16:25', 0),
(14, 193, 2, '2018-12-03 06:48:08', '2018-12-03 06:49:52', 0),
(15, 193, 1, '2018-12-03 06:48:17', '2018-12-03 06:48:17', 1),
(17, 181, 2, '2018-12-04 23:26:29', '2018-12-05 04:52:09', 0),
(18, 181, 2, '2018-12-05 05:56:51', '2018-12-05 05:57:45', 0),
(20, 183, 1, '2018-12-28 05:09:22', '2019-01-09 10:14:01', 0),
(21, 197, 3, '2019-01-18 02:12:17', '2019-01-18 02:12:17', 1),
(22, 197, 4, '2019-01-18 02:12:53', '2019-01-18 02:12:53', 1),
(23, 202, 5, '2019-02-18 13:15:21', '2019-02-18 13:15:21', 1),
(24, 202, 6, '2019-03-26 10:56:14', '2019-04-18 14:18:23', 0),
(25, 197, 2, '2019-03-28 00:35:09', '2019-03-28 00:35:09', 1),
(26, 215, 1, '2019-04-01 08:49:03', '2020-05-04 09:08:52', 0),
(27, 202, 10, '2019-04-17 13:16:26', '2019-04-18 14:18:24', 0),
(28, 183, 6, '2019-04-18 14:18:48', '2019-06-28 07:46:24', 0),
(29, 221, 10, '2019-04-26 10:05:19', '2019-05-06 10:07:48', 0),
(30, 221, 6, '2019-04-26 10:13:00', '2019-05-06 10:07:47', 0),
(31, 221, 5, '2019-04-26 11:26:51', '2019-04-26 11:26:51', 1),
(32, 221, 6, '2019-05-06 13:08:44', '2019-06-03 09:32:19', 0),
(33, 197, 9, '2019-05-17 08:10:57', '2019-05-17 08:10:57', 1),
(34, 221, 6, '2019-06-03 09:33:11', '2019-08-07 10:26:23', 0),
(35, 211, 4, '2019-06-20 02:36:02', '2019-06-20 02:36:02', 1),
(36, 211, 9, '2019-06-20 02:36:17', '2019-06-20 02:36:17', 1),
(37, 211, 8, '2019-06-20 02:36:35', '2019-06-20 02:36:35', 1),
(38, 211, 3, '2019-06-20 02:36:52', '2019-06-20 02:36:52', 1),
(39, 197, 8, '2019-06-20 09:00:44', '2020-05-06 08:46:44', 0),
(40, 183, 10, '2019-06-27 15:14:02', '2019-06-28 07:46:25', 0),
(41, 221, 10, '2019-07-06 11:38:11', '2019-08-07 10:26:24', 0),
(42, 221, 11, '2019-08-07 10:24:40', '2020-02-04 08:57:35', 0),
(43, 183, 6, '2019-08-12 13:08:46', '2019-08-12 13:18:08', 0),
(44, 221, 6, '2019-08-27 10:39:30', '2019-08-28 14:09:55', 0),
(45, 221, 6, '2019-09-06 10:35:15', '2019-09-06 15:12:15', 0),
(46, 221, 10, '2019-09-06 14:19:41', '2019-09-06 15:12:16', 0),
(47, 221, 6, '2019-09-26 08:27:12', '2020-02-06 08:21:16', 0),
(48, 221, 2, '2020-01-23 15:26:14', '2020-01-23 15:48:33', 0),
(49, 221, 15, '2020-03-06 16:36:24', '2020-05-11 09:01:19', 0),
(50, 221, 2, '2020-03-09 14:24:44', '2020-05-11 09:01:44', 0),
(51, 268, 15, '2020-03-09 14:39:54', '2020-03-09 14:39:54', 1),
(52, 268, 6, '2020-03-11 09:21:55', '2020-05-11 09:00:28', 0),
(53, 268, 10, '2020-03-11 09:22:05', '2020-05-11 09:00:31', 0),
(54, 213, 6, '2020-03-17 08:24:04', '2020-03-17 08:24:04', 1),
(55, 270, 16, '2020-04-15 02:03:18', '2020-07-15 06:28:41', 0),
(56, 210, 16, '2020-04-24 11:49:08', '2020-04-24 11:49:24', 0),
(57, 215, 2, '2020-05-04 09:09:09', '2020-05-04 09:09:09', 1),
(58, 270, 8, '2020-05-06 08:46:53', '2020-05-13 08:32:22', 0),
(59, 215, 6, '2020-05-06 11:50:10', '2020-06-23 04:55:40', 0),
(60, 215, 10, '2020-05-07 15:12:22', '2020-06-23 04:55:37', 0),
(61, 270, 18, '2020-05-11 11:19:53', '2020-07-15 06:28:43', 0),
(62, 270, 17, '2020-05-11 11:20:39', '2020-07-15 06:28:46', 0),
(63, 270, 19, '2020-05-13 08:25:50', '2020-05-13 08:25:50', 1),
(64, 197, 16, '2020-05-13 09:15:28', '2020-05-13 09:15:28', 1),
(65, 197, 18, '2020-05-13 09:15:43', '2020-05-13 09:15:43', 1),
(66, 197, 17, '2020-05-13 09:16:07', '2020-05-13 09:16:07', 1),
(67, 197, 19, '2020-05-13 09:16:27', '2020-05-13 09:16:27', 1),
(68, 221, 7, '2020-06-02 11:41:12', '2020-06-02 11:41:12', 1),
(69, 270, 8, '2020-06-10 04:44:46', '2020-06-10 04:44:46', 1),
(70, 270, 4, '2020-06-10 07:04:43', '2020-06-10 07:04:43', 1),
(71, 183, 5, '2020-07-28 21:26:17', '2020-07-28 21:26:17', 1),
(72, 221, 10, '2020-09-09 11:14:53', '2020-09-09 11:14:53', 1);

-- --------------------------------------------------------

--
